000
CXUS53 KTOP 011414
CLMCNK


CLIMATE REPORT
NATIONAL WEATHER SERVICE TOPEKA KS
913 AM CDT SAT APR 1 2017

...................................

...THE CONCORDIA KS CLIMATE SUMMARY FOR THE MONTH OF MARCH 2017...

CLIMATE NORMAL PERIOD 1981 TO 2010
CLIMATE RECORD PERIOD 1885 TO 2017

WEATHER         OBSERVED          NORMAL  DEPART  LAST YEAR`S
                 VALUE   DATE(S)  VALUE   FROM    VALUE
                                          NORMAL
.............................................................
TEMPERATURE (F)
RECORD
 HIGH              97   03/21/1907
 LOW              -11   03/11/1948
HIGHEST            89   03/19        59      30       78
LOWEST             20   03/13        26      -6       22
AVG. MAXIMUM     57.9              54.6     3.3     62.6
AVG. MINIMUM     35.1              31.4     3.7     35.5
MEAN             46.5              43.0     3.5     49.1
DAYS MAX >= 90      0               0.0     0.0        0
DAYS MAX <= 32      0               1.6    -1.6        0
DAYS MIN <= 32     12              16.7    -4.7       14
DAYS MIN <= 0       0               0.1    -0.1        0

PRECIPITATION (INCHES)
RECORD
 MAXIMUM         8.32   1987
 MINIMUM         0.00   1920
                        1910
TOTALS           3.19              2.01    1.18     0.45
DAILY AVG.       0.10              0.06    0.04     0.01
DAYS >= .01         7               7.4    -0.4        5
DAYS >= .10         5               3.9     1.1        1
DAYS >= .50         2               1.3     0.7        0
DAYS >= 1.00        1               0.5     0.5        0
GREATEST
 24 HR. TOTAL    1.53   03/29 TO 03/29              0.25

SNOWFALL (INCHES)
RECORDS
 TOTAL           22.7   1960
TOTALS            0.8               2.8    -2.0        T
SINCE 7/1         4.3              19.7   -15.4     13.6
SNOWDEPTH AVG.      0                                  0
DAYS >= 1.0         0               0.8    -0.8        0
GREATEST
 SNOW DEPTH         0   MM                            -1
 24 HR TOTAL      0.8   MM                             T

DEGREE_DAYS
HEATING TOTAL     569               684    -115      488
 SINCE 7/1       4070              4891    -821     3959
COOLING TOTAL       4                 1       3        3
 SINCE 1/1          4                 1       3        3
..............................................................

WIND (MPH)
AVERAGE WIND SPEED              12.9
HIGHEST WIND SPEED/DIRECTION    41/300    DATE  03/06
HIGHEST GUST SPEED/DIRECTION    56/290    DATE  03/06

SKY COVER
POSSIBLE SUNSHINE (PERCENT)   MM
AVERAGE SKY COVER           0.40
NUMBER OF DAYS FAIR           15
NUMBER OF DAYS PC              6
NUMBER OF DAYS CLOUDY         10

AVERAGE RH (PERCENT)     63

WEATHER CONDITIONS. NUMBER OF DAYS WITH
THUNDERSTORM              1     MIXED PRECIP               0
HEAVY RAIN                2     RAIN                       4
LIGHT RAIN                6     FREEZING RAIN              0
LT FREEZING RAIN          0     HEAVY SNOW                 0
SNOW                      1     LIGHT SNOW                 1
FOG                      10     FOG W/VIS <= 1/4 MILE      0
HAZE                      1

-  INDICATES NEGATIVE NUMBERS.
R  INDICATES RECORD WAS SET OR TIED.
MM INDICATES DATA IS MISSING.
T  INDICATES TRACE AMOUNT.

$$
