727
CXUS52 KILM 080035
CLMCRE


CLIMATE REPORT
NATIONAL WEATHER SERVICE WILMINGTON NC
833 PM EDT SAT OCT 7 2017

...................................

...THE NORTH MYRTLE BEACH SC CLIMATE SUMMARY FOR THE MONTH OF SEPTEMBER 2017...

CLIMATE NORMAL PERIOD 1981 TO 2010
CLIMATE RECORD PERIOD 1949 TO 2017

WEATHER         OBSERVED          NORMAL  DEPART  LAST YEAR`S
                 VALUE   DATE(S)  VALUE   FROM    VALUE  DATE(S)
                                          NORMAL
................................................................
TEMPERATURE (F)
RECORD
 HIGH              95   09/03/2010
 LOW               46   09/26/1950
HIGHEST            91   09/27                         92  09/07
LOWEST             59   09/08                         61  09/05
AVG. MAXIMUM     84.3              83.4     0.9     84.6
AVG. MINIMUM     68.5              66.9     1.6     70.2
MEAN             76.4              75.1     1.3     77.4
DAYS MAX >= 90      1               1.3    -0.3        1
DAYS MAX <= 32      0               0.0     0.0        0
DAYS MIN <= 32      0               0.0     0.0        0
DAYS MIN <= 0       0               0.0     0.0        0

PRECIPITATION (INCHES)
TOTALS           4.28              6.28   -2.00    18.37
DAILY AVG.       0.14              0.21   -0.07     0.61
DAYS >= .01         7                                 11
DAYS >= .10         4                                  9
DAYS >= .50         3                                  8
DAYS >= 1.00        2                                  4
GREATEST
 24 HR. TOTAL    2.51   08/31 TO 09/01

DEGREE_DAYS
HEATING TOTAL       0                 4      -4        0
COOLING TOTAL     350               308      42      378
...................................................

WIND (MPH)
AVERAGE WIND SPEED              7.8
RESULTANT WIND SPEED/DIRECTION   2/043
HIGHEST WIND SPEED/DIRECTION    31/080    DATE  09/11
HIGHEST GUST SPEED/DIRECTION    49/090    DATE  09/11

SKY COVER
POSSIBLE SUNSHINE (PERCENT)   MM
AVERAGE SKY COVER           0.20
NUMBER OF DAYS FAIR           22
NUMBER OF DAYS PC              7
NUMBER OF DAYS CLOUDY          1

AVERAGE RH (PERCENT)     76

WEATHER CONDITIONS. NUMBER OF DAYS WITH
THUNDERSTORM              5     MIXED PRECIP              MM
HEAVY RAIN                4     RAIN                       5
LIGHT RAIN                8     FREEZING RAIN              0
LT FREEZING RAIN          0     HAIL                      MM
HEAVY SNOW                0     SNOW                       0
LIGHT SNOW                0     SLEET                     MM
FOG                      15     FOG W/VIS <= 1/4 MILE      2
HAZE                      1

-  INDICATES NEGATIVE NUMBERS.
R  INDICATES RECORD WAS SET OR TIED.
MM INDICATES DATA IS MISSING.
T  INDICATES TRACE AMOUNT.

$$
