000
CXUS54 KCRP 011613
CLMCRP

CLIMATE REPORT
NATIONAL WEATHER SERVICE CORPUS CHRISTI TX
1045 AM CDT SAT APR 1 2017

...................................

...THE CORPUS CHRISTI CLIMATE SUMMARY FOR THE MONTH OF MARCH 2017...

CLIMATE NORMAL PERIOD 1981 TO 2010
CLIMATE RECORD PERIOD 1887 TO 2017

WEATHER         OBSERVED          NORMAL  DEPART  LAST YEAR`S
                 VALUE   DATE(S)  VALUE   FROM    VALUE  DATE(S)
                                          NORMAL
................................................................
TEMPERATURE (F)
RECORD
 HIGH             102   03/30/1989
 LOW               24   03/02/1980
HIGHEST            89   03/31        76      13       93  03/31
LOWEST             49   03/14        56      -7       48  03/21
AVG. MAXIMUM     78.9              75.9     3.0     78.4
AVG. MINIMUM     62.7              56.3     6.4     62.7
MEAN             70.8              66.1     4.7     70.5
DAYS MAX >= 90      0               0.7    -0.7        1
DAYS MAX <= 32      0               0.0     0.0        0
DAYS MIN <= 32      0               0.2    -0.2        0
DAYS MIN <= 0       0               0.0     0.0        0

PRECIPITATION (INCHES)
RECORD
 MAXIMUM         7.69   1903
 MINIMUM         0.00   1916
TOTALS           4.99              1.89    3.10     6.54
DAILY AVG.       0.16              0.06    0.10     0.21
DAYS >= .01        12               5.3     6.7        7
DAYS >= .10         6               2.7     3.3        3
DAYS >= .50         3               1.1     1.9        3
DAYS >= 1.00        3               0.6     2.4        1
GREATEST
 24 HR. TOTAL    1.84   03/10 TO 03/10              5.15

SNOWFALL (INCHES)
RECORDS
 TOTAL            0.2   1932
 24 HR TOTAL      0.2   03/10/1932 TO 03/10/1932
TOTALS            0.0               0.0     0.0      0.0
SINCE 7/1         0.0               0.2    -0.2      0.0
SNOWDEPTH AVG.      0                MM      MM        0
DAYS >= 1.0         0               0.0     0.0        0
GREATEST
 SNOW DEPTH         0   MM                             0
 24 HR TOTAL      0.0   MM                           0.0

DEGREE_DAYS
HEATING TOTAL      16                81     -65       21
 SINCE 7/1        368               881    -513      640
COOLING TOTAL     203               115      88      200
 SINCE 1/1        472               191     281      277
.................................................................

WIND (MPH)
AVERAGE WIND SPEED              14.3
HIGHEST WIND SPEED/DIRECTION    38/150    DATE  03/24
HIGHEST GUST SPEED/DIRECTION    46/140    DATE  03/26

SKY COVER
AVERAGE SKY COVER           0.60

AVERAGE RH (PERCENT)     78

WEATHER CONDITIONS. NUMBER OF DAYS WITH
THUNDERSTORM              5     MIXED PRECIP               0
HEAVY RAIN                3     RAIN                       7
LIGHT RAIN               14     FREEZING RAIN              0
LT FREEZING RAIN          0     HAIL                       0
HEAVY SNOW                0     SNOW                       0
LIGHT SNOW                0     SLEET                      0
FOG                      17     FOG W/VIS <= 1/4 MILE      1
HAZE                      2

-  INDICATES NEGATIVE NUMBERS.
R  INDICATES RECORD WAS SET OR TIED.
MM INDICATES DATA IS MISSING.
T  INDICATES TRACE AMOUNT.

$$

92
