000
CXUS42 KFFC 031517
CLMCSG


CLIMATE REPORT
NATIONAL WEATHER SERVICE PEACHTREE CITY GA
1116 AM EDT MON AUG 3 2015

...................................

...THE COLUMBUS CLIMATE SUMMARY FOR THE MONTH OF JULY 2015...

CLIMATE NORMAL PERIOD 1981 TO 2010
CLIMATE RECORD PERIOD 1948 TO 2015

WEATHER         OBSERVED          NORMAL  DEPART  LAST YEAR`S
                 VALUE   DATE(S)  VALUE   FROM    VALUE  DATE(S)
                                          NORMAL
................................................................
TEMPERATURE (F)
RECORD
 HIGH             105   07/01/2012
 LOW               59   07/15/1967
                        07/01/1958
                        07/02/1950
HIGHEST           100   07/29        MM      MM       96  07/28
LOWEST             68   07/04        MM      MM       63  07/30
                        07/02
AVG. MAXIMUM     94.4              92.2     2.2     89.9
AVG. MINIMUM     73.1              72.9     0.2     70.8
MEAN             83.7              82.5     1.2     80.3
DAYS MAX >= 90     26              22.5     3.5       17
DAYS MAX <= 32      0               0.0     0.0        0
DAYS MIN <= 32      0               0.0     0.0        0
DAYS MIN <= 0       0               0.0     0.0        0

PRECIPITATION (INCHES)
RECORD
 MAXIMUM        13.24   1971
 MINIMUM         1.74   1957
TOTALS           2.24              4.76   -2.52     4.49
DAILY AVG.       0.07              0.15   -0.08     0.14
DAYS >= .01        14              11.7     2.3        9
DAYS >= .10         8               7.7     0.3        6
DAYS >= .50         1               3.3    -2.3        4
DAYS >= 1.00        0               1.1    -1.1        2
GREATEST
 24 HR. TOTAL    0.82   07/03 TO 07/04           07/22 TO 07/22
                                                          07/21 TO 07/22
                                                          07/22 TO 07/22

DEGREE_DAYS
HEATING TOTAL       0                 0       0        0
 SINCE 7/1          0                 0       0        0
COOLING TOTAL     589               544      45      482
 SINCE 1/1       1507              1348     159     1277
...................................................

WIND (MPH)
AVERAGE WIND SPEED              4.9
HIGHEST WIND SPEED/DIRECTION    35/300    DATE  07/03
HIGHEST GUST SPEED/DIRECTION    48/290    DATE  07/03

SKY COVER
POSSIBLE SUNSHINE (PERCENT)   MM
AVERAGE SKY COVER           0.20
NUMBER OF DAYS FAIR           26
NUMBER OF DAYS PC              5
NUMBER OF DAYS CLOUDY          0

AVERAGE RH (PERCENT)     67

WEATHER CONDITIONS. NUMBER OF DAYS WITH
THUNDERSTORM              0     MIXED PRECIP               0
HEAVY RAIN                7     RAIN                       2
LIGHT RAIN               16     FREEZING RAIN              0
LT FREEZING RAIN          0     HAIL                       0
HEAVY SNOW                0     SNOW                       0
LIGHT SNOW                0     SLEET                      0
FOG                       8     FOG W/VIS <= 1/4 MILE      0
HAZE                      3

-  INDICATES NEGATIVE NUMBERS.
R  INDICATES RECORD WAS SET OR TIED.
MM INDICATES DATA IS MISSING.
T  INDICATES TRACE AMOUNT.

$$
