000
CXUS52 KCHS 011527
CLMCXM

CLIMATE REPORT
NATIONAL WEATHER SERVICE CHARLESTON SC
1052 AM EDT WED JUL 1 2015

...................................

...THE DOWNTOWN CHARLESTON SC CLIMATE SUMMARY FOR THE MONTH OF JUNE 2015...

CLIMATE NORMAL PERIOD 1981 TO 2010
CLIMATE RECORD PERIOD 1870 TO 2015

WEATHER         OBSERVED          NORMAL  DEPART  LAST YEAR`S
                 VALUE   DATE(S)  VALUE   FROM    VALUE  DATE(S)
                                          NORMAL
................................................................
TEMPERATURE (F)
RECORD
 HIGH             104   06/02/1985
                        06/24/1944
 LOW               52   06/11/1913
HIGHEST            95   06/17                         92  06/26
LOWEST             68   06/05                         67  06/02
                        06/03
AVG. MAXIMUM     87.3              84.5     2.8     85.7
AVG. MINIMUM     75.9              74.0     1.9     75.4
MEAN             81.6              79.3     2.3     80.5
DAYS MAX >= 90      9               5.3     3.7        5
DAYS MAX <= 32      0               0.0     0.0        0
DAYS MIN <= 32      0               0.0     0.0        0
DAYS MIN <= 0       0               0.0     0.0        0

PRECIPITATION (INCHES)
RECORD
 MAXIMUM        19.24   1973
 MINIMUM         0.27   1918
TOTALS           5.42              4.65    0.77     1.50
DAYS >= .01         8              10.0    -2.0        7
DAYS >= .10         5               6.3    -1.3        5
DAYS >= .50         4               2.8     1.2        0
DAYS >= 1.00        4               1.4     2.6        0
GREATEST
 24 HR. TOTAL    1.47   06/03

DEGREE_DAYS
COOLING TOTAL     504               428      76      473
 SINCE 1/1        937               786     151      896
.................................................................

WIND (MPH)
AVERAGE WIND SPEED              6.9
HIGHEST WIND SPEED/DIRECTION    22/190
HIGHEST GUST SPEED/DIRECTION    36/190



-  INDICATES NEGATIVE NUMBERS.
R  INDICATES RECORD WAS SET OR TIED.
MM INDICATES DATA IS MISSING.
T  INDICATES TRACE AMOUNT.

&&

RECORDS ESTABLISHED DURING THE MONTH:

*JUN 3  - RECORD RAINFAILL OF 1.47 INCHES
*JUN 19 - RECORD HIGH MINIMUM TEMPERATURE OF 81 DEGREES
*JUN 20 - RECORD HIGH MINIMUM TEMPERATURE OF 82 DEGREES
*JUN 21 - RECORD HIGH MINIMUM TEMPERATURE OF 82 DEGREES
*JUN 22 - RECORD HIGH MINIMUM TEMPERATURE OF 82 DEGREES

$$
