000
CXUS56 KSGX 012031
CLMCZZ


CLIMATE REPORT
NATIONAL WEATHER SERVICE SAN DIEGO, CA
131 PM PDT MON MAY 1 2017

...................................

...THE CAMPO ASOS CA CLIMATE SUMMARY FOR THE MONTH OF APRIL 2017...

CLIMATE NORMAL PERIOD 1981 TO 2010
CLIMATE RECORD PERIOD 1948 TO 2017

WEATHER         OBSERVED          NORMAL  DEPART  LAST YEAR`S
                 VALUE   DATE(S)  VALUE   FROM    VALUE  DATE(S)
                                          NORMAL
................................................................
TEMPERATURE (F)
RECORD
 HIGH              99   04/07/1989
 LOW               20   04/09/1953
HIGHEST            90   04/22        72      18       84  04/19
LOWEST             30   04/09        37      -7       31  04/27
                                                          04/26
                                                          04/01
AVG. MAXIMUM     75.1              72.4     2.7     71.1
AVG. MINIMUM     36.6              37.8    -1.2     39.3
MEAN             55.9              55.1     0.8     55.2
DAYS MAX >= 90      1               1.0     0.0        0
DAYS MAX <= 32      0               0.0     0.0        0
DAYS MAX >= 100     0                                  0
DAYS MIN <= 32      7               4.6     2.4        3
DAYS MIN <= 0       0               0.0     0.0        0

PRECIPITATION (INCHES)
RECORD
 MAXIMUM         6.03   1965
 MINIMUM         0.00   2000
TOTALS           0.00R             0.96   -0.96     1.71
DAILY AVG.       0.00              0.03   -0.03     0.06
DAYS >= .01         0               4.5    -4.5        6
DAYS >= .10         0               2.5    -2.5        4
DAYS >= .50         0               0.6    -0.6        1
DAYS >= 1.00        0               0.1    -0.1        1
DAYS >= 1.50        0                                  0
DAYS >= 2.00        0                                  0
GREATEST
 24 HR. TOTAL    0.00   04/30 TO 04/30           04/10 TO 04/11
                        04/29 TO 04/29                    04/29 TO 04/29
                        04/28 TO 04/28                    04/29 TO 04/29
 STORM TOTAL       MM                                 MM
 (MM/DD(HH))            MM                    04/11(00) TO 04/11(00)
                                                 04/29(00) TO 04/29(00)9
                                                 04/29(00) TO 04/29(00)9

DEGREE_DAYS
HEATING TOTAL     269               300     -31      287
 SINCE 7/1       2488              2768    -280     2557
COOLING TOTAL       2                 3      -1        0
 SINCE 1/1          2                 3      -1        0

FREEZE DATES
RECORD
 EARLIEST     08/25/1978
 LATEST       06/23/1991
EARLIEST                        10/16
LATEST                          05/19
..........................................................

WIND (MPH)
AVERAGE WIND SPEED              8.2
RESULTANT WIND SPEED/DIRECTION   1/270
HIGHEST WIND SPEED/DIRECTION    35/050    DATE  04/29
HIGHEST GUST SPEED/DIRECTION    44/050    DATE  04/29

AVERAGE RH (PERCENT)     57


-  INDICATES NEGATIVE NUMBERS.
R  INDICATES RECORD WAS SET OR TIED.
MM INDICATES DATA IS MISSING.
T  INDICATES TRACE AMOUNT.

$$
