000
CXUS56 KSGX 012255
CLMCZZ


CLIMATE REPORT
NATIONAL WEATHER SERVICE SAN DIEGO, CA
355 PM PDT WED NOV 1 2017

...................................

...THE CAMPO ASOS CA CLIMATE SUMMARY FOR THE MONTH OF OCTOBER 2017...

CLIMATE NORMAL PERIOD 1981 TO 2010
CLIMATE RECORD PERIOD 1948 TO 2017

WEATHER         OBSERVED          NORMAL  DEPART  LAST YEAR`S
                 VALUE   DATE(S)  VALUE   FROM    VALUE  DATE(S)
                                          NORMAL
................................................................
TEMPERATURE (F)
RECORD
 HIGH             103   10/03/1980
 LOW               22   10/29/1971
HIGHEST            94   10/07        79      15       91  10/21
                                                          10/09
LOWEST             36   10/12        42      -6       33  10/03
AVG. MAXIMUM     82.4              79.4     3.0     80.3
AVG. MINIMUM     44.6              42.1     2.5     44.7
MEAN             63.5              60.7     2.8     62.5
DAYS MAX >= 90      7               4.3     2.7        2
DAYS MAX <= 32      0               0.0     0.0        0
DAYS MAX >= 100     0                                  0
DAYS MIN <= 32      0               1.5    -1.5        0
DAYS MIN <= 0       0               0.0     0.0        0

PRECIPITATION (INCHES)
RECORD
 MAXIMUM         3.13   1987
 MINIMUM         0.00   2014
                        2003
                        2001
TOTALS           0.00R             0.82   -0.82     0.06
DAILY AVG.       0.00              0.03   -0.03     0.00
DAYS >= .01         0               2.7    -2.7        2
DAYS >= .10         0               1.3    -1.3        0
DAYS >= .50         0               0.5    -0.5        0
DAYS >= 1.00        0               0.2    -0.2        0
DAYS >= 1.50        0                                  0
DAYS >= 2.00        0                                  0
GREATEST
 24 HR. TOTAL    0.00   10/31 TO 10/31           10/24 TO 10/24
                                                          10/31 TO 10/31
                                                          10/31 TO 10/31
 STORM TOTAL       MM                                 MM
 (MM/DD(HH))            MM                    10/24(00) TO 10/24(00)
                                                 10/31(00) TO 10/31(00)1
                                                 10/31(00) TO 10/31(00)1

DEGREE_DAYS
HEATING TOTAL     104               160     -56       98
 SINCE 7/1        178               210     -32      135
COOLING TOTAL      66                28      38       28
 SINCE 1/1       1079               839     240      951

FREEZE DATES
RECORD
 EARLIEST     08/25/1978
 LATEST       06/23/1991
EARLIEST                        10/16
LATEST                          05/19
..................................................

WIND (MPH)
AVERAGE WIND SPEED              8.7
RESULTANT WIND SPEED/DIRECTION   3/067
HIGHEST WIND SPEED/DIRECTION    39/070    DATE  10/09
HIGHEST GUST SPEED/DIRECTION    51/060    DATE  10/09

AVERAGE RH (PERCENT)     42


-  INDICATES NEGATIVE NUMBERS.
R  INDICATES RECORD WAS SET OR TIED.
MM INDICATES DATA IS MISSING.
T  INDICATES TRACE AMOUNT.

$$
