000
CXUS53 KUNR 011615
CLMD07


CLIMATE REPORT
NATIONAL WEATHER SERVICE RAPID CITY SD
915 AM MST MON JAN 1 2018

...................................

...THE FAITH SD CLIMATE SUMMARY FOR THE MONTH OF DECEMBER 2017...

CLIMATE NORMAL PERIOD 1981 TO 2010
CLIMATE RECORD PERIOD 9999 TO 9999

WEATHER         OBSERVED          NORMAL  DEPART  LAST YEAR`S
                 VALUE   DATE(S)  VALUE   FROM    VALUE  DATE(S)
                                          NORMAL
................................................................
TEMPERATURE (F)
HIGHEST            59   12/12                         39  12/04
LOWEST            -25R  12/31                        -23  12/18
AVG. MAXIMUM     31.4              30.7     0.7     19.7
AVG. MINIMUM     11.8              11.5     0.3      3.9
MEAN             21.6              21.1     0.5     11.8
DAYS MAX >= 90      0                                  0
DAYS MAX <= 32     12                                 24
DAYS MIN <= 32     30                                 28
DAYS MIN <= 0       6                                 12

PRECIPITATION (INCHES)
TOTALS           0.61              0.40    0.21     0.44
DAILY AVG.       0.02              0.01    0.01     0.02
DAYS >= .01         6                                  4
DAYS >= .10         3                                  3
DAYS >= .50         0                                  0
DAYS >= 1.00        0                                  0
GREATEST
 24 HR. TOTAL    0.21   12/29 TO 12/29              0.19

DEGREE_DAYS
HEATING TOTAL    1336              1360     -24     1482
 SINCE 7/1       2959              3143    -184     2733
COOLING TOTAL       0                 0       0        0
 SINCE 1/1        756               635     121      734
.................................................................

WIND (MPH)
AVERAGE WIND SPEED              14.3
HIGHEST WIND SPEED/DIRECTION    45/300    DATE  12/12
HIGHEST GUST SPEED/DIRECTION    58/300    DATE  12/05

AVERAGE RH (PERCENT)     68


-  INDICATES NEGATIVE NUMBERS.
R  INDICATES RECORD WAS SET OR TIED.
MM INDICATES DATA IS MISSING.
T  INDICATES TRACE AMOUNT.

$$
