000
CXUS52 KMLB 011926
CLMDAB


CLIMATE REPORT
NATIONAL WEATHER SERVICE MELBOURNE FL
216 PM EDT SUN OCT 1 2017

...................................

...THE DAYTONA BEACH CLIMATE SUMMARY FOR THE MONTH OF SEPTEMBER 2017...

CLIMATE NORMAL PERIOD 1981 TO 2010
CLIMATE RECORD PERIOD 1923 TO 2017

WEATHER         OBSERVED          NORMAL  DEPART  LAST YEAR`S
                 VALUE   DATE(S)  VALUE   FROM    VALUE
                                          NORMAL
.............................................................
TEMPERATURE (F)
MONTHLY RECORD
 HOTTEST         82.4   1970
 COLDEST         76.0   1967
DAILY RECORD
 HIGH              99   09/05/1944
 LOW               52   09/27/1956
SEPTEMBER 2017
HIGHEST            95   09/01                         91
LOWEST             71   09/19                         66
                        09/13
AVG. MAXIMUM     87.8              86.9     0.9     88.5
AVG. MINIMUM     73.9              72.2     1.7     73.1
MEAN             80.8              79.5     1.3     80.8
DAYS MAX >= 90      6               4.4     1.6        9
DAYS MAX <= 32      0               0.0     0.0        0
DAYS MIN <= 32      0               0.0     0.0        0
DAYS MIN <= 0       0               0.0     0.0        0

PRECIPITATION (INCHES)
MONTHLY RECORD
 MAXIMUM        18.15   2014
 MINIMUM         0.42   1972
DAILY RECORD
 MAXIMUM         9.02   09/05/2004
SEPTEMBER 2017
TOTALS           9.68              6.96    2.72     8.24
DAYS >= .01        11              13.5    -2.5       17
DAYS >= .10         8               8.8    -0.8       13
DAYS >= .50         6               4.1     1.9        7
DAYS >= 1.00        3               2.3     0.7        1
GREATEST
 24 HR. TOTAL    4.10   09/10 TO 09/10

SNOWFALL (INCHES)
TOTALS            0.0               0.0     0.0      0.0
SINCE 7/1         0.0               0.0     0.0      0.0
DAYS >= TRACE       0                                  0

DEGREE_DAYS
HEATING TOTAL       0                 0       0        0
 SINCE 7/1          0                 0       0        0
COOLING TOTAL     482               436      46      480
 SINCE 1/1       2909              2510     399     2945
..............................................................

WIND (MPH)
AVERAGE WIND SPEED              7.8
HIGHEST WIND SPEED/DIRECTION    54/060    DATE  09/10
HIGHEST GUST SPEED/DIRECTION    78/050    DATE  09/10

SKY COVER
POSSIBLE SUNSHINE (PERCENT)   MM
AVERAGE SKY COVER           0.50
NUMBER OF DAYS FAIR            9
NUMBER OF DAYS PC             15
NUMBER OF DAYS CLOUDY          6

AVERAGE RH (PERCENT)     79

WEATHER CONDITIONS. NUMBER OF DAYS WITH
THUNDERSTORM             10     MIXED PRECIP               0
HEAVY RAIN                7     RAIN                       8
LIGHT RAIN               15     LT FREEZING RAIN           0
HAIL                      0     LIGHT SNOW                 0
SLEET                     0     FOG                       18
FOG W/VIS <= 1/4 MILE     0     HAZE                       2

-  INDICATES NEGATIVE NUMBERS.
R  INDICATES RECORD WAS SET OR TIED.
MM INDICATES DATA IS MISSING.
T  INDICATES TRACE AMOUNT.

$$
