000
CXUS51 KRNK 011251
CLMDAN


CLIMATE REPORT
NATIONAL WEATHER SERVICE BLACKSBURG VA
833 AM EDT MON JUN 1 2015

...................................

...THE DANVILLE VA CLIMATE SUMMARY FOR THE MONTH OF MAY 2015...

CLIMATE NORMAL PERIOD 1981 TO 2010
CLIMATE RECORD PERIOD 1948 TO 2015

WEATHER         OBSERVED          NORMAL  DEPART  LAST YEAR`S
                 VALUE   DATE(S)  VALUE   FROM    VALUE
                                          NORMAL
.............................................................
TEMPERATURE (F)
RECORD
 HIGH              98   05/27/1965
 LOW               29   05/09/1976
HIGHEST            89   05/31                         90
                        05/29
                        05/28
LOWEST             45   05/03                         45
AVG. MAXIMUM     82.4              77.3     5.1     80.6
AVG. MINIMUM     57.9              55.4     2.5     56.0
MEAN             70.2              66.4     3.8     68.3
DAYS MAX >= 90      0               0.9    -0.9        1
DAYS MAX <= 32      0               0.0     0.0        0
DAYS MIN <= 32      0               0.0     0.0        0
DAYS MIN <= 0       0               0.0     0.0        0

PRECIPITATION (INCHES)
RECORD
 MAXIMUM         8.20   2003
 MINIMUM         1.12   2015
TOTALS           1.12R             3.88   -2.76     4.48
DAILY AVG.       0.04              0.13   -0.09     0.14
DAYS >= .01         6              11.0    -5.0        6
DAYS >= .10         3               7.1    -4.1        3
DAYS >= .50         1               2.8    -1.8        3
DAYS >= 1.00        0               1.1    -1.1        2
GREATEST
 24 HR. TOTAL    0.58                               2.67

SNOWFALL (INCHES)
TOTALS            0.0                                0.0
DAYS >= TRACE       0                                  0
DAYS >= 1.0         0                                  0
GREATEST
 24 HR TOTAL      0.0                                0.0

DEGREE_DAYS
HEATING TOTAL      24                68     -44       35
COOLING TOTAL     193               110      83      146
..............................................................

WIND (MPH)
AVERAGE WIND SPEED              5.1
HIGHEST WIND SPEED/DIRECTION    29/250    DATE  05/11
HIGHEST GUST SPEED/DIRECTION    40/250    DATE  05/11

SKY COVER
AVERAGE SKY COVER           0.20

AVERAGE RH (PERCENT)     67

WEATHER CONDITIONS. NUMBER OF DAYS WITH
THUNDERSTORM              5     MIXED PRECIP               0
HEAVY RAIN                1     RAIN                       2
LIGHT RAIN                9     FREEZING RAIN              0
LT FREEZING RAIN          0     HAIL                       0
HEAVY SNOW                0     SNOW                       0
LIGHT SNOW                0     SLEET                      0
FOG                       9     FOG W/VIS <= 1/4 MILE      0
HAZE                      0

-  INDICATES NEGATIVE NUMBERS.
R  INDICATES RECORD WAS SET OR TIED.
MM INDICATES DATA IS MISSING.
T  INDICATES TRACE AMOUNT.

$$

PW
