000
CXUS55 KBOU 011449 CCA
CLMDEN

CLIMATE REPORT
NATIONAL WEATHER SERVICE DENVER/BOULDER CO
848 AM MDT THU SEP 1 2016

...................................

...THE DENVER CO CLIMATE SUMMARY FOR THE MONTH OF AUGUST 2016...

CLIMATE NORMAL PERIOD 1981 TO 2010
CLIMATE RECORD PERIOD 1872 TO 2016

WEATHER         OBSERVED          NORMAL  DEPART  LAST YEAR`S
                 VALUE   DATE(S)  VALUE   FROM    VALUE  DATE(S)
                                          NORMAL
................................................................
TEMPERATURE (F)
RECORD
 HIGH             105   08/08/1878
 LOW               40   08/26/1910
                        08/25/1910
                        08/24/1910
HIGHEST            97   08/09                         98  08/15
LOWEST             47   08/25                         43  08/23
                        08/20
AVG. MAXIMUM     86.3              87.2    -0.9     89.8
AVG. MINIMUM     56.2              57.9    -1.7     58.3
MEAN             71.2              72.5    -1.3     74.0
DAYS MAX >= 90     15              11.5     3.5       19
DAYS MAX <= 32      0               0.0     0.0        0
DAYS MIN <= 32      0               0.0     0.0        0
DAYS MIN <= 0       0               0.0     0.0        0

PRECIPITATION (INCHES)
RECORD
 MAXIMUM         5.85   1979
 MINIMUM         0.02   1924
TOTALS           0.22              1.69   -1.47     1.18
DAILY AVG.       0.01              0.05   -0.04     0.04
DAYS >= .01         4               8.6    -4.6        9
DAYS >= .10         1               4.3    -3.3        4
DAYS >= .50         0               1.2    -1.2        1
DAYS >= 1.00        0               0.3    -0.3        0
GREATEST
 24 HR. TOTAL    0.12   08/24 TO 08/24           08/11 TO 08/11
                                                          08/10 TO 08/11

DEGREE_DAYS
HEATING TOTAL      15                10       5       13
 SINCE 7/1         15                16      -1       18
COOLING TOTAL     218               244     -26      304
 SINCE 1/1        762               688      74      713

FREEZE DATES
RECORD
 EARLIEST     09/08/1962
 LATEST       06/08/2007
EARLIEST                        10/07
LATEST                          05/05
..................................................

WIND (MPH)
AVERAGE WIND SPEED              9.9
RESULTANT WIND SPEED/DIRECTION   2/173
HIGHEST WIND SPEED/DIRECTION    43/010    DATE  08/19
HIGHEST GUST SPEED/DIRECTION    55/020    DATE  08/19

SKY COVER
POSSIBLE SUNSHINE (PERCENT)   MM
AVERAGE SKY COVER           0.60
NUMBER OF DAYS FAIR            4
NUMBER OF DAYS PC             22
NUMBER OF DAYS CLOUDY          5

AVERAGE RH (PERCENT)     47

WEATHER CONDITIONS. NUMBER OF DAYS WITH
THUNDERSTORM             11     MIXED PRECIP               0
HEAVY RAIN                0     RAIN                       1
LIGHT RAIN               10     FREEZING RAIN              0
LT FREEZING RAIN          0     HAIL                       0
HEAVY SNOW                0     SNOW                       0
LIGHT SNOW                0     SLEET                      0
FOG                       5     FOG W/VIS <= 1/4 MILE      3
HAZE                      4

-  INDICATES NEGATIVE NUMBERS.
R  INDICATES RECORD WAS SET OR TIED.
MM INDICATES DATA IS MISSING.
T  INDICATES TRACE AMOUNT.

............AUGUST 2016 COOLER AND MUCH DRIER THAN NORMAL............

A SERIES OF UPPER LEVEL TROUGHS MOVING ACROSS THE NORTHERN ROCKIES
FOR MUCH OF AUGUST DISRUPTED THE TYPICAL MONSOON PATTERN OVER
NORTHEASTERN COLORADO. THIS RESULTED IN VERY DRY CONDITIONS ACROSS
THE DENVER AREA. THE COMBINATION OF A SERIES OF UPPER TROUGHS AND
ASSOCIATED COOL FRONTS MOVING ACROSS NORTHEASTERN COLORADO RESULTED
IN COOL MORNING LOW TEMPERATURES TOWARD THE END OF THE
MONTH.

TEMPERATURES:

THE AVERAGE TEMPERATURE AT DENVER INTERNATIONAL AIRPORT FOR THE
MONTH WAS 71.3 DEGREES F, WHICH WAS 1.3 DEGREES BELOW NORMAL. THE
WARMEST AUGUST ON RECORD OCCURRED BACK IN 2011...WITH AN AVERAGE
MONTHLY TEMPERATURE OF 77.0 DEGREES F. THE COLDEST AUGUST ON RECORD
WAS 66.5 DEGREES F BACK IN 1915. ON THE 9TH...THE TEMPERATURE
CLIMBED TO 97 DEGREES F WHICH IS THE HIGHEST TEMPERATURE OF THE
MONTH. THE COLDEST TEMPERATURE OF 47 DEGREES F OCCURRED ON THE
MORNING OF THE 20TH AND 25TH. ON THE MORNING OF THE 27TH...THE
TEMPERATURE DROPPED TO 48 DEGREES WHICH TIED THE RECORD LOW FOR THE
DATE.

TEN WARMEST AUGUST`S IN DENVER WEATHER HISTORY SINCE 1872:

77.0 2011
76.8 1937
75.4 2007
75.3 1995
75.0 2012...1994
74.7 1938
74.6 2013...1878
74.5 2000

TEN COLDEST AUGUST`S IN DENVER WEATHER HISTORY SINCE 1872:

66.5 1915
66.6 1927
67.7 1920
67.8 1884
68.0 1888
68.1 1968
68.2 2004...1967
68.4 1992...1917

PRECIPITATION:

PRECIPITATION FOR THE MONTH OF AUGUST AT DENVER INTERNATIONAL
AIRPORT WAS 0.22 INCHES...WHICH IS 1.47 INCHES BELOW THE NORMAL OF
1.69 INCHES. THIS MAKES AUGUST 2016 THE 8TH DRIES AUGUST ON RECORD.
THERE WERE ONLY 4 DAYS WITH MEASURABLE PRECIPITATION DURING THE
MONTH. 0.12 INCHES OF PRECIPITATION FELL ON THE 24TH
...WHICH IS THE GREATEST DAILY AMOUNT FOR THE MONTH.

TEN WETTEST AUGUST`S IN DENVER WEATHER HISTORY SINCE 1872:

5.85 INCHES 1979
4.47 INCHES 1951
4.03 INCHES 2008
3.87 INCHES 1923
3.69 INCHES 1991
3.52 INCHES 1997
3.49 INCHES 1921
3.37 INCHES 1999
3.22 INCHES 1936
3.20 INCHES 1984

TEN DRIEST AUGUST`S IN DENVER WEATHER HISTORY SINCE 1872:

0.02 INCHES 1924
0.05 INCHES 1917...1900
0.06 INCHES 1960
0.11 INCHES 2012
0.16 INCHES 1974
0.19 INCHES 1948
0.22 INCHES 2016
0.23 INCHES 1907
0.25 INCHES 1959

THERE WERE 11 DAYS IN WHICH THUNDER WAS OBSERVED AT DENVER
INTERNATIONAL AIRPORT. THERE WERE 3 DAYS WITH DENSE FOG WITH A
VISIBILITY AT OR BELOW 1/4 MILE DURING THE MONTH. THE PEAK WIND GUST
OF 55 MPH FROM THE NORTH-NORTHEAST OCCURRED ON THE 19TH.

$$
