000
CXUS54 KFWD 021730 CCA
CLMDFW

CLIMATE REPORT...CORRECTED
NATIONAL WEATHER SERVICE FORT WORTH TX
1130 AM CST MON FEB 2 2015

CORRECTED THUNDERSTORM DAYS

...................................

...THE DALLAS FORT WORTH CLIMATE SUMMARY FOR THE MONTH OF JANUARY 2015...

CLIMATE NORMAL PERIOD 1981 TO 2010
CLIMATE RECORD PERIOD 1898 TO 2015

WEATHER         OBSERVED          NORMAL  DEPART  LAST YEAR`S
                 VALUE   DATE(S)  VALUE   FROM    VALUE  DATE(S)
                                          NORMAL
................................................................
TEMPERATURE (F)
RECORD
 HIGH              93   01/31/1911
 LOW               -2   01/31/1949
HIGHEST            80   01/28        77       3       74  01/31
                                                          01/26
                                                          01/12
LOWEST             16   01/08        17      -1       15  01/06
AVG. MAXIMUM     54.4              56.4    -2.0     58.1
AVG. MINIMUM     34.7              35.5    -0.8     32.5
MEAN             44.5              45.9    -1.4     45.3
DAYS MAX >= 90      0               0.0     0.0        0
DAYS MAX <= 32      0               0.8    -0.8        0
DAYS MAX >= 100     0                                  0
DAYS MIN <= 32     10              11.0    -1.0       15
DAYS MIN <= 0       0               0.0     0.0        0
DAYS MIN >= 80      0                                  0

PRECIPITATION (INCHES)
RECORD
 MAXIMUM         9.07   1932
 MINIMUM            T   1986
TOTALS           3.62              2.13    1.49     0.33
DAILY AVG.       0.12              0.07    0.05     0.01
DAYS >= .01         8               6.6     1.4        3
DAYS >= .10         7               3.7     3.3        2
DAYS >= .50         3               1.4     1.6        0
DAYS >= 1.00        1               0.4     0.6        0
GREATEST
 24 HR. TOTAL    1.37   01/21 TO 01/22              0.22

SNOWFALL (INCHES)
RECORDS
 TOTAL           12.1   1964
 24 HR TOTAL     12.1   01/15/1964 TO 01/16/1964
TOTALS              T               0.3    -0.3        T
SINCE 7/1           T               0.6    -0.6      2.1
SNOWDEPTH AVG.      0                MM      MM        0
DAYS >= TRACE       1                                  1
DAYS >= 1.0         0               0.1    -0.1        0
GREATEST
 SNOW DEPTH         0   MM                             0  MM
 24 HR TOTAL        T   01/01 TO 01/01                 T

DEGREE_DAYS
HEATING TOTAL     625               593      32      603
 SINCE 7/1       1499              1505      -6     1675
COOLING TOTAL       0                 2      -2        0
 SINCE 1/1          0                 0       0        0
.................................................................

WIND (MPH)
AVERAGE WIND SPEED              10.1
HIGHEST WIND SPEED/DIRECTION    36/020    DATE  01/07
HIGHEST GUST SPEED/DIRECTION    43/010    DATE  01/07

SKY COVER
POSSIBLE SUNSHINE (PERCENT)   MM
AVERAGE SKY COVER           0.60
NUMBER OF DAYS FAIR           13
NUMBER OF DAYS PC              6
NUMBER OF DAYS CLOUDY         12

AVERAGE RH (PERCENT)     62

WEATHER CONDITIONS. NUMBER OF DAYS WITH
THUNDERSTORM              2     MIXED PRECIP               0
HEAVY RAIN                2     RAIN                       4
LIGHT RAIN               10     FREEZING RAIN              0
LT FREEZING RAIN          1     HAIL                       0
HEAVY SNOW                0     SNOW                       0
LIGHT SNOW                0     SLEET                      1
FOG                      10     FOG W/VIS <= 1/4 MILE      0
HAZE                      1

-  INDICATES NEGATIVE NUMBERS.
R  INDICATES RECORD WAS SET OR TIED.
MM INDICATES DATA IS MISSING.
T  INDICATES TRACE AMOUNT.

$$
