000
CXUS53 KDLH 020005
CLMDLH


CLIMATE REPORT
NATIONAL WEATHER SERVICE DULUTH MN
659 PM CDT FRI APR 1 2016

...................................

...THE DULUTH MN CLIMATE SUMMARY FOR THE MONTH OF MARCH 2016...

CLIMATE NORMAL PERIOD 1981 TO 2010
CLIMATE RECORD PERIOD 1870 TO 2016

WEATHER         OBSERVED          NORMAL  DEPART  LAST YEAR`S
                 VALUE   DATE(S)  VALUE   FROM    VALUE  DATE(S)
                                          NORMAL
................................................................
TEMPERATURE (F)
RECORD
 HIGH              81   03/28/1946
 LOW              -29   03/02/1989
HIGHEST            60   03/12        MM      MM       64  03/15
LOWEST             -2   03/01        MM      MM      -14  03/05
AVG. MAXIMUM     38.6              34.4     4.2     40.8
AVG. MINIMUM     24.5              17.5     7.0     20.4
MEAN             31.6              25.9     5.7     30.6
DAYS MAX >= 90      0               0.0     0.0        0
DAYS MAX <= 32     10              12.3    -2.3        8
DAYS MIN <= 32     25              28.0    -3.0       27
DAYS MIN <= 0       1               3.1    -2.1        2

PRECIPITATION (INCHES)
RECORD
 MAXIMUM         5.12   1965
 MINIMUM         0.22   1959
TOTALS           3.96              1.49    2.47     0.79
DAILY AVG.       0.13              0.05    0.08     0.03
DAYS >= .01        14               9.7     4.3        8
DAYS >= .10         7               4.3     2.7        5
DAYS >= .50         2               0.5     1.5        0
DAYS >= 1.00        2               0.1     1.9        0
GREATEST
 24 HR. TOTAL    2.08                            03/03 TO 03/03

SNOWFALL (INCHES)
RECORDS
 TOTAL           29.7   5
                        0
                        -26215
TOTALS           17.3              13.2     4.1      8.1
SINCE 7/1        71.5              78.8    -7.3     48.0
SNOWDEPTH AVG.      6                12      -6        3
DAYS >= 1.0         6               3.6     2.4        3
GREATEST
 SNOW DEPTH        13   03/05                         13  03/04
 24 HR TOTAL      8.7   03/16 TO 03/16

DEGREE_DAYS
HEATING TOTAL    1028              1210    -182     1059
 SINCE 7/1       6865              8077   -1212     7898
COOLING TOTAL       0                 0       0        0
 SINCE 1/1          0                 0       0        0
....................................................

WIND (MPH)
AVERAGE WIND SPEED              8.5
HIGHEST WIND SPEED/DIRECTION    28/230    DATE  03/06
HIGHEST GUST SPEED/DIRECTION    35/100    DATE  03/07

SKY COVER
POSSIBLE SUNSHINE (PERCENT)   MM
AVERAGE SKY COVER           0.60
NUMBER OF DAYS FAIR            8
NUMBER OF DAYS PC             12
NUMBER OF DAYS CLOUDY         11

AVERAGE RH (PERCENT)     75

WEATHER CONDITIONS. NUMBER OF DAYS WITH
THUNDERSTORM              0     MIXED PRECIP               1
HEAVY RAIN                1     RAIN                       3
LIGHT RAIN               12     FREEZING RAIN              0
LT FREEZING RAIN          4     HAIL                       0
HEAVY SNOW                0     SNOW                       5
LIGHT SNOW               15     SLEET                      1
FOG                      20     FOG W/VIS <= 1/4 MILE      8
HAZE                      4

-  INDICATES NEGATIVE NUMBERS.
R  INDICATES RECORD WAS SET OR TIED.
MM INDICATES DATA IS MISSING.
T  INDICATES TRACE AMOUNT.

$$

.MARCH 2016 WAS WARMER AND WETTER THAN NORMAL AT DULUTH MN...

THE AVERAGE TEMPERATURE FOR MARCH WAS 31.6 DEGREES WHICH WAS 5.7
DEGREES ABOVE THE NORMAL OF 25.9 DEGREES MAKING THIS THE 13TH
WARMEST MARCH IN STATION HISTORY. THE HIGHEST TEMPERATURE FOR THE
MONTH WAS 60 DEGREES ON THE 12TH. THE LOWEST TEMPERATURE WAS -2
DEGREES ON THE 1ST. ONE DAILY TEMPERATURE RECORD WAS BROKEN FOR THE
MONTH. THE RECORD HIGH TEMPERATURE OF 60 DEGREES WAS RECORDED ON THE
12TH. THIS BREAKS THE OLD RECORD OF 55 DEGREES SET IN 1903. EIGHT
DAYS HAD AVERAGE TEMPERATURES BELOW NORMAL.

MARCH 2016 WAS ABOVE NORMAL FOR PRECIPITATION WITH A TOTAL OF 3.96
INCHES OF PRECIPITATION RECORDED FOR THE MONTH. THIS WAS 2.47 INCHES
ABOVE THE NORMAL OF 1.49 INCHES MAKING THIS THE 5TH WETTEST MARCH IN
STATION HISTORY. THE GREATEST AMOUNT OF PRECIPITATION IN A 24 HOUR
PERIOD OCCURRED ON THE 15TH TO 16TH WHEN 2.08 INCHES WAS RECORDED.
AT LEAST A TRACE OF PRECIPITATION WAS RECORDED ON 22 DAYS. AT LEAST
0.01 INCHES OF PRECIPITATION FELL ON 14 DAYS. AT LEAST 0.10 INCHES
FELL ON 7 DAYS. AT LEAST 0.50 INCHES FELL ON 2 DAYS. AT LEAST 1.00
INCHES FELL ON 2 DAYS. THERE WAS 17.3 INCHES OF SNOW FOR THE MONTH
WHICH IS 4.1 INCHES ABOVE THE NORMAL OF 13.2 INCHES WHICH MADE IT
THE 25TH SNOWIEST MARCH IN STATION HISTORY. THE GREATEST AMOUNT OF
SNOWFALL IN A 24 HOUR PERIOD OCCURRED ON THE 16TH WHERE 8.7 INCHES
OF SNOW WAS RECORDED. ONE DAILY PRECIPITATION RECORD WAS BROKEN FOR
THE MONTH. ON THE 16TH 1.53 INCHES OF PRECIPITATION FELL. THIS
BREAKS THE OLD RECORD OF 1.43 INCHES SET IN 1917.

THE AVERAGE WIND SPEED FOR THE MONTH WAS 8.5 MPH. THE WINDIEST DAY
OF THE MONTH WAS ON THE 7TH WITH AN AVERAGE WIND OF 14.4 MPH. THE
HIGHEST SUSTAINED WIND OCCURRED ON THE 6TH WITH A WIND FROM THE
SOUTHWEST AT 28 MPH. A PEAK WIND GUST OF 35 MPH WAS RECORDED ON THE
6TH AND THE 7TH. THERE WERE 1028 HEATING DEGREE DAYS FOR THE MONTH
WHICH WAS 182 BELOW THE NORMAL OF 1210. THIS BROUGHT THE SEASONAL
TOTAL TO 6865 WHICH WAS 1212 BELOW THE NORMAL OF 8077. THERE WERE 0
COOLING DEGREE DAYS FOR THE MONTH WHICH WAS NORMAL. THE SEASONAL
TOTAL COOLING DEGREE DAYS STANDS AT 0 WHICH WAS NORMAL. THE HIGHEST
SEA LEVEL PRESSURE FOR THE MONTH WAS 30.37 INCHES REACHED ON THE
19TH AND THE LOWEST SEA LEVEL PRESSURE READING WAS 29.44 INCHES
REACHED ON THE 16TH.

THE OUTLOOK FOR APRIL...NORMAL HIGHS START IN THE LOWER 40S AND WARM
TO THE MID TO UPPER 50S AT THE END OF THE MONTH. NORMAL LOWS FOR THE
MONTH START IN THE MID 20S AND WARM TO THE MID 30S AT THE END OF
THE MONTH. NORMAL PRECIPITATION FOR APRIL IS 2.43 INCHES. NORMAL
SNOWFALL FOR APRIL IS 6.9 INCHES. NEAR NORMAL TEMPERATURES AND
BELOW NORMAL PRECIPITATION ARE FORECASTED FOR APRIL.

$$
