000
CXUS53 KEAX 010748
CLMDMO

CLIMATE REPORT
NATIONAL WEATHER SERVICE KANSAS CITY/PLEASANT HILL MO
242 AM CDT SUN OCT 1 2017

...................................

...THE SEDALIA CLIMATE SUMMARY FOR THE MONTH OF SEPTEMBER 2017...

CLIMATE NORMAL PERIOD 1981 TO 2010
CLIMATE RECORD PERIOD 9999 TO 9999

WEATHER         OBSERVED          NORMAL  DEPART  LAST YEAR`S
                 VALUE   DATE(S)  VALUE   FROM    VALUE  DATE(S)
                                          NORMAL
................................................................
TEMPERATURE (F)
HIGHEST            93   09/23        92       1       95  09/06
                        09/20
                        09/04
LOWEST             50   09/06        38      12       49  09/29
AVG. MAXIMUM     84.6              79.5     5.1     83.9
AVG. MINIMUM     60.2              58.6     1.6     62.3
MEAN             72.4              69.1     3.3     73.1
DAYS MAX >= 90      8               3.1     4.9        5
DAYS MAX <= 32      0               0.0     0.0        0
DAYS MIN <= 32      0               0.5    -0.5        0
DAYS MIN <= 0       0               0.0     0.0        0

PRECIPITATION (INCHES)
TOTALS           1.02              4.11   -3.09     4.47
DAILY AVG.       0.03              0.14   -0.11     0.15
DAYS >= .01         3               8.1    -5.1        7
DAYS >= .10         2               5.3    -3.3        6
DAYS >= .50         1               2.6    -1.6        2
DAYS >= 1.00        0               1.3    -1.3        1
GREATEST
 24 HR. TOTAL    0.58   09/17 TO 09/17

DEGREE_DAYS
HEATING TOTAL       4                44     -40        6
 SINCE 7/1          9                45     -36        6
COOLING TOTAL     233               165      68      258
 SINCE 1/1       1407              1450     -43     1671
.................................................................

WIND (MPH)
AVERAGE WIND SPEED              6.8
HIGHEST WIND SPEED/DIRECTION    22/210    DATE  09/20
HIGHEST GUST SPEED/DIRECTION    27/200    DATE  09/20

SKY COVER
POSSIBLE SUNSHINE (PERCENT)   MM
AVERAGE SKY COVER           0.10
NUMBER OF DAYS FAIR           27
NUMBER OF DAYS PC              3
NUMBER OF DAYS CLOUDY          0

AVERAGE RH (PERCENT)     71

WEATHER CONDITIONS. NUMBER OF DAYS WITH
THUNDERSTORM              3     MIXED PRECIP               0
HEAVY RAIN                1     RAIN                       2
LIGHT RAIN                3     FREEZING RAIN              0
LT FREEZING RAIN          0     HAIL                       0
HEAVY SNOW                0     SNOW                       0
LIGHT SNOW                0     SLEET                      0
FOG                       5     FOG W/VIS <= 1/4 MILE      2
HAZE                      2

-  INDICATES NEGATIVE NUMBERS.
R  INDICATES RECORD WAS SET OR TIED.
MM INDICATES DATA IS MISSING.
T  INDICATES TRACE AMOUNT.

$$
