000
CXUS54 KEWX 011847
CLMDRT

CLIMATE REPORT
NATIONAL WEATHER SERVICE AUSTIN/SAN ANTONIO, TX
146 PM CDT WED JUL 1 2015

...................................

...THE DEL RIO CLIMATE SUMMARY FOR THE MONTH OF JUNE 2015...

CLIMATE NORMAL PERIOD 1981 TO 2010
CLIMATE RECORD PERIOD 1906 TO 2015

WEATHER         OBSERVED          NORMAL  DEPART  LAST YEAR`S
                 VALUE   DATE(S)  VALUE   FROM    VALUE  DATE(S)
                                          NORMAL
................................................................
TEMPERATURE (F)
HIGHEST            94   06/26                        108  06/12
                        06/17
                        06/11
LOWEST             67   06/01                         68  06/10
AVG. MAXIMUM     90.7              94.7    -4.0     95.6
AVG. MINIMUM     72.3              73.4    -1.1     75.7
MEAN             81.5              84.0    -2.5     85.6
DAYS MAX >= 90     24                                 28
DAYS MAX <= 32      0                                  0
DAYS MIN <= 32      0                                  0
DAYS MIN <= 0       0                                  0

PRECIPITATION (INCHES)
TOTALS           3.48              2.35    1.13     4.69
DAILY AVG.       0.12              0.08    0.04     0.16
DAYS >= .01        11                                  4
DAYS >= .10         7                                  2
DAYS >= .50         2                                  1
DAYS >= 1.00        2                                  1
GREATEST
 24 HR. TOTAL    1.31   06/13 TO 06/14

SNOWFALL (INCHES)
TOTALS            0.0               0.0     0.0      0.0
SINCE 7/1         0.0               1.2    -1.2      0.0

DEGREE_DAYS
HEATING TOTAL       0                 0       0        0
 SINCE 7/1       1475              1376      99     1559
COOLING TOTAL     501               571     -70      628
 SINCE 1/1       1181              1330    -149     1478
.................................................................

WIND (MPH)
AVERAGE WIND SPEED              9.8
HIGHEST WIND SPEED/DIRECTION    39/330    DATE  06/12
HIGHEST GUST SPEED/DIRECTION    51/330    DATE  06/12

SKY COVER
POSSIBLE SUNSHINE (PERCENT)   MM
AVERAGE SKY COVER           0.40
NUMBER OF DAYS FAIR           17
NUMBER OF DAYS PC             12
NUMBER OF DAYS CLOUDY          1


WEATHER CONDITIONS. NUMBER OF DAYS WITH
THUNDERSTORM              1     MIXED PRECIP               0
HEAVY RAIN                7     RAIN                       5
LIGHT RAIN               12     FREEZING RAIN              0
LT FREEZING RAIN          0     HAIL                       0
HEAVY SNOW                0     SNOW                       0
LIGHT SNOW                0     SLEET                      0
FOG                      11     FOG W/VIS <= 1/4 MILE      0
HAZE                      2

-  INDICATES NEGATIVE NUMBERS.
R  INDICATES RECORD WAS SET OR TIED.
MM INDICATES DATA IS MISSING.
T  INDICATES TRACE AMOUNT.

&&

[MONTHLY CLIMATE SUMMARY]
JUNE WAS THE 27TH WETTEST JUNE ON RECORD AND THE 24TH COOLEST JUNE
SINCE RECORD KEEPING BEGAN.

JUNE ALSO ENDED THE 6TH WETTEST FIRST HALF OF THE YEAR...JANUARY 1
THROUGH JUNE 30...IN DEL RIO HISTORY WITH 18.56" OF RAIN.

[SEA LEVEL PRESSURE DATA]
HIGHEST SLP OF 30.12 INCHES ON THE 24TH
LOWEST SLP OF 29.62 INCHES ON THE 11TH.

PRELIMINARY LOCAL CLIMATOLOGICAL DATA (WS FORM: F-6)

                                          STATION:   DEL RIO
                                          MONTH:     JUNE
                                          YEAR:      2015
                                          LATITUDE:   29 22 N
                                          LONGITUDE: 100 55 W

  TEMPERATURE IN F:       :PCPN:    SNOW:  WIND      :SUNSHINE: SKY     :PK WND
================================================================================
1   2   3   4   5  6A  6B    7    8   9   10  11  12  13   14  15   16   17  18
                                     12Z  AVG MX 2MIN
DY MAX MIN AVG DEP HDD CDD  WTR  SNW DPTH SPD SPD DIR MIN PSBL S-S WX    SPD DR
================================================================================

 1  88  67  78  -4   0  13 0.00  0.0    0  9.2 17 140   M    M   0        23 120
 2  89  69  79  -3   0  14 0.00  0.0    0 11.5 21 150   M    M   1        30 150
 3  90  71  81  -1   0  16 0.00  0.0    0 12.7 20 150   M    M   3        26 120
 4  90  73  82  -1   0  17 0.00  0.0    0 12.6 21 120   M    M   4        30 130
 5  90  72  81  -2   0  16 0.00  0.0    0 11.0 20 100   M    M   2        26 110
 6  90  72  81  -2   0  16 0.00  0.0    0 10.1 17 130   M    M   3        23 160
 7  91  70  81  -2   0  16 0.00  0.0    0 10.4 21 150   M    M   0        25 110
 8  92  74  83   0   0  18 0.00  0.0    0  8.9 17 150   M    M   3        21 170
 9  94  72  83  -1   0  18 0.00  0.0    0  7.7 14 140   M    M   0        18 120
10  94  73  84   0   0  19 0.00  0.0    0 10.0 16 120   M    M   0        23 140
11  94  74  84   0   0  19 0.00  0.0    0 12.8 21 150   M    M   1        27 150
12  93  69  81  -3   0  16 0.35  0.0    0 13.9 39 330   M    M   6 18     51 330
13  91  69  80  -4   0  15 1.21  0.0    0 11.7 28 310   M    M   6 13     36 330
14  91  69  80  -4   0  15 0.10  0.0    0 10.2 18 100   M    M   3 1      24  90
15  92  70  81  -3   0  16 0.43  0.0    0  7.6 18 210   M    M   5 1      23 200
16  91  73  82  -2   0  17 0.13  0.0    0  5.4 17  50   M    M   7        23  30
17  94  75  85   1   0  20 0.03  0.0    0  4.3 24 100   M    M   4 1      17 100
18  90  75  83  -1   0  18    T  0.0    0  9.5 21 120   M    M   4        26 120
19  87  72  80  -5   0  15 0.15  0.0    0  6.9 18 120   M    M   6 1      27 130
20  89  74  82  -3   0  17 0.01  0.0    0 11.4 22 140   M    M   6 1      28 150
21  91  75  83  -2   0  18    T  0.0    0 13.1 25 120   M    M   7 1      33 110
22  84  72  78  -7   0  13 0.03  0.0    0 11.0 24 120   M    M  10 18     36 110
23  91  75  83  -2   0  18 0.01  0.0    0 11.1 21 130   M    M   6        26 120
24  91  74  83  -2   0  18 0.00  0.0    0 10.1 20 110   M    M   3        26 110
25  91  74  83  -2   0  18 0.00  0.0    0 10.0 17 120   M    M   3        24 130
26  94  74  84  -1   0  19 0.00  0.0    0  9.6 18 150   M    M   0        24 140
27  83  70  77  -8   0  12 1.03  0.0    0  8.1 21 320   M    M   5 1      27 340
28  91  71  81  -4   0  16 0.00  0.0    0  5.0 14 140   M    M   2        19 130
29  93  75  84  -1   0  19 0.00  0.0    0  8.4 16 120   M    M   1        22 120
30  92  75  84  -1   0  19    T  0.0    0  9.2 23 120   M    M   3 1      33 150
================================================================================
SM 2721 2168         0 501  3.48     0.0 293.4          M      104
================================================================================
AV 90.7 72.3                               9.8 FASTST   M    M   3    MAX(MPH)
                                 MISC ---->  # 39 330               # 51  330
================================================================================
NOTES:
# LAST OF SEVERAL OCCURRENCES

COLUMN 17 PEAK WIND IN M.P.H.

SYMBOLS USED IN COLUMN 16
1 = FOG OR MIST
2 = FOG REDUCING VISIBILITY
3 = THUNDER
4 = ICE PELLETS
5 = HAIL
6 = FREEZING RAIN OR DRIZZLE
7 = DUSTSTORM OR SANDSTORM:
8 = SMOKE OR HAZE
9 = BLOWING SNOW
X = TORNADO

$$
