000
CXUS55 KTWC 011608
CLMDUG

CLIMATE REPORT
NATIONAL WEATHER SERVICE TUCSON AZ
841 AM MST SAT AUG 1 2015

...................................

...THE DOUGLAS AZ CLIMATE SUMMARY FOR THE MONTH OF JULY 2015...

CLIMATE NORMAL PERIOD 1981 TO 2010
CLIMATE RECORD PERIOD 1948 TO 2015

WEATHER         OBSERVED          NORMAL  DEPART  LAST YEAR`S
                 VALUE   DATE(S)  VALUE   FROM    VALUE  DATE(S)
                                          NORMAL
................................................................
TEMPERATURE (F)
RECORD
 HIGH             109   07/03/1989
 LOW               53   07/01/2004
HIGHEST            98   07/02       102      -4      101  07/01
LOWEST             64   07/24        59       5       62  07/08
                        07/20
AVG. MAXIMUM     91.3              94.3    -3.0     93.4
AVG. MINIMUM     66.4              65.7     0.7     66.4
MEAN             78.8              80.0    -1.2     79.9
DAYS MAX >= 100     0               4.0    -4.0        1
DAYS MAX <= 32      0               0.0     0.0        0
DAYS MIN <= 32      0               0.0     0.0        0
DAYS MIN <= 0       0               0.0     0.0        0

PRECIPITATION (INCHES)
RECORD
 MAXIMUM        10.12   2013
 MINIMUM         0.98   2009
TOTALS           4.29              2.95    1.34     4.79
DAILY AVG.       0.14              0.10    0.04     0.16
DAYS >= .01        14              13.6     0.4       18
DAYS >= .10         6               6.9    -0.9       11
DAYS >= .50         3               1.7     1.3        2
DAYS >= 1.00        1               0.5     0.5        1
GREATEST
 24 HR. TOTAL    2.04   07/22 TO 07/23           07/27 TO 07/28
                                                          07/29 TO 07/29
                                                          07/29 TO 07/29

DEGREE_DAYS
COOLING TOTAL     381               465     -84      455
 SINCE 1/1        899              1061    -162     1121
..........................................................

WIND (MPH)
AVERAGE WIND SPEED              6.8
HIGHEST WIND SPEED/DIRECTION    37/320    DATE  07/06
HIGHEST GUST SPEED/DIRECTION    48/310    DATE  07/06

AVERAGE RH (PERCENT)     58

WEATHER CONDITIONS. NUMBER OF DAYS WITH
THUNDERSTORM              0     MIXED PRECIP               0
HEAVY RAIN                5     RAIN                       8
LIGHT RAIN               16     FREEZING RAIN              0
LT FREEZING RAIN          0     HAIL                       0
HEAVY SNOW                0     SNOW                       0
LIGHT SNOW                0     SLEET                      0
FOG                       4     FOG W/VIS <= 1/4 MILE      0
HAZE                      4

-  INDICATES NEGATIVE NUMBERS.
R  INDICATES RECORD WAS SET OR TIED.
MM INDICATES DATA IS MISSING.
T  INDICATES TRACE AMOUNT.

$$
