000
CXUS53 KGID 011843 AAA
CLMEAR

CLIMATE REPORT...UPDATED
NATIONAL WEATHER SERVICE HASTINGS NE
143 PM CDT WED JUL 1 2015

UPDATED TO INCLUDE ADDITIONAL MONTHLY DETAILS AT BOTTOM

...................................

...THE KEARNEY CLIMATE SUMMARY FOR THE MONTH OF JUNE 2015...

CLIMATE NORMAL PERIOD 1981 TO 2010
CLIMATE RECORD PERIOD 1894 TO 2015

WEATHER         OBSERVED          NORMAL  DEPART  LAST YEAR`S
                 VALUE   DATE(S)  VALUE   FROM    VALUE  DATE(S)
                                          NORMAL
................................................................
TEMPERATURE (F)
HIGHEST            97   06/30        97       0       95  06/17
LOWEST             54   06/16        45       9       48  06/13
AVG. MAXIMUM     81.8              82.0    -0.2     81.8
AVG. MINIMUM     60.4              57.6     2.8     60.1
MEAN             71.1              69.8     1.3     71.0
DAYS MAX >= 90      3               5.5    -2.5        6
DAYS MAX <= 32      0               0.0     0.0        0
DAYS MIN <= 32      0               0.0     0.0        0
DAYS MIN <= 0       0               0.0     0.0        0

PRECIPITATION (INCHES)
TOTALS           6.18              3.93    2.25     7.63
DAILY AVG.       0.21              0.13    0.08
DAYS >= .01        11              10.0     1.0
DAYS >= .10         8               6.8     1.2
DAYS >= .50         5               2.4     2.6
DAYS >= 1.00        2               1.1     0.9
GREATEST
 24 HR. TOTAL    1.82   06/04 TO 06/04

DEGREE_DAYS
HEATING TOTAL       3                35     -32       18
COOLING TOTAL     196               179      17      205
.................................................................

WIND (MPH)
AVERAGE WIND SPEED              9.8
HIGHEST WIND SPEED/DIRECTION   150/180
HIGHEST GUST SPEED/DIRECTION    MM               MM

AVERAGE RH (PERCENT)     70


-  INDICATES NEGATIVE NUMBERS.
R  INDICATES RECORD WAS SET OR TIED.
MM INDICATES DATA IS MISSING.
T  INDICATES TRACE AMOUNT.

&&

THE PRECIPITATION DATA SHOWN ABOVE IS RECORDED BY THE AUTOMATED
WEATHER OBSERVING SYSTEM AT THE KEARNEY AIRPORT. THE PRECIPITATION
IS DEPICTED FOR A CALENDAR DAY FROM MIDNIGHT TO MIDNIGHT. SNOWFALL
IS NOT RECORDED BY THAT SYSTEM.

THE OFFICIAL PRECIPITATION...SNOWFALL...AND SNOW DEPTH OBSERVATION
FOR KEARNEY IS RECORDED DAILY BY THE COOPERATIVE OBSERVER AT 7 AM.
THAT INFORMATION FOLLOWS...

...KEARNEY 4NE COOPERATIVE OBSERVER REPORT FOR JUNE 2015...

PRECIPITATION (IN)
MONTH TO DATE..................   7.08
YEAR TO DATE...................   13.68

SNOWFALL (IN)
MONTH TO DATE..................   0.0
SEASONAL TOTAL (SINCE JULY 1ST)  12.6

&&

...JUNE 2015 CLIMATE DETAILS FOR KEARNEY REGIONAL AIRPORT...

(NOTE: ALL DATA PRESENTED BELOW THIS POINT IS FROM THE OFFICIAL NWS
COOPERATIVE OBSERVER LOCATED AT KEARNEY REGIONAL AIRPORT. AS A
RESULT...IT MAY DIFFER SLIGHTLY FROM THE UNOFFICIAL AUTOMATED
AIRPORT OBSERVATIONS PRESENTED IN THE TABLE AT THE TOP OF THIS
PRODUCT. ALL TEMPERATURE AND PRECIPITATION DATA REPORTED BY THE
OFFICIAL COOPERATIVE OBSERVER IS BASED ON A 24-HOUR PERIOD ENDING AT
7 AM...AND THUS DOES NOT CORRESPOND TO A MIDNIGHT-TO-MIDNIGHT
CALENDAR DAY PERIOD AS THE AUTOMATED OBSERVATIONS DO.)

...TEMPERATURES

AVERAGE HIGH TEMPERATURE:     80.6 DEGREES (1.4 BELOW NORMAL)
AVERAGE LOW TEMPERATURE:      59.1 DEGREES (1.5 ABOVE NORMAL)
AVERAGE MEAN TEMPERATURE:     69.9 DEGREES (0.1 ABOVE NORMAL)

HOTTEST HIGH TEMPERATURE:  95 DEGREES REPORTED ON JULY 1ST
(ACTUALLY OCCURRED ON JUNE 30TH)

COOLEST HIGH TEMPERATURE:  65 DEGREES REPORTED ON THE 13TH
(ACTUALLY OCCURRED ON THE 12TH)

COOLEST LOW TEMPERATURE:   53 DEGREES REPORTED ON THE 16TH

WARMEST LOW TEMPERATURE:   66 DEGREES REPORTED ON THE
                                      10TH, 11TH, AND 22ND

...PRECIPITATION

TOTAL MONTHLY PRECIPITATION:   7.08 INCHES (3.15 ABOVE NORMAL)
- 16TH-WETTEST JUNE ON RECORD OUT OF 120 YEARS

NUMBER OF 24-HOUR PERIODS
WITH MEASURABLE PRECIPITATION (0.01 OR MORE): 9

HIGHEST 24-HOUR
RAINFALL ENDING AROUND 7 AM: 2.40 INCHES REPORTED ON THE 17TH

HIGHEST 48-HOUR
RAINFALL ENDING AROUND 7 AM: 2.63 INCHES FROM THE 17TH-18TH


PRECIPITATION TOTALS AND DEPARTURES
FROM NORMAL FOR THE PAST 12 MONTHS:

MONTH          PRECIP.  DEPARTURE

JUL  2014       0.17      -3.11
AUG  2014       7.60      +4.52
SEP  2014       2.40      +0.33
OCT  2014       0.99      -1.05
NOV  2014       0.06      -0.96
DEC  2014       0.69      +0.12
JAN  2015       0.05      -0.44
FEB  2015       0.49      -0.06
MAR  2015       0.07      -1.72
APR  2015       3.14      +0.91
MAY  2015       2.85      -1.33
JUN  2015       7.08      +3.15

12-MONTH TOTAL  25.59     +0.36


...SEVERE THUNDERSTORMS/HIGH WINDS

ON THE NIGHT OF JUNE 3RD (VERY EARLY MORNING OF THE 4TH)...HAIL UP
TO QUARTER SIZE WAS REPORTED IN THE IMMEDIATE KEARNEY AREA. THERE
WERE NO CONFIRMED TORNADOES WITHIN BUFFALO COUNTY DURING JUNE 2015.

ALTHOUGH NOT NECESSARILY THE TRUE PEAK GUST OF THE MONTH...THE
HIGHEST KNOWN WIND GUST AT THE AIRPORT WAS ONLY 40 MPH FROM THE
NORTH ON THE 18TH.

(PLEASE NOTE THIS WAS NOT NECESSARILY THE TRUE PEAK GUST OF THE
MONTH...AS THIS AUTOMATED SYSTEM ONLY TRANSMITS ROUTINE WIND
OBSERVATIONS EVERY 20 MINUTES).

$$

PFANNKUCH
