303
CXUS53 KGID 011718
CLMEAR

OMACLMEAR 000
TTAA00 KGID 011714


CLIMATE REPORT
NATIONAL WEATHER SERVICE HASTINGS NE
1211 PM CDT SAT JUL 1 2017

...................................

...THE KEARNEY CLIMATE SUMMARY FOR THE MONTH OF JUNE 2017...

CLIMATE NORMAL PERIOD 1981 TO 2010
CLIMATE RECORD PERIOD 1894 TO 2017

WEATHER         OBSERVED          NORMAL  DEPART  LAST YEAR`S
                 VALUE   DATE(S)  VALUE   FROM    VALUE  DATE(S)
                                          NORMAL
................................................................
TEMPERATURE (F)
HIGHEST            99   06/21        97       2       99  06/21
                        06/13                             06/17
                                                          06/15
LOWEST             50   06/24        45       5       48  06/07
AVG. MAXIMUM     87.0              82.0     5.0     88.4
AVG. MINIMUM     61.6              57.6     4.0     62.0
MEAN             74.3              69.8     4.5     75.2
DAYS MAX >= 90     11               5.5     5.5       15
DAYS MAX <= 32      0               0.0     0.0        0
DAYS MIN <= 32      0               0.0     0.0        0
DAYS MIN <= 0       0               0.0     0.0        0

PRECIPITATION (INCHES)
TOTALS           1.36              3.93   -2.57     0.46
DAILY AVG.       0.05              0.13   -0.08
DAYS >= .01         8              10.0    -2.0
DAYS >= .10         3               6.8    -3.8
DAYS >= .50         1               2.4    -1.4
DAYS >= 1.00        0               1.1    -1.1
GREATEST
 24 HR. TOTAL    0.56   06/27 TO 06/27

DEGREE_DAYS
HEATING TOTAL       2                35     -33       MM
COOLING TOTAL     291               179     112       MM
.................................................................

WIND (MPH)
AVERAGE WIND SPEED              10.2
HIGHEST WIND SPEED/DIRECTION    29/140
HIGHEST GUST SPEED/DIRECTION    37/140

AVERAGE RH (PERCENT)     57


-  INDICATES NEGATIVE NUMBERS.
R  INDICATES RECORD WAS SET OR TIED.
MM INDICATES DATA IS MISSING.
T  INDICATES TRACE AMOUNT.

&&

THE PRECIPITATION DATA SHOWN ABOVE IS RECORDED BY THE AUTOMATED
WEATHER OBSERVING SYSTEM AT THE KEARNEY AIRPORT. THE PRECIPITATION
IS DEPICTED FOR A CALENDAR DAY FROM MIDNIGHT TO MIDNIGHT. SNOWFALL
IS NOT RECORDED BY THAT SYSTEM.

THE OFFICIAL PRECIPITATION...SNOWFALL...AND SNOW DEPTH OBSERVATION
FOR KEARNEY IS RECORDED DAILY BY THE COOPERATIVE OBSERVER AT 7 AM.
THAT INFORMATION FOLLOWS...

...KEARNEY 4NE COOPERATIVE OBSERVER REPORT FOR JUNE 2017...

PRECIPITATION (IN)
MONTH TO DATE...........................  1.93
YEAR TO DATE............................ 12.66

SNOWFALL (IN)
     MONTH TO DATE......................  0.0
     SEASONAL TOTAL (SINCE JULY 1ST).... 13.2

$$
