000
CXUS52 KAKQ 011207
CLMECG


CLIMATE REPORT
NATIONAL WEATHER SERVICE WAKEFIELD, VA
807 AM EDT FRI SEP 1 2017

...................................

...THE ELIZABETH CITY NC CLIMATE SUMMARY FOR THE MONTH OF AUGUST 2017...

CLIMATE NORMAL PERIOD 1981 TO 2010
CLIMATE RECORD PERIOD 1934 TO 2017

WEATHER         OBSERVED          NORMAL  DEPART  LAST YEAR`S
                 VALUE   DATE(S)  VALUE   FROM    VALUE  DATE(S)
                                          NORMAL
................................................................
TEMPERATURE (F)
RECORD
 HIGH             101   08/29/1948
 LOW               49   08/30/1965
HIGHEST            93   08/18        88       5       95  08/14
LOWEST             59   08/01        68      -9       60  08/24
AVG. MAXIMUM     85.7              86.6    -0.9     89.1
AVG. MINIMUM     71.3              68.7     2.6     72.7
MEAN             78.5              77.6     0.9     80.9
DAYS MAX >= 90      7               8.2    -1.2       12
DAYS MAX <= 32      0               0.0     0.0        0
DAYS MIN <= 32      0               0.0     0.0        0
DAYS MIN <= 0       0               0.0     0.0        0

PRECIPITATION (INCHES)
RECORD
 MAXIMUM           MM   MM
 MINIMUM           MM   MM
TOTALS           6.01              6.64   -0.63     3.14
DAILY AVG.       0.19              0.21   -0.02     0.10
DAYS >= .01        12              13.6    -1.6        9
DAYS >= .10        10               7.2     2.8        6
DAYS >= .50         5               3.4     1.6        2
DAYS >= 1.00        2               2.1    -0.1        1
GREATEST
 24 HR. TOTAL    1.43   08/12 TO 08/12

DEGREE_DAYS
HEATING TOTAL       0                 0       0        0
 SINCE 7/1          0                 0       0        0
COOLING TOTAL     423               392      31      501
 SINCE 1/1       1546              1296     250     1507
.................................................................

WIND (MPH)
AVERAGE WIND SPEED              7.8
HIGHEST WIND SPEED/DIRECTION    37/330    DATE  08/23
HIGHEST GUST SPEED/DIRECTION    45/320    DATE  08/23

SKY COVER
POSSIBLE SUNSHINE (PERCENT)   MM
AVERAGE SKY COVER           0.40

AVERAGE RH (PERCENT)     82

WEATHER CONDITIONS. NUMBER OF DAYS WITH
THUNDERSTORM              0     MIXED PRECIP               0
HEAVY RAIN                9     RAIN                       9
LIGHT RAIN               16     FREEZING RAIN              0
LT FREEZING RAIN          0     HAIL                       0
HEAVY SNOW                0     SNOW                       0
LIGHT SNOW                0     SLEET                      0
FOG                      17     FOG W/VIS <= 1/4 MILE      2
HAZE                      1

-  INDICATES NEGATIVE NUMBERS.
R  INDICATES RECORD WAS SET OR TIED.
MM INDICATES DATA IS MISSING.
T  INDICATES TRACE AMOUNT.

$$
