000
CXUS51 KRLX 030649
CLMEKN


CLIMATE REPORT
NATIONAL WEATHER SERVICE CHARLESTON WV
148 AM EST FRI MAR 3 2017

...................................

...THE ELKINS CLIMATE SUMMARY FOR THE MONTH OF FEBRUARY 2017...

CLIMATE NORMAL PERIOD 1981 TO 2010
CLIMATE RECORD PERIOD 1899 TO 2017

WEATHER         OBSERVED          NORMAL  DEPART  LAST YEAR`S
                 VALUE   DATE(S)  VALUE   FROM    VALUE  DATE(S)
                                          NORMAL
................................................................
TEMPERATURE (F)
RECORD
 HIGH              77   02/24/2017
                        02/11/1932
                        08/17/1988
 LOW              -22   02/05/1996
                        02/08/1977
HIGHEST            77R  02/24        MM      MM       66  02/20
LOWEST              9   02/10        MM      MM       -9  02/14
AVG. MAXIMUM     52.7              42.8     9.9     43.5
AVG. MINIMUM     28.4              21.5     6.9     23.1
MEAN             40.6              32.2     8.4     33.3
DAYS MAX >= 90      0               0.0     0.0        0
DAYS MAX <= 32      2               5.6    -3.6
DAYS MIN <= 32     18              22.9    -4.9       22
DAYS MIN <= 0       0               1.1    -1.1        2

PRECIPITATION (INCHES)
RECORD
 MAXIMUM         6.51   1994
 MINIMUM         0.79   1978
TOTALS           2.16              3.10   -0.94     3.01
DAILY AVG.       0.08              0.11   -0.03     0.10
DAYS >= .01        13              15.5    -2.5       15
DAYS >= .10         6               8.2    -2.2        9
DAYS >= .50         1               1.5    -0.5        1
DAYS >= 1.00        0               0.4    -0.4        0
GREATEST
 24 HR. TOTAL    0.77   02/12 TO 02/12           02/21 TO 02/21
                                                          02/21 TO 02/21
                                                          02/21 TO 02/21
 STORM TOTAL       MM                                 MM
 (MM/DD(HH))            MM                    02/21(00) TO 02/21(00)
                                                 02/21(00) TO 02/21(00)1
                                                 02/21(00) TO 02/21(00)1

SNOWFALL (INCHES)
RECORDS
 TOTAL           43.8   2010
TOTALS            9.9              18.7    -8.8     19.8
SINCE 7/1        30.4              65.5   -35.1     47.7
SNOWDEPTH AVG.      0                 3      -3        1
DAYS >= 1.0         2               6.1    -4.1        8
GREATEST
 SNOW DEPTH         2   02/16                          6
                        02/10
 24 HR TOTAL      7.9   MM                       02/21 TO 02/21
                                                          02/21 TO 02/21
                                                          02/21 TO 02/21

DEGREE_DAYS
HEATING TOTAL     678               920    -242      912
 SINCE 7/1       3403              4321    -918     3742
COOLING TOTAL       0                 0       0        0
 SINCE 1/1          0                 0       0        0
..................................................

WIND (MPH)
AVERAGE WIND SPEED              6.2
HIGHEST WIND SPEED/DIRECTION    33/300    DATE  02/12
HIGHEST GUST SPEED/DIRECTION    47/310    DATE  02/12

SKY COVER
POSSIBLE SUNSHINE (PERCENT)   MM
AVERAGE SKY COVER           0.60
NUMBER OF DAYS FAIR            7
NUMBER OF DAYS PC             11
NUMBER OF DAYS CLOUDY         10

AVERAGE RH (PERCENT)     61

WEATHER CONDITIONS. NUMBER OF DAYS WITH
THUNDERSTORM              0     MIXED PRECIP               0
HEAVY RAIN                2     RAIN                       4
LIGHT RAIN               11     FREEZING RAIN              0
LT FREEZING RAIN          0     HAIL                       0
HEAVY SNOW                2     SNOW                       3
LIGHT SNOW                8     SLEET                      0
FOG                      13     FOG W/VIS <= 1/4 MILE      2
HAZE                      4

-  INDICATES NEGATIVE NUMBERS.
R  INDICATES RECORD WAS SET OR TIED.
MM INDICATES DATA IS MISSING.
T  INDICATES TRACE AMOUNT.

$$
