000
CXUS55 KLKN 020208
CLMELY


CLIMATE REPORT
NATIONAL WEATHER SERVICE ELKO NV
656 PM PDT TUE JUL 1 2014

...................................

...THE ELY AIRPORT NV CLIMATE SUMMARY FOR THE MONTH OF JUNE 2014...

CLIMATE NORMAL PERIOD 1981 TO 2010
CLIMATE RECORD PERIOD 1893 TO 2014

WEATHER         OBSERVED          NORMAL  DEPART  LAST YEAR`S
                 VALUE   DATE(S)  VALUE   FROM    VALUE  DATE(S)
                                          NORMAL
................................................................
TEMPERATURE (F)
RECORD
 HIGH              99   06/29/2013
                        06/22/1954
                        08/04/1978
 LOW               18   06/14/1976
HIGHEST            92   06/29        91       1       99  06/29
LOWEST             25   06/18        28      -3       30  06/20
                                                          06/14
AVG. MAXIMUM     81.7              79.0     2.7     85.4
AVG. MINIMUM     39.8              40.9    -1.1     41.5
MEAN             60.8              60.0     0.8     63.5
DAYS MAX >= 90      2               1.9     0.1        8
DAYS MAX <= 32      0               0.0     0.0        0
DAYS MIN <= 32      4               2.5     1.5        3
DAYS MIN <= 0       0               0.0     0.0        0

PRECIPITATION (INCHES)
RECORD
 MAXIMUM         3.53   1963
 MINIMUM         0.00   1910
                        1893
TOTALS           0.18              0.67   -0.49        T
DAILY AVG.       0.01              0.02   -0.01        T
DAYS >= .01         2               4.8    -2.8        0
DAYS >= .10         1               2.1    -1.1        0
DAYS >= .50         0               0.3    -0.3        0
DAYS >= 1.00        0               0.1    -0.1        0
GREATEST
 24 HR. TOTAL    0.10   06/26 TO 06/26                 T

SNOWFALL (INCHES)
RECORDS
 TOTAL            1.7   1955
TOTALS              T               0.1    -0.1      0.0
SINCE 7/1        51.8              50.8     1.0     65.0
SNOWDEPTH AVG.      0                                  0
DAYS >= TRACE       1               0.2     0.8        0
DAYS >= 1.0         0               0.0     0.0        0
DAYS >= 5.0         0                                  0
GREATEST
 SNOW DEPTH         0   MM                             0
 24 HR TOTAL        T   06/26 TO 06/26               0.0

DEGREE_DAYS
HEATING TOTAL     140               175     -35       95
 SINCE 7/1       7016              7522    -506     7168
COOLING TOTAL      19                23      -4       57
 SINCE 1/1         21                24      -3       57
.................................................................

WIND (MPH)
AVERAGE WIND SPEED              9.5
HIGHEST WIND SPEED/DIRECTION    38/230    DATE  06/10
HIGHEST GUST SPEED/DIRECTION    46/040    DATE  06/06

AVERAGE RH (PERCENT)     29

WEATHER CONDITIONS. NUMBER OF DAYS WITH
THUNDERSTORM              0     MIXED PRECIP               0
HEAVY RAIN                0     RAIN                       1
LIGHT RAIN                3     FREEZING RAIN              0
LT FREEZING RAIN          0     HAIL                       1
HEAVY SNOW                0     SNOW                       0
LIGHT SNOW                0     SLEET                      0
FOG                       1     FOG W/VIS <= 1/4 MILE      0
HAZE                      1

-  INDICATES NEGATIVE NUMBERS.
R  INDICATES RECORD WAS SET OR TIED.
MM INDICATES DATA IS MISSING.
T  INDICATES TRACE AMOUNT.

&&

=================================================================

...30TH WARMEST JUNE ON RECORD IN ELY...
...31ST DRIEST JUNE ON RECORD IN ELY...

THE AVERAGE TEMPERATURE IN ELY DURING JUNE 2014 WAS 60.8
DEGREES...WHICH IS 0.8 DEGREES ABOVE THE 1981-2010 CLIMATOLOGICAL
NORMAL OF 60.0 DEGREES. THIS MAKES JUNE 2014 THE 30TH WARMEST ON
RECORD. THE TOTAL PRECIPITATION WAS 0.18 INCHES...WHICH IS 0.49
INCHES OR 73 PERCENT BELOW THE 1981-2010 CLIMATOLOGICAL NORMAL OF
0.67 INCHES. THIS MAKES JUNE 2014 THE 31ST DRIEST ON RECORD. THE

A DAILY RECORD LOW TEMPERATURE OF 25 DEGREES WAS SET ON JUNE 18TH.
A DAILY RECORD SNOWFALL OF A TRACE WAS SET ON JUNE 26TH.

NOTE:
THE SNOWFALL CONSISTED ENTIRELY OF HAIL AND GRAUPEL.

$$

RCM
