000
CXUS51 KCLE 012245
CLMERI


CLIMATE REPORT
NATIONAL WEATHER SERVICE CLEVELAND OH
639 PM EDT MON AUG 1 2016

...................................

...THE ERIE PA CLIMATE SUMMARY FOR THE MONTH OF JULY 2016...

CLIMATE NORMAL PERIOD 1981 TO 2010
CLIMATE RECORD PERIOD 1873 TO 2016

WEATHER         OBSERVED          NORMAL  DEPART  LAST YEAR`S
                 VALUE   DATE(S)  VALUE   FROM    VALUE
                                          NORMAL
.............................................................
TEMPERATURE (F)
RECORD
 HIGH              99   07/04/1990
 LOW               44   07/09/1963
HIGHEST            91   07/12
LOWEST             54   07/03
AVG. MAXIMUM     82.2              79.8     2.4     79.4
AVG. MINIMUM     65.7              63.5     2.2     62.1
MEAN             74.0              71.7     2.3     70.7
DAYS MAX >= 90      1               1.3    -0.3        0
DAYS MAX <= 32      0               0.0     0.0        0
DAYS MIN <= 32      0               0.0     0.0        0
DAYS MIN <= 0       0               0.0     0.0        0

PRECIPITATION (INCHES)
RECORD
 MAXIMUM        13.27   1947
 MINIMUM         0.39   1916
TOTALS           4.33              3.54    0.79     2.79
DAYS >= .01        11              10.2     0.8        9
DAYS >= .10         7               6.8     0.2        6
DAYS >= .50         3               2.4     0.6        2
DAYS >= 1.00        1               1.0     0.0        1
GREATEST
 24 HR. TOTAL    1.83   07/08 TO 07/08              1.39

SNOWFALL (INCHES)
RECORDS
 TOTAL
TOTALS            0.0               0.0     0.0      0.0
SINCE 7/1         0.0               0.0     0.0      0.0
DAYS >= 1.0         0               0.0     0.0        0
GREATEST
 24 HR TOTAL      0.0   07/31 TO 07/31

DEGREE_DAYS
HEATING TOTAL       0                 7      -7       12
 SINCE 7/1          0                 7      -7       12
COOLING TOTAL     287               213      74      199
 SINCE 1/1        513               375     138      411
..............................................................

WIND (MPH)
AVERAGE WIND SPEED              7.8
HIGHEST WIND SPEED/DIRECTION    28/250    DATE  07/13
HIGHEST GUST SPEED/DIRECTION    41/250    DATE  07/13

SKY COVER
AVERAGE SKY COVER           0.20

AVERAGE RH (PERCENT)     68

WEATHER CONDITIONS. NUMBER OF DAYS WITH
THUNDERSTORM              0     MIXED PRECIP               0
HEAVY RAIN                6     RAIN                       6
LIGHT RAIN               14     FREEZING RAIN              0
LT FREEZING RAIN          0     HAIL                       0
HEAVY SNOW                0     SNOW                       0
LIGHT SNOW                0     SLEET                      0
FOG                      12     FOG W/VIS <= 1/4 MILE      0
HAZE                     10

-  INDICATES NEGATIVE NUMBERS.
R  INDICATES RECORD WAS SET OR TIED.
MM INDICATES DATA IS MISSING.
T  INDICATES TRACE AMOUNT.

$$
