000
CXUS56 KPQR 011825
CLMEUG


CLIMATE REPORT
NATIONAL WEATHER SERVICE PORTLAND OREGON
1025 AM PST WED MAR 1 2017

...................................

...THE EUGENE OR CLIMATE SUMMARY FOR THE MONTH OF FEBRUARY 2017...

CLIMATE NORMAL PERIOD 1981 TO 2010
CLIMATE RECORD PERIOD 1892 TO 2017

WEATHER         OBSERVED          NORMAL  DEPART  LAST YEAR`S
                 VALUE   DATE(S)  VALUE   FROM    VALUE  DATE(S)
                                          NORMAL
................................................................
TEMPERATURE (F)
HIGHEST            61                                 67  02/17
LOWEST             28                                 31  02/23
                                                          02/01
AVG. MAXIMUM     49.6              51.1    -1.5     55.9
AVG. MINIMUM     36.5              34.8     1.7     39.0
MEAN             43.0              42.9     0.1     47.4
DAYS MAX >= 90      0               0.0     0.0        0
DAYS MAX <= 32      0               0.2    -0.2        0
DAYS MIN <= 32      9               9.6    -0.6        3
DAYS MIN <= 0       0               0.0     0.0        0

PRECIPITATION (INCHES)
RECORD
 MAXIMUM        16.89   1996
 MINIMUM         0.10   1920
TOTALS           9.33              5.43    3.90     2.52
DAYS >= .01        23              14.9     8.1       16
DAYS >= .10        16               9.9     6.1       10
DAYS >= .50         8               3.5     4.5        0
DAYS >= 1.00        3               1.3     1.7        0
GREATEST
 24 HR. TOTAL    2.08   02/15 TO 02/16

DEGREE_DAYS
HEATING TOTAL     607               617     -10      503
 SINCE 7/1       3201              3327    -126     2805
COOLING TOTAL       0                 0       0        0
 SINCE 1/1          0                 0       0        0
.................................................................

WIND (MPH)
AVERAGE WIND SPEED              7.9
RESULTANT WIND SPEED/DIRECTION   2/197
HIGHEST WIND SPEED/DIRECTION    32/220    DATE  02/05
HIGHEST GUST SPEED/DIRECTION    41/200    DATE  02/05

SKY COVER
POSSIBLE SUNSHINE (PERCENT)   MM
AVERAGE SKY COVER           0.80
NUMBER OF DAYS FAIR            0
NUMBER OF DAYS PC              6
NUMBER OF DAYS CLOUDY         22

AVERAGE RH (PERCENT)     86

WEATHER CONDITIONS. NUMBER OF DAYS WITH
THUNDERSTORM              0     MIXED PRECIP               0
HEAVY RAIN                1     RAIN                      13
LIGHT RAIN               23     FREEZING RAIN              1
LT FREEZING RAIN          1     HAIL                       1
HEAVY SNOW                0     SNOW                       1
LIGHT SNOW                2     SLEET                      0
FOG                      25     FOG W/VIS <= 1/4 MILE      8
HAZE                      0

-  INDICATES NEGATIVE NUMBERS.
R  INDICATES RECORD WAS SET OR TIED.
MM INDICATES DATA IS MISSING.
T  INDICATES TRACE AMOUNT.

$$
