000
CXUS53 KPAH 010634
CLMEVV
CLIMATE REPORT
NATIONAL WEATHER SERVICE PADUCAH KY
134 AM CDT MON APR 01 2024
...................................
...THE EVANSVILLE IN CLIMATE SUMMARY FOR THE MONTH OF MARCH 2024...
CLIMATE NORMAL PERIOD 1991 TO 2020
CLIMATE RECORD PERIOD 1896 TO 2024
WEATHER OBSERVED NORMAL DEPART LAST YEAR`S
VALUE DATE(S) VALUE FROM VALUE DATE(S)
NORMAL
................................................................
TEMPERATURE (F)
RECORD
HIGH 87 03/24/1929
LOW -9 03/06/1960
HIGHEST 81 03/31 80 03/01
LOWEST 26 03/11 22 03/15
03/19
03/20
AVG. MAXIMUM 63.4 56.8 6.6 57.0
AVG. MINIMUM 41.2 36.4 4.8 36.2
MEAN 52.3 46.6 5.7 46.6
DAYS MAX >= 90 0 0.0 0.0 0
DAYS MAX <= 32 0 0.6 -0.6 0
DAYS MIN <= 32 6 11.9 -5.9 10
DAYS MIN <= 0 0 0.0 0.0 0
PRECIPITATION (INCHES)
RECORD
MAXIMUM 12.84 1964
MINIMUM 0.01 1910
TOTALS 1.94 4.60 -2.66 8.57
DAILY AVG. 0.06 0.15 -0.09 0.28
DAYS >= .01 10 11.2 -1.2 13
DAYS >= .10 5 7.3 -2.3 8
DAYS >= .50 1 3.4 -2.4 3
DAYS >= 1.00 0 1.1 -1.1 2
GREATEST
24 HR. TOTAL 0.90 03/08 TO 03/08
SNOWFALL (INCHES)
RECORDS
TOTAL 20.2 1960
TOTALS T 1.1 -1.1 T
SINCE 7/1 1.5 10.8 -9.3 MM
SNOWDEPTH AVG. 0 0
DAYS >= TRACE 1
DAYS >= 1.0 0 0.4 -0.4 0
GREATEST
SNOW DEPTH 0 0 MM
24 HR TOTAL MM
STORM TOTAL 0.0
(MM/DD(HH))
DEGREE DAYS
HEATING TOTAL 400 574 -174 563
SINCE 7/1 3272 4001 -729 MM
COOLING TOTAL 14 4 10 0
SINCE 1/1 17 4 13 MM
FREEZE DATES
EARLIEST 10/31
LATEST 04/24
................................................................
WIND (MPH)
AVERAGE WIND SPEED 8.0
HIGHEST WIND SPEED/DIRECTION 31/210 DATE 03/19
HIGHEST GUST SPEED/DIRECTION 44/210 DATE 03/26
SKY COVER
POSSIBLE SUNSHINE (PERCENT) MM
AVERAGE SKY COVER 0.39
NUMBER OF DAYS FAIR 14
NUMBER OF DAYS PC 12
NUMBER OF DAYS CLOUDY 5
AVERAGE RH (PERCENT) 63
WEATHER CONDITIONS. NUMBER OF DAYS WITH
THUNDERSTORM 3 MIXED PRECIP 0
HEAVY RAIN 4 RAIN 5
LIGHT RAIN 11 FREEZING RAIN 0
LT FREEZING RAIN 0 HAIL 0
HEAVY SNOW 0 SNOW 0
LIGHT SNOW 1 SLEET 0
FOG 13 FOG W/VIS <= 1/4 MILE 4
HAZE 2
- INDICATES NEGATIVE NUMBERS.
R INDICATES RECORD WAS SET OR TIED.
MM INDICATES DATA IS MISSING.
T INDICATES TRACE AMOUNT.
$$