000
CXUS52 KMHX 061212
CLMEWN


CLIMATE REPORT
NATIONAL WEATHER SERVICE NEWPORT/MOREHEAD CITY NC
810 AM EDT TUE JUN 6 2017

...................................

...THE NEW BERN NC CLIMATE SUMMARY FOR THE MONTH OF MAY 2017...

CLIMATE NORMAL PERIOD 1981 TO 2010
CLIMATE RECORD PERIOD 1948 TO 2017

WEATHER         OBSERVED          NORMAL  DEPART  LAST YEAR`S
                 VALUE   DATE(S)  VALUE   FROM    VALUE  DATE(S)
                                          NORMAL
................................................................
TEMPERATURE (F)
RECORD
 HIGH             100   MM
 LOW               43   05/10/2010
HIGHEST            92   05/20                         88  05/25
                                                          05/09
LOWEST             44   05/09                         46  05/16
AVG. MAXIMUM     81.1              80.3     0.8     78.7
AVG. MINIMUM     61.1              58.7     2.4     59.6
MEAN             71.1              69.5     1.6     69.1
DAYS MAX >= 90      5               2.0     3.0        0
DAYS MAX <= 32      0               0.0     0.0        0
DAYS MIN <= 32      0               0.0     0.0        0
DAYS MIN <= 0       0               0.0     0.0        0

PRECIPITATION (INCHES)
RECORD
 MAXIMUM        10.10   2003
 MINIMUM         0.47   2011
TOTALS           4.89              4.15    0.74     6.68
DAILY AVG.       0.16              0.13    0.03     0.22
DAYS >= .01        16              10.4     5.6       14
DAYS >= .10         8               6.8     1.2       11
DAYS >= .50         3               2.8     0.2        5
DAYS >= 1.00        1               1.2    -0.2        2
GREATEST
 24 HR. TOTAL    1.14   05/31 TO 05/31

DEGREE_DAYS
HEATING TOTAL      28                34      -6       34
 SINCE 7/1       2234              2701    -467     2112
COOLING TOTAL     224               173      51      169
 SINCE 1/1        372               243     129      270
.................................................................

WIND (MPH)
AVERAGE WIND SPEED              7.5
RESULTANT WIND SPEED/DIRECTION   3/229
HIGHEST WIND SPEED/DIRECTION    35/230    DATE  05/31
HIGHEST GUST SPEED/DIRECTION    47/240    DATE  05/05

SKY COVER
POSSIBLE SUNSHINE (PERCENT)   MM
AVERAGE SKY COVER           0.30
NUMBER OF DAYS FAIR           20
NUMBER OF DAYS PC              8
NUMBER OF DAYS CLOUDY          3

AVERAGE RH (PERCENT)     75

WEATHER CONDITIONS. NUMBER OF DAYS WITH
THUNDERSTORM             10     MIXED PRECIP               0
HEAVY RAIN                8     RAIN                       6
LIGHT RAIN               18     FREEZING RAIN              0
LT FREEZING RAIN          0     HAIL                       0
HEAVY SNOW                0     SNOW                       0
LIGHT SNOW                0     SLEET                      0
FOG                      23     FOG W/VIS <= 1/4 MILE      2
HAZE                      3

-  INDICATES NEGATIVE NUMBERS.
R  INDICATES RECORD WAS SET OR TIED.
MM INDICATES DATA IS MISSING.
T  INDICATES TRACE AMOUNT.

$$
