314
CXUS51 KOKX 011500 RRA
CLMEWR

CLIMATE REPORT
NATIONAL WEATHER SERVICE NEW YORK NY
1056 AM EDT SAT APR 1 2017

...................................

...THE NEWARK NJ CLIMATE SUMMARY FOR THE MONTH OF MARCH 2017...

CLIMATE NORMAL PERIOD 1981 TO 2010
CLIMATE RECORD PERIOD 1929 TO 2017

WEATHER         OBSERVED          NORMAL  DEPART  LAST YEAR`S
                 VALUE   DATE(S)  VALUE   FROM    VALUE  DATE(S)
                                          NORMAL
................................................................
TEMPERATURE (F)
RECORD
 HIGH              89   03/29/1945
 LOW                6   03/04/1943
HIGHEST            73   03/01        MM      MM       82  03/09
LOWEST             14   03/05        MM      MM       26  03/03
AVG. MAXIMUM     48.3              50.7    -2.4     58.8
AVG. MINIMUM     31.3              33.6    -2.3     39.4
MEAN             39.8              42.1    -2.3     49.1
DAYS MAX >= 90      0               0.0     0.0        0
DAYS MAX <= 32      5               0.7     4.3        0
DAYS MIN <= 32     16              12.4     3.6        6
DAYS MIN <= 0       0               0.0     0.0        0

PRECIPITATION (INCHES)
RECORD
 MAXIMUM        11.14   1983
 MINIMUM         0.72   1910
TOTALS           5.07              4.18    0.89     1.38
DAILY AVG.       0.16              0.13    0.03     0.04
DAYS >= .01        11              11.0     0.0        8
DAYS >= .10         6               6.9    -0.9        5
DAYS >= .50         3               2.7     0.3        1
DAYS >= 1.00        2               0.9     1.1        0
GREATEST
 24 HR. TOTAL    2.06   03/31 TO 03/31           03/14 TO 03/14
                                                          03/13 TO 03/14
                                                          03/14 TO 03/14
 STORM TOTAL       MM                                 MM
 (MM/DD(HH))            MM                    03/14(00) TO 03/14(00)
                                                 03/14(00) TO 03/14(00)4
                                                 03/14(00) TO 03/14(00)4

SNOWFALL (INCHES)
TOTALS            9.4               4.6     4.8      1.6
 LIQUID EQUIV    0.94              0.50    0.44     0.16
SINCE 7/1        30.0              27.6     2.4     36.4
 LIQUID 7/1      3.00              2.80    0.20     3.64
SNOWDEPTH AVG.      1                MM      MM        0
DAYS >= TRACE       7               2.4     4.6        3
DAYS >= 1.0         2               1.3     0.7        1
GREATEST
 SNOW DEPTH         5   03/16                          1  03/04
                        03/15
 24 HR TOTAL      6.9   03/14 TO 03/14           03/14 TO 03/14
                                                          03/14 TO 03/14
                                                          03/14 TO 03/14
 STORM TOTAL       MM                                 MM
 (MM/DD(HH))            MM                    03/14(00) TO 03/14(00)
                                                 03/14(00) TO 03/14(00)4
                                                 03/14(00) TO 03/14(00)4

DEGREE_DAYS
HEATING TOTAL     772               709      63      494
 SINCE 7/1       3781              4344    -563     3367
COOLING TOTAL       0                 1      -1        5
 SINCE 1/1          0                 1      -1        5
.....................................................

WIND (MPH)
AVERAGE WIND SPEED              12.6
HIGHEST WIND SPEED/DIRECTION    43/260    DATE  03/02
HIGHEST GUST SPEED/DIRECTION    57/270    DATE  03/02


WEATHER CONDITIONS. NUMBER OF DAYS WITH
THUNDERSTORM              0     MIXED PRECIP               0
HEAVY RAIN                4     RAIN                       3
LIGHT RAIN               13     FREEZING RAIN              0
LT FREEZING RAIN          0     HAIL                       0
HEAVY SNOW                0     SNOW                       3
LIGHT SNOW                7     SLEET                      1
FOG                       8     FOG W/VIS <= 1/4 MILE      1
HAZE                      1

-  INDICATES NEGATIVE NUMBERS.
R  INDICATES RECORD WAS SET OR TIED.
MM INDICATES DATA IS MISSING.
T  INDICATES TRACE AMOUNT.

$$
