000
CXUS52 KKEY 040229
CLMEYW

CLIMATE REPORT
NATIONAL WEATHER SERVICE KEY WEST, FL
924 PM EST TUE FEB 3 2015

...................................

...THE KEY WEST CLIMATE SUMMARY FOR THE MONTH OF JANUARY 2015...

CLIMATE NORMAL PERIOD 1981 TO 2010
CLIMATE RECORD PERIOD 1871 TO 2015

WEATHER         OBSERVED          NORMAL  DEPART  LAST YEAR`S
                 VALUE   DATE(S)  VALUE   FROM    VALUE  DATE(S)
                                          NORMAL
................................................................
TEMPERATURE (F)
RECORD
 HIGH              90   01/16/1877
 LOW               41   01/13/1981
                        01/12/1886
HIGHEST            82   01/06                         82  01/01
                        01/05
                        01/04
LOWEST             60   01/29                         55  01/07
AVG. MAXIMUM     76.5              74.3     2.2     74.1
AVG. MINIMUM     67.9              64.2     3.7     64.0
MEAN             72.2              69.3     2.9     69.1
DAYS MAX >= 90      0               0.0     0.0        0
DAYS MAX <= 32      0               0.0     0.0        0
DAYS MIN <= 32      0               0.0     0.0        0
DAYS MIN <= 0       0               0.0     0.0        0

PRECIPITATION (INCHES)
RECORD
 MAXIMUM        17.64   1983
 MINIMUM            T   1990
TOTALS           1.03              2.04   -1.01     6.68
DAILY AVG.       0.03              0.07   -0.04     0.22
DAYS >= .01         6               6.2    -0.2        9
DAYS >= .10         3               3.1    -0.1        7
DAYS >= .50         1               0.9     0.1        3
DAYS >= 1.00        0               0.4    -0.4        2

SNOWFALL (INCHES)
RECORDS
 TOTAL                  5
TOTALS            0.0               0.0     0.0      0.0
SINCE 7/1         0.0               0.0     0.0      0.0
SNOWDEPTH AVG.      0                                  0
DAYS >= 1.0         0               0.0     0.0        0
GREATEST
 SNOW DEPTH         0                                  0
 24 HR TOTAL      0.0

DEGREE_DAYS
HEATING TOTAL       0                33     -33       22
 SINCE 7/1          6                51     -45       22
COOLING TOTAL     231               165      66      157
 SINCE 1/1        231               159      72      157
.................................................................

WIND (MPH)
AVERAGE WIND SPEED              10.1
HIGHEST WIND SPEED/DIRECTION    24/320    DATE  01/26
HIGHEST GUST SPEED/DIRECTION    34/360    DATE  01/08

SKY COVER
POSSIBLE SUNSHINE (PERCENT)   MM
AVERAGE SKY COVER           0.30
NUMBER OF DAYS FAIR           23
NUMBER OF DAYS PC              8
NUMBER OF DAYS CLOUDY          0

AVERAGE RH (PERCENT)     77

WEATHER CONDITIONS. NUMBER OF DAYS WITH
THUNDERSTORM              0     MIXED PRECIP               0
HEAVY RAIN                3     RAIN                       3
LIGHT RAIN               16     FREEZING RAIN              0
LT FREEZING RAIN          0     HAIL                       0
HEAVY SNOW                0     SNOW                       0
LIGHT SNOW                0     SLEET                      0
FOG                       6     FOG W/VIS <= 1/4 MILE      0
HAZE                      0

-  INDICATES NEGATIVE NUMBERS.
R  INDICATES RECORD WAS SET OR TIED.
MM INDICATES DATA IS MISSING.
T  INDICATES TRACE AMOUNT.

$$
