000
CXUS56 KHNX 011604
CLMFAT


CLIMATE REPORT
NATIONAL WEATHER SERVICE SAN JOAQUIN VALLEY, CA
856 AM PDT TUE NOV 1 2016

...................................

...THE FRESNO CA CLIMATE SUMMARY FOR THE MONTH OF OCTOBER 2016...

CLIMATE NORMAL PERIOD 1981 TO 2010
CLIMATE RECORD PERIOD 1887 TO 2016

WEATHER         OBSERVED          NORMAL  DEPART  LAST YEAR`S
                 VALUE   DATE(S)  VALUE   FROM    VALUE  DATE(S)
                                          NORMAL
................................................................
TEMPERATURE (F)
RECORD
 HIGH             102   10/04/1980
 LOW               27   10/30/1972
HIGHEST            92   10/09        MM      MM       97  10/10
LOWEST             48   10/19        MM      MM       52  10/31
                                                          10/30
                                                          10/26
AVG. MAXIMUM     78.7              79.5    -0.8     83.1
AVG. MINIMUM     54.1              53.0     1.1     59.4
MEAN             66.4              66.2     0.2     71.3
DAYS MAX >= 90      1               3.3    -2.3        7
DAYS MIN <= 32      0               0.0     0.0        0

PRECIPITATION (INCHES)
RECORD
 MAXIMUM         3.21   1904
TOTALS           0.67              0.63    0.04     0.49
DAYS >= .01         6               2.5     3.5        5
DAYS >= .10         2               1.3     0.7        2
DAYS >= .50         0               0.4    -0.4        0
DAYS >= 1.00        0               0.1    -0.1        0
GREATEST
 24 HR. TOTAL    0.59   10/27 TO 10/28

SNOWFALL (INCHES)
RECORDS
 TOTAL            0.0
TOTALS            0.0               0.0

DEGREE_DAYS
HEATING TOTAL      23                61     -38        5
 SINCE 7/1         25                63     -38        5
COOLING TOTAL      73               100     -27      205
 SINCE 1/1       2332              2122     210     2522
.................................................................

WIND (MPH)
AVERAGE WIND SPEED              6.0
HIGHEST WIND SPEED/DIRECTION    26/180    DATE  10/16
HIGHEST GUST SPEED/DIRECTION    33/140    DATE  10/16

AVERAGE RH (PERCENT)     53

WEATHER CONDITIONS. NUMBER OF DAYS WITH
THUNDERSTORM              0     RAIN                       1
HAIL                      0     FOG                        3
FOG W/VIS <= 1/4 MILE     1     HAZE                       8

-  INDICATES NEGATIVE NUMBERS.
R  INDICATES RECORD WAS SET OR TIED.
MM INDICATES DATA IS MISSING.
T  INDICATES TRACE AMOUNT.

$$
