000
CXUS56 KHNX 011813
CLMFAT


CLIMATE REPORT
NATIONAL WEATHER SERVICE SAN JOAQUIN VALLEY, CA
1112 AM PDT FRI APR 1 2016

...................................

...THE FRESNO CA CLIMATE SUMMARY FOR THE MONTH OF MARCH 2016...

CLIMATE NORMAL PERIOD 1981 TO 2010
CLIMATE RECORD PERIOD 1887 TO 2016

WEATHER         OBSERVED          NORMAL  DEPART  LAST YEAR`S
                 VALUE   DATE(S)  VALUE   FROM    VALUE  DATE(S)
                                          NORMAL
................................................................
TEMPERATURE (F)
RECORD
 HIGH              91   03/27/2015
                        03/15/2015
                        55/11/2629
 LOW               26   03/03/1966
                        03/02/1953
HIGHEST            79   03/18        MM      MM       91  03/27
                        03/01                             03/15
LOWEST             40   03/29        MM      MM       41  03/03
                        03/23                             03/01
AVG. MAXIMUM     69.2              67.6     1.6     77.7
AVG. MINIMUM     48.2              45.6     2.6     50.3
MEAN             58.7              56.6     2.1     64.0
DAYS MAX >= 90      0               0.0     0.0        2
DAYS MIN <= 32      0               0.1    -0.1        0

PRECIPITATION (INCHES)
RECORD
 MAXIMUM         7.24   1991
TOTALS           2.93              2.03    0.90     0.06
DAYS >= .01         7               7.5    -0.5        2
DAYS >= .10         6               4.9     1.1        0
DAYS >= .50         3               1.3     1.7        0
DAYS >= 1.00        1               0.2     0.8        0
GREATEST
 24 HR. TOTAL    1.01   03/06 TO 03/07
                        03/07 TO 03/07
                        03/07 TO 03/08

SNOWFALL (INCHES)
RECORDS
 TOTAL            0.2   5
                        0
                        -26215
TOTALS            0.0               0.0

DEGREE_DAYS
HEATING TOTAL     189               265     -76       83
 SINCE 7/1       1890              2177    -287     1409
COOLING TOTAL       1                 5      -4       58
 SINCE 1/1          1                 5      -4       58
.................................................................

WIND (MPH)
AVERAGE WIND SPEED              5.7
HIGHEST WIND SPEED/DIRECTION    26/290    DATE  03/22
HIGHEST GUST SPEED/DIRECTION    32/300    DATE  03/22

AVERAGE RH (PERCENT)     66

WEATHER CONDITIONS. NUMBER OF DAYS WITH
THUNDERSTORM              0     RAIN                       5
HAIL                      0     FOG                       13
FOG W/VIS <= 1/4 MILE     1     HAZE                       9

-  INDICATES NEGATIVE NUMBERS.
R  INDICATES RECORD WAS SET OR TIED.
MM INDICATES DATA IS MISSING.
T  INDICATES TRACE AMOUNT.

$$
