000
CXUS52 KRAH 011358
CLMFAY


CLIMATE REPORT
NATIONAL WEATHER SERVICE RALEIGH NC
956 AM EDT WED NOV 1 2017

...................................

...THE FAYETTEVILLE REGL AIRPORT NC CLIMATE SUMMARY FOR THE MONTH OF OCTOBER 2017...

CLIMATE NORMAL PERIOD 1981 TO 2010
CLIMATE RECORD PERIOD 1910 TO 2017

WEATHER         OBSERVED          NORMAL  DEPART  LAST YEAR`S
                 VALUE   DATE(S)  VALUE   FROM    VALUE
                                          NORMAL
.............................................................
TEMPERATURE (F)
RECORD
 HIGH             101   10/07/1954
 LOW               21   10/27/1962
HIGHEST            90   10/10                         88
LOWEST             38   10/30                         40
AVG. MAXIMUM     78.4              74.9     3.5     78.3
AVG. MINIMUM     55.0              52.0     3.0     55.3
MEAN             66.7              63.5     3.2     66.8
DAYS MAX >= 90      1                                  0
DAYS MAX <= 32      0                                  0
DAYS MIN <= 32      0                                  0
DAYS MIN <= 0       0                                  0

PRECIPITATION (INCHES)
RECORD
 MAXIMUM        15.02   2016
TOTALS           2.76              3.21   -0.45    15.02
DAYS >= .01         7
DAYS >= .10         5
DAYS >= .50         4
DAYS >= 1.00        0
GREATEST
 24 HR. TOTAL    0.92   10/07 TO 10/08

DEGREE_DAYS
HEATING TOTAL      79               118     -39       49
 SINCE 7/1         81               127     -46       49
COOLING TOTAL     140                70      70      111
 SINCE 1/1       2443              1978     465     2511
..............................................................

WIND (MPH)
AVERAGE WIND SPEED              6.5
HIGHEST WIND SPEED/DIRECTION    28/280    DATE  10/29
HIGHEST GUST SPEED/DIRECTION    39/140    DATE  10/23

SKY COVER
POSSIBLE SUNSHINE (PERCENT)   MM
AVERAGE SKY COVER           0.30
NUMBER OF DAYS FAIR           18
NUMBER OF DAYS PC              9
NUMBER OF DAYS CLOUDY          4

AVERAGE RH (PERCENT)     74

WEATHER CONDITIONS. NUMBER OF DAYS WITH
THUNDERSTORM              3     MIXED PRECIP               0
HEAVY RAIN                3     RAIN                       4
LIGHT RAIN                8     FREEZING RAIN              0
LT FREEZING RAIN          0     HAIL                       0
HEAVY SNOW                0     SNOW                       0
LIGHT SNOW                0     SLEET                      0
FOG                      17     FOG W/VIS <= 1/4 MILE      3
HAZE                      0

-  INDICATES NEGATIVE NUMBERS.
R  INDICATES RECORD WAS SET OR TIED.
MM INDICATES DATA IS MISSING.
T  INDICATES TRACE AMOUNT.

&&

RECORDS

THE LOW TEMPERATURE AT THE FAYETTEVILLE REGIONAL AIRPORT ON
OCTOBER 8TH, 2017 WAS 75 DEGREES. THIS TIED THE RECORD HIGH MINIMUM
TEMPERATURE SET IN 1941.

THE LOW TEMPERATURE AT THE FAYETTEVILLE REGIONAL AIRPORT ON
OCTOBER 9TH, 2017 WAS 76 DEGREES. THIS BROKE THE RECORD HIGH MINIMUM
TEMPERATURE OF 70 DEGREES SET IN 2007.

THE LOW TEMPERATURE AT THE FAYETTEVILLE REGIONAL AIRPORT ON
OCTOBER 10TH, 2017 WAS 76 DEGREES. THIS BROKE THE RECORD HIGH MINIMUM
TEMPERATURE OF 72 DEGREES SET IN 1959.

THE LOW TEMPERATURE AT THE FAYETTEVILLE REGIONAL AIRPORT ON
OCTOBER 11TH, 2017 WAS 75 DEGREES. THIS BROKE THE RECORD HIGH MINIMUM
TEMPERATURE OF 68 DEGREES SET IN 2002.

THE LOW TEMPERATURE AT THE FAYETTEVILLE REGIONAL AIRPORT ON
OCTOBER 12TH, 2017 WAS 71 DEGREES. THIS BROKE THE RECORD HIGH MINIMUM
TEMPERATURE 0F 68 DEGREES SET IN 1990.

$$
