000
CXUS55 KFGZ 072143
CLMFLG


CLIMATE REPORT
NATIONAL WEATHER SERVICE FLAGSTAFF, AZ
243 PM MST TUE MAR 7 2017

...................................

...THE FLAGSTAFF AZ AIRPORT CLIMATE SUMMARY FOR THE MONTH OF FEBRUARY 2017...

CLIMATE NORMAL PERIOD 1981 TO 2010
CLIMATE RECORD PERIOD 1898 TO 2017

WEATHER         OBSERVED          NORMAL  DEPART  LAST YEAR`S
                 VALUE   DATE(S)  VALUE   FROM    VALUE  DATE(S)
                                          NORMAL
................................................................
TEMPERATURE (F)
RECORD
 HIGH              71   02/26/1986
 LOW              -23   02/01/1985
HIGHEST            63   02/09                         65  02/16
LOWEST             13   02/25                         -9  02/03
AVG. MAXIMUM     45.9              44.8     1.1     53.5
AVG. MINIMUM     25.7              19.3     6.4     19.0
MEAN             35.8              32.1     3.7     36.3
DAYS MAX >= 90      0               0.0     0.0        0
DAYS MAX <= 32      1               2.0    -1.0        4
DAYS MIN <= 32     23              27.1    -4.1       27
DAYS MIN <= 0       0               0.7    -0.7        2

PRECIPITATION (INCHES)
RECORD
 MAXIMUM        10.05   1993
 MINIMUM            T   1967
TOTALS           2.33              2.16    0.17     0.37
DAILY AVG.       0.08              0.08    0.00     0.01
DAYS >= .01         8               8.1    -0.1        1
DAYS >= .10         5               4.8     0.2        1
DAYS >= .50         2               1.1     0.9        0
DAYS >= 1.00        0               0.4    -0.4        0
GREATEST
 24 HR. TOTAL    1.59   02/27 TO 02/28              0.37

SNOWFALL (INCHES)
RECORDS
 TOTAL           84.3   1901
TOTALS           18.2              20.9              7.8
SINCE 7/1        82.3              73.2     9.1     71.7
SNOWDEPTH AVG.      2                 7      -5        5
GREATEST
 SNOW DEPTH        16   02/28                         14  02/02
 24 HR TOTAL      9.1   MM                           7.8

DEGREE_DAYS
HEATING TOTAL     812               923    -111      828
 SINCE 7/1       4465              4839    -374     4687
COOLING TOTAL       0                 0       0        0
 SINCE 1/1          0                 0       0        0
.................................................................

WIND (MPH)
AVERAGE WIND SPEED              8.2
HIGHEST WIND SPEED/DIRECTION    30/220    DATE  02/22
HIGHEST GUST SPEED/DIRECTION    41/230    DATE  02/22

SKY COVER
POSSIBLE SUNSHINE (PERCENT)   MM
AVERAGE SKY COVER           0.40
NUMBER OF DAYS FAIR           15
NUMBER OF DAYS PC              5
NUMBER OF DAYS CLOUDY          8

AVERAGE RH (PERCENT)     71

WEATHER CONDITIONS. NUMBER OF DAYS WITH
THUNDERSTORM              0     MIXED PRECIP               0
HEAVY RAIN                0     RAIN                       1
LIGHT RAIN                5     FREEZING RAIN              0
LT FREEZING RAIN          0     HAIL                       0
HEAVY SNOW                2     SNOW                       2
LIGHT SNOW                8     SLEET                      0
FOG                      13     FOG W/VIS <= 1/4 MILE      6
HAZE                      8

-  INDICATES NEGATIVE NUMBERS.
R  INDICATES RECORD WAS SET OR TIED.
MM INDICATES DATA IS MISSING.
T  INDICATES TRACE AMOUNT.

$$
