000
CXUS52 KMFL 011525 AAA
CLMFLL

CLIMATE REPORT...UPDATED
NATIONAL WEATHER SERVICE MIAMI, FL
1050 AM EDT TUE JUL 1 2014

...................................

...THE FORT LAUDERDALE CLIMATE SUMMARY FOR THE MONTH OF JUNE 2014...

CLIMATE NORMAL PERIOD 1981 TO 2010
CLIMATE RECORD PERIOD 1839 TO 2014

WEATHER         OBSERVED          NORMAL  DEPART  LAST YEAR`S
                 VALUE   DATE(S)  VALUE   FROM    VALUE
                                          NORMAL
.............................................................
TEMPERATURE (F)
RECORD
 HIGH             100   06/22/2009
 LOW               57   06/04/1933
HIGHEST            95   06/29                         93
LOWEST             71   06/08                         72
AVG. MAXIMUM     88.6              88.8    -0.2     88.6
AVG. MINIMUM     75.2              77.4    -2.2     77.2
MEAN             81.9              83.1    -1.2     82.9
DAYS MAX >= 90     14                                  7
DAYS MAX <= 32      0                                  0
DAYS MIN <= 32      0                                  0
DAYS MIN <= 0       0                                  0

PRECIPITATION (INCHES)
RECORD
 MAXIMUM        24.37   1992
 MINIMUM         0.70   1952
TOTALS           8.64             10.16   -1.52    14.72
DAILY AVG.       0.29              0.34   -0.05     0.49
DAYS >= .01        17                                 19
DAYS >= .10        13                                 11
DAYS >= .50         5                                  4
DAYS >= 1.00        4                                  4
GREATEST
 24 HR. TOTAL    2.84   06/19 TO 06/20              8.15

DEGREE_DAYS
HEATING TOTAL       0                 0       0        0
 SINCE 7/1         81               112     -31       85
COOLING TOTAL     516               543     -27      544
 SINCE 1/1       2051              1961      90     1940
..............................................................

WIND (MPH)
AVERAGE WIND SPEED              7.3
HIGHEST WIND SPEED/DIRECTION    30/130    DATE  06/17
HIGHEST GUST SPEED/DIRECTION    46/010    DATE  06/08

SKY COVER
AVERAGE SKY COVER           0.60

AVERAGE RH (PERCENT)     73

WEATHER CONDITIONS. NUMBER OF DAYS WITH
THUNDERSTORM             18     MIXED PRECIP               0
HEAVY RAIN                8     RAIN                       9
LIGHT RAIN               18     FREEZING RAIN              0
LT FREEZING RAIN          0     HAIL                       0
HEAVY SNOW                0     SNOW                       0
LIGHT SNOW                0     SLEET                      0
FOG                      13     FOG W/VIS <= 1/4 MILE      0
HAZE                      4

-  INDICATES NEGATIVE NUMBERS.
R  INDICATES RECORD WAS SET OR TIED.
MM INDICATES DATA IS MISSING.
T  INDICATES TRACE AMOUNT.

...............................................................
...............DATA FOR HOLLYWOOD...JUNE 2014..................
.....NORMALS USED FOR COMPARISON ARE FORT LAUDERDALE (FLL).....

...TEMPERATURE DATA...

AVERAGE FOR THE MONTH .... 79.9 OR 3.2 DEGREES BELOW NORMAL.
AVERAGE MAXIMUM .......... 86.4 OR 2.4 DEGREES BELOW NORMAL.
AVERAGE MINIMUM .......... 73.4 OR 4.0 DEGREES BELOW NORMAL.

HIGHEST TEMPERATURE FOR THE MONTH: 91 DEGREES ON THE 30TH.
LOWEST  TEMPERATURE FOR THE MONTH: 70 DEGREES ON THE 17TH,18TH.


...PRECIPITATION...

TOTAL FOR THE MONTH 8.47 INCHES OR 1.69 INCHES BELOW NORMAL.
TOTAL FOR THE YEAR 28.02 INCHES OR 0.37 INCHES ABOVE NORMAL.
GREATEST 24-HOUR PERIOD RAINFALL 1.37 INCHES ON THE 18TH.

NUMBER OF DAYS HAVING 0.01 INCHES OR MORE ... 17.
NUMBER OF DAYS HAVING 0.10 INCHES OR MORE ... 13.
NUMBER OF DAYS HAVING 0.50 INCHES OR MORE ...  7.
NUMBER OF DAYS HAVING 1.00 INCHES OR MORE ...  3.

$$
