000
CXUS53 KUNR 011612
CLMGCC


CLIMATE REPORT
NATIONAL WEATHER SERVICE RAPID CITY SD
1010 AM MDT SAT OCT 1 2016

...................................

...THE GILLETTE AIRPORT WY CLIMATE SUMMARY FOR THE MONTH OF SEPTEMBER 2016...

CLIMATE NORMAL PERIOD 1981 TO 2010
CLIMATE RECORD PERIOD 9999 TO 9999

WEATHER         OBSERVED          NORMAL  DEPART  LAST YEAR`S
                 VALUE   DATE(S)  VALUE   FROM    VALUE  DATE(S)
                                          NORMAL
................................................................
TEMPERATURE (F)
HIGHEST            91   09/02                         95  09/02
LOWEST             39   09/13                         36  09/08
                        09/12
                        09/09
AVG. MAXIMUM     72.6              73.4    -0.8     81.5
AVG. MINIMUM     46.5              43.4     3.1     47.8
MEAN             59.5              58.4     1.1     64.6
DAYS MAX >= 90      1                                  5
DAYS MAX <= 32      0                                  0
DAYS MIN <= 32      0                                  0
DAYS MIN <= 0       0                                  0

PRECIPITATION (INCHES)
TOTALS           2.50              1.19    1.31     0.16
DAILY AVG.       0.08              0.04    0.04     0.01
DAYS >= .01        10                                  3
DAYS >= .10         5                                  0
DAYS >= .50         2                                  0
DAYS >= 1.00        1                                  0
GREATEST
 24 HR. TOTAL    1.52   09/23 TO 09/24              0.09

DEGREE_DAYS
HEATING TOTAL     183               238     -55       88
 SINCE 7/1        237               295     -58      153
COOLING TOTAL      25                40     -15       85
 SINCE 1/1        569               500      69      538
.................................................................

WIND (MPH)
AVERAGE WIND SPEED              10.5
HIGHEST WIND SPEED/DIRECTION    33/240    DATE  09/23
HIGHEST GUST SPEED/DIRECTION    43/220    DATE  09/23

AVERAGE RH (PERCENT)     65

WEATHER CONDITIONS. NUMBER OF DAYS WITH
THUNDERSTORM              0     MIXED PRECIP               0
HEAVY RAIN                2     RAIN                       5
LIGHT RAIN               13     FREEZING RAIN              0
LT FREEZING RAIN          0     HAIL                       0
HEAVY SNOW                0     SNOW                       0
LIGHT SNOW                0     SLEET                      0
FOG                       7     FOG W/VIS <= 1/4 MILE      0
HAZE                      0

-  INDICATES NEGATIVE NUMBERS.
R  INDICATES RECORD WAS SET OR TIED.
MM INDICATES DATA IS MISSING.
T  INDICATES TRACE AMOUNT.

$$
