177
CXUS53 KDDC 021539
CLMGCK


CLIMATE REPORT
NATIONAL WEATHER SERVICE DODGE CITY KS
937 AM CST TUE JAN 2 2018

...................................

...THE GARDEN CITY REGIONAL ARPT KS CLIMATE SUMMARY FOR THE MONTH OF DECEMBER 2017...

CLIMATE NORMAL PERIOD 1981 TO 2010
CLIMATE RECORD PERIOD 1948 TO 2018

WEATHER         OBSERVED          NORMAL  DEPART  LAST YEAR`S
                 VALUE   DATE(S)  VALUE   FROM    VALUE  DATE(S)
                                          NORMAL
................................................................
TEMPERATURE (F)
RECORD
 HIGH              83   12/24/1955
 LOW              -19   12/18/2016
HIGHEST            74   12/03        MM      MM       60  12/30
LOWEST                  12/31        MM      MM      -19  12/18
AVG. MAXIMUM     47.2              44.5     2.7     42.2
AVG. MINIMUM     16.7              18.8    -2.1     13.6
MEAN             32.0              31.7     0.3     27.9
DAYS MAX >= 90      0               0.0     0.0        0
DAYS MAX <= 32      5               5.1    -0.1        7
DAYS MIN <= 32     30              30.0     0.0       31
DAYS MIN <= 0       1               1.3    -0.3        4

PRECIPITATION (INCHES)
RECORD
 MAXIMUM         3.60   2006
 MINIMUM         0.01   2013
                        2008
TOTALS              TR             0.52   -0.52     0.30
DAYS >= .01         0               3.1    -3.1        4
DAYS >= .10         0               1.2    -1.2        1
DAYS >= .50         0               0.2    -0.2        0
DAYS >= 1.00        0               0.0     0.0        0
GREATEST
 24 HR. TOTAL       T   12/30 TO 12/30           12/25 TO 12/25
                        12/26 TO 12/26                    12/24 TO 12/25
                        12/25 TO 12/25                    12/25 TO 12/25

DEGREE_DAYS
HEATING TOTAL    1018              1034     -16     1141
 SINCE 7/1       1974              2123    -149     1829
COOLING TOTAL       0                 0       0        0
 SINCE 1/1       1373              1298      75     1433
......................................................

WIND (MPH)
AVERAGE WIND SPEED              12.0
HIGHEST WIND SPEED/DIRECTION    41/330    DATE  12/04
HIGHEST GUST SPEED/DIRECTION    54/350    DATE  12/04


WEATHER CONDITIONS. NUMBER OF DAYS WITH
THUNDERSTORM              0     MIXED PRECIP               0
HEAVY RAIN                0     RAIN                       0
LIGHT RAIN                0     FREEZING RAIN              0
LT FREEZING RAIN          0     HAIL                       0
HEAVY SNOW                0     SNOW                       0
LIGHT SNOW                3     SLEET                      0
FOG                      10     FOG W/VIS <= 1/4 MILE      1
HAZE                     12

-  INDICATES NEGATIVE NUMBERS.
R  INDICATES RECORD WAS SET OR TIED.
MM INDICATES DATA IS MISSING.
T  INDICATES TRACE AMOUNT.

$$
