000
CXUS53 KIND 011644
CLMGEZ


CLIMATE REPORT
NATIONAL WEATHER SERVICE INDIANAPOLIS IN
1238 PM EDT WED JUL 1 2015

...................................

...THE SHELBYVILLE IN CLIMATE SUMMARY FOR THE MONTH OF JUNE 2015...

CLIMATE NORMAL PERIOD 1981 TO 2010
CLIMATE RECORD PERIOD 9999 TO 9999

WEATHER         OBSERVED          NORMAL  DEPART  LAST YEAR`S
                 VALUE   DATE(S)  VALUE   FROM    VALUE  DATE(S)
                                          NORMAL
................................................................
TEMPERATURE (F)
HIGHEST            93   06/11                         92  06/18
                                                          06/17
LOWEST             48   06/03                         50  06/14
AVG. MAXIMUM     83.0              82.0     1.0     84.4
AVG. MINIMUM     64.7              61.0     3.7     66.3
MEAN             73.8              71.5     2.3     75.3
DAYS MAX >= 90      8               2.4     5.6        4
DAYS MAX <= 32      0               0.0     0.0        0
DAYS MIN <= 32      0               0.0     0.0        0
DAYS MIN <= 0       0               0.0     0.0        0

PRECIPITATION (INCHES)
TOTALS           7.82              4.40    3.42     5.40
DAILY AVG.       0.26              0.15    0.11     0.18
DAYS >= .01        16                MM      MM       16
DAYS >= .10        15                MM      MM       10
DAYS >= .50         7                MM      MM        4
DAYS >= 1.00        2                MM      MM        2
GREATEST
 24 HR. TOTAL    1.22   06/08 TO 06/08

DEGREE_DAYS
HEATING TOTAL      21                15       6        1
 SINCE 7/1       5577              5410     167     5703
COOLING TOTAL     291               209      82      316
 SINCE 1/1        479               290     189      479
.................................................................

WIND (MPH)
AVERAGE WIND SPEED              8.2
HIGHEST WIND SPEED/DIRECTION    33/260    DATE  06/12
HIGHEST GUST SPEED/DIRECTION    46/260    DATE  06/12

SKY COVER
POSSIBLE SUNSHINE (PERCENT)   MM
AVERAGE SKY COVER           0.40
NUMBER OF DAYS FAIR           17
NUMBER OF DAYS PC              9
NUMBER OF DAYS CLOUDY          4

AVERAGE RH (PERCENT)     72

WEATHER CONDITIONS. NUMBER OF DAYS WITH
THUNDERSTORM             13     MIXED PRECIP               0
HEAVY RAIN               13     RAIN                       8
LIGHT RAIN               18     FREEZING RAIN              0
LT FREEZING RAIN          0     HAIL                       0
HEAVY SNOW                0     SNOW                       0
LIGHT SNOW                0     SLEET                      0
FOG                      21     FOG W/VIS <= 1/4 MILE      2
HAZE                     12

-  INDICATES NEGATIVE NUMBERS.
R  INDICATES RECORD WAS SET OR TIED.
MM INDICATES DATA IS MISSING.
T  INDICATES TRACE AMOUNT.

$$
