000
CXUS54 KJAN 011628
CLMGLH


CLIMATE REPORT
NATIONAL WEATHER SERVICE JACKSON MS
1027 AM CST FRI DEC 1 2017

...................................

...THE GREENVILLE CLIMATE SUMMARY FOR THE MONTH OF NOVEMBER 2017...

CLIMATE NORMAL PERIOD 1981 TO 2010
CLIMATE RECORD PERIOD 1903 TO 2017

WEATHER         OBSERVED          NORMAL  DEPART  LAST YEAR`S
                 VALUE   DATE(S)  VALUE   FROM    VALUE  DATE(S)
                                          NORMAL
................................................................
TEMPERATURE (F)
RECORD
 HIGH              88   11/02/1971
 LOW               16   11/25/1950
HIGHEST            84   11/03        MM      MM       87  11/01
LOWEST             24   11/23        MM      MM       29  11/21
AVG. MAXIMUM     68.1              64.7     3.4     70.8
AVG. MINIMUM     44.8              42.9     1.9     44.0
MEAN             56.5              53.8     2.7     57.4
DAYS MAX >= 90      0               0.0     0.0        0
DAYS MAX <= 32      0               0.0     0.0        0
DAYS MIN <= 32      7               2.9     4.1        3
DAYS MIN <= 0       0               0.0     0.0        0

PRECIPITATION (INCHES)
RECORD
 MAXIMUM        19.56   1986
 MINIMUM         0.29   1949
TOTALS           1.43              5.06   -3.63     4.49
DAILY AVG.       0.05              0.17   -0.12     0.15
DAYS >= .01         5                MM      MM        4
DAYS >= .10         2                MM      MM        4
DAYS >= .50         2                MM      MM        3
DAYS >= 1.00        0                MM      MM        2
GREATEST
 24 HR. TOTAL    0.75   11/08 TO 11/08              2.32

SNOWFALL (INCHES)
TOTALS            0.0

DEGREE_DAYS
HEATING TOTAL     296               348     -52      247
 SINCE 7/1        414               462     -48      269
COOLING TOTAL      47                12      35       27
 SINCE 1/1       2244              2186      58     2672
.................................................................

WIND (MPH)
AVERAGE WIND SPEED              7.7
HIGHEST WIND SPEED/DIRECTION    38/320    DATE  11/18
HIGHEST GUST SPEED/DIRECTION    48/320    DATE  11/18

SKY COVER
POSSIBLE SUNSHINE (PERCENT)   MM
AVERAGE SKY COVER           0.40
NUMBER OF DAYS FAIR           16
NUMBER OF DAYS PC              7
NUMBER OF DAYS CLOUDY          7

AVERAGE RH (PERCENT)     68

WEATHER CONDITIONS. NUMBER OF DAYS WITH
THUNDERSTORM              1     MIXED PRECIP               0
HEAVY RAIN                2     RAIN                       3
LIGHT RAIN                8     FREEZING RAIN              0
LT FREEZING RAIN          0     HAIL                       0
HEAVY SNOW                0     SNOW                       0
LIGHT SNOW                0     SLEET                      0
FOG                       0     FOG W/VIS <= 1/4 MILE      0
HAZE                      0

-  INDICATES NEGATIVE NUMBERS.
R  INDICATES RECORD WAS SET OR TIED.
MM INDICATES DATA IS MISSING.
T  INDICATES TRACE AMOUNT.

$$
