000
CXUS54 KHGX 012254
CLMGLS

CLIMATE REPORT
NATIONAL WEATHER SERVICE HOUSTON/GALVESTON TX
454 PM CST SUN FEB 1 2015

...................................

...THE GALVESTON CLIMATE SUMMARY FOR THE MONTH OF JANUARY 2015...

CLIMATE NORMAL PERIOD 1981 TO 2010
CLIMATE RECORD PERIOD 1875 TO 2015

WEATHER         OBSERVED          NORMAL  DEPART  LAST YEAR`S
                 VALUE   DATE(S)  VALUE   FROM    VALUE  DATE(S)
                                          NORMAL
................................................................
TEMPERATURE (F)
RECORD
 HIGH              78   01/02/2006
                        01/03/1989
 LOW               11   01/08/1886
HIGHEST            75   01/27        MM      MM       73  01/13
LOWEST             31   01/08        MM      MM       28  01/07
AVG. MAXIMUM     57.7              61.8    -4.1     60.1
AVG. MINIMUM     44.5              48.6    -4.1     43.8
MEAN             51.1              55.2    -4.1     52.0
DAYS MAX >= 90      0               0.0     0.0        0
DAYS MAX <= 32      0               0.0     0.0        0
DAYS MIN <= 32      1               0.7     0.3        6
DAYS MIN <= 0       0               0.0     0.0        0

PRECIPITATION (INCHES)
RECORD
 MAXIMUM        10.75   1991
 MINIMUM         0.02   1909
TOTALS           5.44              4.20    1.24     1.36
DAILY AVG.       0.18              0.14    0.04     0.04
DAYS >= .01        11                MM      MM        9
DAYS >= .10         5                MM      MM        4
DAYS >= .50         2                MM      MM        1
DAYS >= 1.00        2                MM      MM        0

SNOWFALL (INCHES)
RECORDS
 TOTAL              T   2014
TOTALS            0.0                MM      MM        T
SINCE 7/1         0.0                MM      MM        T
SNOWDEPTH AVG.      0                MM      MM        0
DAYS >= 1.0         0                MM      MM        0
GREATEST
 SNOW DEPTH         0   MM                             0  MM
 24 HR TOTAL      0.0   01/31 TO 01/31

DEGREE_DAYS
HEATING TOTAL     423               309     114      398
 SINCE 7/1        769               669     100      944
COOLING TOTAL       0                 5      -5        0
 SINCE 1/1          0                 0       0        0
.................................................................

WIND (MPH)
AVERAGE WIND SPEED              10.7
HIGHEST WIND SPEED/DIRECTION    38/350    DATE  01/22
HIGHEST GUST SPEED/DIRECTION    46/350    DATE  01/22

SKY COVER
AVERAGE SKY COVER           0.50

AVERAGE RH (PERCENT)     81

WEATHER CONDITIONS. NUMBER OF DAYS WITH
THUNDERSTORM              0     MIXED PRECIP               0
HEAVY RAIN                3     RAIN                       5
LIGHT RAIN               13     FREEZING RAIN              0
LT FREEZING RAIN          0     HAIL                       0
HEAVY SNOW                0     SNOW                       0
LIGHT SNOW                0     SLEET                      0
FOG                      20     FOG W/VIS <= 1/4 MILE      3
HAZE                      2

-  INDICATES NEGATIVE NUMBERS.
R  INDICATES RECORD WAS SET OR TIED.
MM INDICATES DATA IS MISSING.
T  INDICATES TRACE AMOUNT.

$$
