000
CXUS52 KJAX 022119
CLMGNV

CLIMATE REPORT
NATIONAL WEATHER SERVICE JACKSONVILLE FL
1018 AM EDT TUE AUG 1 2017

...................................

...THE GAINESVILLE CLIMATE SUMMARY FOR THE MONTH OF JULY 2017...

CLIMATE NORMAL PERIOD 1981 TO 2010
CLIMATE RECORD PERIOD 1890 TO 2017

WEATHER         OBSERVED          NORMAL  DEPART  LAST YEAR`S
                 VALUE   DATE(S)  VALUE   FROM    VALUE  DATE(S)
                                          NORMAL
................................................................
TEMPERATURE (F)
RECORD
 HIGH             102   07/21/1942
 LOW               60   07/15/1897
HIGHEST            95   07/05        91       4       98  07/31
                        07/04
LOWEST             69   07/21        71      -2       68  07/25
                        07/20
AVG. MAXIMUM     91.0              90.9     0.1     94.6
AVG. MINIMUM     72.3              71.5     0.8     72.5
MEAN             81.6              81.2     0.4     83.6
DAYS MAX >= 90     24              20.5     3.5       29
DAYS MAX <= 32      0               0.0     0.0        0
DAYS MIN <= 32      0               0.0     0.0        0
DAYS MIN <= 0       0               0.0     0.0        0

PRECIPITATION (INCHES)
RECORD
 MAXIMUM        16.65   2013
 MINIMUM         1.44   1977
TOTALS          16.70R             6.07   10.63     1.49
DAILY AVG.       0.54              0.20    0.34     0.05
DAYS >= .01        19              15.4     3.6        9
DAYS >= .10        18              10.2     7.8        4
DAYS >= .50         8               4.0     4.0        0
DAYS >= 1.00        6               1.6     4.4        0
GREATEST
 24 HR. TOTAL    3.05

SNOWFALL (INCHES)
RECORDS
 TOTAL             MM   MM
TOTALS            0.0               0.0     0.0      0.0
SINCE 7/1         0.0               0.0     0.0      0.0
SNOWDEPTH AVG.      0                MM      MM        0
DAYS >= 1.0         0               0.0     0.0        0
GREATEST
 SNOW DEPTH         0   MM                             0  MM
 24 HR TOTAL      0.0

DEGREE_DAYS
HEATING TOTAL       0                 0       0        0
 SINCE 7/1          0                 0       0        0
COOLING TOTAL     523               502      21      584
 SINCE 1/1       1636              1451     185     1689
.................................................................

WIND (MPH)
AVERAGE WIND SPEED              4.2
HIGHEST WIND SPEED/DIRECTION    33/260    DATE  07/25
HIGHEST GUST SPEED/DIRECTION    42/260    DATE  07/25

SKY COVER
POSSIBLE SUNSHINE (PERCENT)   MM
AVERAGE SKY COVER           0.20
NUMBER OF DAYS FAIR           28
NUMBER OF DAYS PC              3
NUMBER OF DAYS CLOUDY          0

AVERAGE RH (PERCENT)     78

WEATHER CONDITIONS. NUMBER OF DAYS WITH
THUNDERSTORM              0     MIXED PRECIP               0
HEAVY RAIN               17     RAIN                      12
LIGHT RAIN               23     FREEZING RAIN              0
LT FREEZING RAIN          0     HAIL                       0
HEAVY SNOW                0     SNOW                       0
LIGHT SNOW                0     SLEET                      0
FOG                      19     FOG W/VIS <= 1/4 MILE      2
HAZE                      4

-  INDICATES NEGATIVE NUMBERS.
R  INDICATES RECORD WAS SET OR TIED.
MM INDICATES DATA IS MISSING.
T  INDICATES TRACE AMOUNT.

$$
