000
CXUS55 KMSO 012106
CLMGPI


CLIMATE REPORT
NATIONAL WEATHER SERVICE MISSOULA, MT
205 PM MST THU FEB 1 2018

...................................

...THE KALISPELL MT CLIMATE SUMMARY FOR THE MONTH OF JANUARY 2018...

CLIMATE NORMAL PERIOD 1981 TO 2010
CLIMATE RECORD PERIOD 1894 TO 2018

WEATHER         OBSERVED          NORMAL  DEPART  LAST YEAR`S
                 VALUE   DATE(S)  VALUE   FROM    VALUE
                                          NORMAL
.............................................................
TEMPERATURE (F)
RECORD
 HIGH              56   01/27/1934
 LOW              -38   01/31/1950
                        01/30/1950
HIGHEST            43   01/30        MM      MM       42
LOWEST              7   01/01        MM      MM      -22
AVG. MAXIMUM     33.7              31.2     2.5     23.5
AVG. MINIMUM     22.0              16.4     5.6      3.6
MEAN             27.7              23.8     3.9
DAYS MAX >= 90      0               0.0     0.0        0
DAYS MAX <= 32      9              14.0    -5.0       26
DAYS MIN <= 32     29              28.9     0.1       31
DAYS MIN <= 0       0               3.8    -3.8       11

PRECIPITATION (INCHES)
RECORD
 MAXIMUM         3.40   1943
 MINIMUM         0.20   1985
TOTALS           1.42              1.33    0.09
DAILY AVG.       0.05              0.04    0.01     0.03
DAYS >= .01        16              13.7     2.3       11
DAYS >= .10         5               4.7     0.3        4
DAYS >= .50         0               0.2    -0.2        0
DAYS >= 1.00        0               0.0     0.0        0
GREATEST
 24 HR. TOTAL    0.38   01/11 TO 01/12              0.45

SNOWFALL (INCHES)
TOTALS           10.5              12.7    -2.2     13.8
SINCE 7/1        52.5              39.4    13.1     49.1
DAYS >= TRACE      19              10.5     8.5       19
DAYS >= 1.0         4               4.5    -0.5        4
GREATEST
 SNOW DEPTH        15   01/02
                        01/01
 24 HR TOTAL      3.9   MM                           5.0

DEGREE_DAYS
HEATING TOTAL    1040              1277    -237
 SINCE 7/1       4392              4791    -399
COOLING TOTAL       0                 0       0
 SINCE 1/1          0                 0       0
..............................................................

WIND (MPH)
AVERAGE WIND SPEED              3.8
HIGHEST WIND SPEED/DIRECTION    28/230    DATE  01/30
HIGHEST GUST SPEED/DIRECTION    38/220    DATE  01/30

SKY COVER
POSSIBLE SUNSHINE (PERCENT)   MM
AVERAGE SKY COVER           0.90
NUMBER OF DAYS FAIR            1
NUMBER OF DAYS PC              5
NUMBER OF DAYS CLOUDY         25

AVERAGE RH (PERCENT)     86

WEATHER CONDITIONS. NUMBER OF DAYS WITH
THUNDERSTORM              0     MIXED PRECIP               0
HEAVY RAIN                0     RAIN                       0
LIGHT RAIN                9     FREEZING RAIN              0
LT FREEZING RAIN          2     HAIL                       0
HEAVY SNOW                0     SNOW                       2
LIGHT SNOW               17     SLEET                      0
FOG                      27     FOG W/VIS <= 1/4 MILE      9
HAZE                      3

-  INDICATES NEGATIVE NUMBERS.
R  INDICATES RECORD WAS SET OR TIED.
MM INDICATES DATA IS MISSING.
T  INDICATES TRACE AMOUNT.

$$
