320
CXUS53 KGRB 010727
CLMGRB


CLIMATE REPORT
NATIONAL WEATHER SERVICE GREEN BAY
225 AM CDT FRI MAY 1 2015

...................................

...THE GREEN BAY WI CLIMATE SUMMARY FOR THE MONTH OF APRIL 2015...

CLIMATE NORMAL PERIOD 1981 TO 2010
CLIMATE RECORD PERIOD 1886 TO 2015

WEATHER         OBSERVED          NORMAL  DEPART  LAST YEAR`S
                 VALUE   DATE(S)  VALUE   FROM    VALUE  DATE(S)
                                          NORMAL
................................................................
TEMPERATURE (F)
RECORD
 HIGH              89   04/22/1980
 LOW                7   04/03/1954
HIGHEST            75   04/17        77      -2       69  04/21
LOWEST             25   04/04        19       6       19  04/15
AVG. MAXIMUM     56.2              53.9     2.3     50.0
AVG. MINIMUM     35.6              33.8     1.8     33.1
MEAN             45.9              43.9     2.0     41.6
DAYS MAX >= 90      0               0.0     0.0        0
DAYS MAX <= 32      0               0.6    -0.6        0
DAYS MIN <= 32      8              12.4    -4.4       12
DAYS MIN <= 0       0               0.0     0.0        0

PRECIPITATION (INCHES)
RECORD
 MAXIMUM         6.47   1929
 MINIMUM         0.49   1989
TOTALS           1.63              2.63   -1.00     4.01
DAILY AVG.       0.05              0.09   -0.04     0.13
DAYS >= .01        10              11.1    -1.1       15
DAYS >= .10         6               6.4    -0.4        9
DAYS >= .50         1               1.7    -0.7        3
DAYS >= 1.00        0               0.4    -0.4        1
GREATEST
 24 HR. TOTAL    0.84   04/09 TO 04/10

SNOWFALL (INCHES)
RECORDS
 TOTAL           15.1   1907
TOTALS              T               2.9    -2.9      3.7
SINCE 7/1        32.7              51.2   -18.5     72.1
SNOWDEPTH AVG.      0                MM      MM        0
DAYS >= 1.0         0               1.1    -1.1        1
GREATEST
 SNOW DEPTH         0   MM                             2  04/15
                                                          04/14
 24 HR TOTAL        T   04/23 TO 04/23

DEGREE_DAYS
HEATING TOTAL     564               637     -73      696
 SINCE 7/1       7570              7537      33     8471
COOLING TOTAL       0                 2      -2        0
 SINCE 1/1          0                 2      -2        0
.................................................................

WIND (MPH)
AVERAGE WIND SPEED              10.5
HIGHEST WIND SPEED/DIRECTION    30/050    DATE  04/18
HIGHEST GUST SPEED/DIRECTION    37/280    DATE  04/13

SKY COVER
POSSIBLE SUNSHINE (PERCENT)   MM
AVERAGE SKY COVER           0.40
NUMBER OF DAYS FAIR           14
NUMBER OF DAYS PC              7
NUMBER OF DAYS CLOUDY          9

AVERAGE RH (PERCENT)     64

WEATHER CONDITIONS. NUMBER OF DAYS WITH
THUNDERSTORM              0     MIXED PRECIP               0
HEAVY RAIN                1     RAIN                       4
LIGHT RAIN               11     FREEZING RAIN              0
LT FREEZING RAIN          0     HAIL                       0
HEAVY SNOW                0     SNOW                       0
LIGHT SNOW                3     SLEET                      0
FOG                      11     FOG W/VIS <= 1/4 MILE      1
HAZE                      0

-  INDICATES NEGATIVE NUMBERS.
R  INDICATES RECORD WAS SET OR TIED.
MM INDICATES DATA IS MISSING.
T  INDICATES TRACE AMOUNT.

$$
