000
CXUS52 KGSP 011158
CLMGSP

CLIMATE REPORT
NATIONAL WEATHER SERVICE GREENVILLE-SPARTANBURG SC
756 AM EDT SAT OCT 1 2016

...................................

...THE GREENVILLE-SPARTANBURG CLIMATE SUMMARY FOR THE MONTH OF SEPTEMBER 2016...

CLIMATE NORMAL PERIOD 1981 TO 2010
CLIMATE RECORD PERIOD 1884 TO 2016

WEATHER         OBSERVED          NORMAL  DEPART  LAST YEAR`S
                 VALUE   DATE(S)  VALUE   FROM    VALUE  DATE(S)
                                          NORMAL
................................................................
TEMPERATURE (F)
RECORD
 HIGH             101   09/06/1954
                        09/09/1939
 LOW               32   09/30/1888
HIGHEST            95   09/24        MM      MM       97  09/04
                        09/10
LOWEST             54   09/30        MM      MM       50  09/14
AVG. MAXIMUM     88.2              82.2     6.0     81.6
AVG. MINIMUM     66.1              61.8     4.3     64.0
MEAN             77.1              72.0     5.1     72.8
DAYS MAX >= 90     13               3.5     9.5        4
DAYS MAX <= 32      0               0.0     0.0        0
DAYS MIN <= 32      0               0.0     0.0        0
DAYS MIN <= 0       0               0.0     0.0        0

PRECIPITATION (INCHES)
RECORD
 MAXIMUM        12.95   1929
 MINIMUM         0.07   1919
TOTALS           0.99              3.43   -2.44     5.56
DAILY AVG.       0.03              0.11   -0.08     0.19
DAYS >= .01         6               8.1    -2.1       10
DAYS >= .10         3               5.0    -2.0        8
DAYS >= .50         0               2.4    -2.4        5
DAYS >= 1.00        0               1.0    -1.0        1
GREATEST
 24 HR. TOTAL    0.35   09/01 TO 09/02           09/09 TO 09/09
                                                          09/09 TO 09/09
                                                          09/09 TO 09/09
 STORM TOTAL       MM                                 MM
 (MM/DD(HH))            MM                    09/09(00) TO 09/09(00)
                                                 09/09(00) TO 09/09(00)9
                                                 09/09(00) TO 09/09(00)9

SNOWFALL (INCHES)
RECORDS
 TOTAL             MM   MM
 24 HR TOTAL       MM
 SNOW DEPTH        MM   MM
TOTALS            0.0               0.0     0.0      0.0
 LIQUID EQUIV    0.00              0.00    0.00     0.00
SINCE 7/1         0.0               0.0     0.0      0.0
 LIQUID 7/1      0.00              0.00    0.00     0.00
SNOWDEPTH AVG.      0                MM      MM        0
DAYS >= TRACE       0               0.0     0.0        0
DAYS >= 1.0         0               0.0     0.0        0
GREATEST
 SNOW DEPTH         0   MM                             0  MM
 24 HR TOTAL      0.0   09/30 TO 09/30           09/09 TO 09/09
                                                          09/09 TO 09/09
                                                          09/09 TO 09/09
 STORM TOTAL       MM                                 MM
 (MM/DD(HH))            MM                    09/09(00) TO 09/09(00)
                                                 09/09(00) TO 09/09(00)9
                                                 09/09(00) TO 09/09(00)9

DEGREE_DAYS
HEATING TOTAL       0                17     -17        5
 SINCE 7/1          0                17     -17        5
COOLING TOTAL     372               227     145      246
 SINCE 1/1       2091              1662     429     1918

FREEZE DATES
RECORD
 EARLIEST     MM
 LATEST       MM
EARLIEST                        MM
LATEST                          MM
..........................................................

WIND (MPH)
AVERAGE WIND SPEED              4.9
HIGHEST WIND SPEED/DIRECTION    24/030    DATE  09/02
HIGHEST GUST SPEED/DIRECTION    34/050    DATE  09/02

SKY COVER
POSSIBLE SUNSHINE (PERCENT)   MM
AVERAGE SKY COVER           0.30
NUMBER OF DAYS FAIR           18
NUMBER OF DAYS PC             11
NUMBER OF DAYS CLOUDY          1

AVERAGE RH (PERCENT)     65

WEATHER CONDITIONS. NUMBER OF DAYS WITH
THUNDERSTORM              3     MIXED PRECIP               0
HEAVY RAIN                2     RAIN                       2
LIGHT RAIN                9     FREEZING RAIN              0
LT FREEZING RAIN          0     HAIL                       0
HEAVY SNOW                0     SNOW                       0
LIGHT SNOW                0     SLEET                      0
FOG                      13     FOG W/VIS <= 1/4 MILE      1
HAZE                      7

-  INDICATES NEGATIVE NUMBERS.
R  INDICATES RECORD WAS SET OR TIED.
MM INDICATES DATA IS MISSING.
T  INDICATES TRACE AMOUNT.

$$
JPT
