000
CXUS54 KJAN 011850
CLMHBG


CLIMATE REPORT
NATIONAL WEATHER SERVICE JACKSON MS
149 PM CDT MON AUG 1 2016

...................................

...THE HATTIESBURG CLIMATE SUMMARY FOR THE MONTH OF JULY 2016...

CLIMATE NORMAL PERIOD 1981 TO 2010
CLIMATE RECORD PERIOD 1948 TO 2016

WEATHER         OBSERVED          NORMAL  DEPART  LAST YEAR`S
                 VALUE   DATE(S)  VALUE   FROM    VALUE  DATE(S)
                                          NORMAL
................................................................
TEMPERATURE (F)
RECORD
 HIGH             105   07/17/2000
 LOW               57   07/11/1953
HIGHEST            97   07/21        MM      MM       99  07/20
                        07/02                             07/18
LOWEST             70   07/01        MM      MM       68  07/06
                                                          07/05
AVG. MAXIMUM     92.8              92.1     0.7     94.9
AVG. MINIMUM     73.6              71.6     2.0     74.4
MEAN             83.2              81.9     1.3     84.7
DAYS MAX >= 90     28              23.1     4.9       30
DAYS MAX <= 32      0               0.0     0.0        0
DAYS MIN <= 32      0               0.0     0.0        0
DAYS MIN <= 0       0               0.0     0.0        0

PRECIPITATION (INCHES)
RECORD
 MAXIMUM        14.52   1979
 MINIMUM         2.00   1983
TOTALS           6.12              5.39    0.73     6.20
DAILY AVG.       0.20              0.17    0.03     0.20
DAYS >= .01        18                MM      MM       11
DAYS >= .10        12                MM      MM        9
DAYS >= .50         3                MM      MM        4
DAYS >= 1.00        3                MM      MM        2
GREATEST
 24 HR. TOTAL    1.78   07/15 TO 07/15              1.91

SNOWFALL (INCHES)
TOTALS            0.0
SINCE 7/1         0.0
DAYS >= TRACE       0
DAYS >= 1.0         0
GREATEST
 24 HR TOTAL      0.0   07/31 TO 07/31

DEGREE_DAYS
HEATING TOTAL       0                 0       0        0
 SINCE 7/1          0                 0       0        0
COOLING TOTAL     572               522      50      619
 SINCE 1/1       1543              1360     183     1675
.................................................................

WIND (MPH)
AVERAGE WIND SPEED              3.8
HIGHEST WIND SPEED/DIRECTION    32/120    DATE  07/12
HIGHEST GUST SPEED/DIRECTION    44/110    DATE  07/12

SKY COVER
POSSIBLE SUNSHINE (PERCENT)   MM
AVERAGE SKY COVER           0.20
NUMBER OF DAYS FAIR           27
NUMBER OF DAYS PC              4
NUMBER OF DAYS CLOUDY          0

AVERAGE RH (PERCENT)     74

WEATHER CONDITIONS. NUMBER OF DAYS WITH
THUNDERSTORM             23     MIXED PRECIP               0
HEAVY RAIN                9     RAIN                      15
LIGHT RAIN               19     FREEZING RAIN              0
LT FREEZING RAIN          0     HAIL                       0
HEAVY SNOW                0     SNOW                       0
LIGHT SNOW                0     SLEET                      0
FOG                      19     FOG W/VIS <= 1/4 MILE      6
HAZE                      3

-  INDICATES NEGATIVE NUMBERS.
R  INDICATES RECORD WAS SET OR TIED.
MM INDICATES DATA IS MISSING.
T  INDICATES TRACE AMOUNT.

$$
