000
CXUS54 KJAN 020316
CLMHBG


CLIMATE REPORT
NATIONAL WEATHER SERVICE JACKSON MS
915 PM CST SUN FEB 1 2015

...................................

...THE HATTIESBURG CLIMATE SUMMARY FOR THE MONTH OF JANUARY 2015...

CLIMATE NORMAL PERIOD 1981 TO 2010
CLIMATE RECORD PERIOD 1948 TO 2015

WEATHER         OBSERVED          NORMAL  DEPART  LAST YEAR`S
                 VALUE   DATE(S)  VALUE   FROM    VALUE  DATE(S)
                                          NORMAL
................................................................
TEMPERATURE (F)
RECORD
 HIGH              84   01/26/1950
                        01/11/1949
                        01/10/1949
 LOW                4   01/21/1985
HIGHEST            77   01/29        MM      MM       71  01/11
LOWEST             16   01/08        MM      MM       12  01/30
AVG. MAXIMUM     59.5              59.9    -0.4     55.6
AVG. MINIMUM     35.5              37.3    -1.8     27.9
MEAN             47.5              48.6    -1.1     41.8
DAYS MAX >= 90      0               0.0     0.0        0
DAYS MAX <= 32      0               0.1    -0.1        1
DAYS MIN <= 32     12              11.2     0.8       22
DAYS MIN <= 0       0               0.0     0.0        0

PRECIPITATION (INCHES)
RECORD
 MAXIMUM        13.65   1999
 MINIMUM         0.53   2003
TOTALS           5.35              5.74   -0.39     2.67
DAILY AVG.       0.17              0.19   -0.02     0.09
DAYS >= .01         9                MM      MM       10
DAYS >= .10         5                MM      MM        5
DAYS >= .50         2                MM      MM        1
DAYS >= 1.00        2                MM      MM        1
GREATEST
 24 HR. TOTAL    2.50   01/03 TO 01/04              1.42

SNOWFALL (INCHES)
TOTALS              T
SINCE 7/1           T
DAYS >= TRACE       1
DAYS >= 1.0         0
GREATEST
 24 HR TOTAL        T   01/09 TO 01/09

DEGREE_DAYS
HEATING TOTAL     541               514      27      713
 SINCE 7/1       1290              1299      -9     1534
COOLING TOTAL       6                 6       0        0
 SINCE 1/1          6                 0       6        0
.................................................................

WIND (MPH)
AVERAGE WIND SPEED              5.5
HIGHEST WIND SPEED/DIRECTION    24/360    DATE  01/07
HIGHEST GUST SPEED/DIRECTION    31/360    DATE  01/07

SKY COVER
POSSIBLE SUNSHINE (PERCENT)   MM
AVERAGE SKY COVER           0.30
NUMBER OF DAYS FAIR           20
NUMBER OF DAYS PC              3
NUMBER OF DAYS CLOUDY          8

AVERAGE RH (PERCENT)     69

WEATHER CONDITIONS. NUMBER OF DAYS WITH
THUNDERSTORM              1     MIXED PRECIP               0
HEAVY RAIN                4     RAIN                       5
LIGHT RAIN               10     FREEZING RAIN              0
LT FREEZING RAIN          0     HAIL                       0
HEAVY SNOW                0     SNOW                       0
LIGHT SNOW                0     SLEET                      1
FOG                      12     FOG W/VIS <= 1/4 MILE      0
HAZE                      0

-  INDICATES NEGATIVE NUMBERS.
R  INDICATES RECORD WAS SET OR TIED.
MM INDICATES DATA IS MISSING.
T  INDICATES TRACE AMOUNT.

$$
