000
CXUS54 KJAN 021442
CLMHBG


CLIMATE REPORT
NATIONAL WEATHER SERVICE JACKSON MS
940 AM CDT TUE JUN 2 2015

...................................

...THE HATTIESBURG CLIMATE SUMMARY FOR THE MONTH OF MAY 2015...

CLIMATE NORMAL PERIOD 1981 TO 2010
CLIMATE RECORD PERIOD 1948 TO 2015

WEATHER         OBSERVED          NORMAL  DEPART  LAST YEAR`S
                 VALUE   DATE(S)  VALUE   FROM    VALUE  DATE(S)
                                          NORMAL
................................................................
TEMPERATURE (F)
RECORD
 HIGH             104   05/31/1951
 LOW               38   05/04/2013
HIGHEST            90   05/20        MM      MM       91  05/27
                        05/10                             05/25
LOWEST             46   05/02        MM      MM       47  05/03
AVG. MAXIMUM     85.7              85.6     0.1     84.2
AVG. MINIMUM     63.0              61.7     1.3     60.8
MEAN             74.4              73.7     0.7     72.5
DAYS MAX >= 90      2               6.0    -4.0        4
DAYS MAX <= 32      0               0.0     0.0        0
DAYS MIN <= 32      0               0.0     0.0        0
DAYS MIN <= 0       0               0.0     0.0        0

PRECIPITATION (INCHES)
RECORD
 MAXIMUM        11.60   1990
 MINIMUM         0.25   1951
TOTALS           6.91              4.98    1.93     5.97
DAILY AVG.       0.22              0.16    0.06     0.19
DAYS >= .01        14                MM      MM        8
DAYS >= .10        11                MM      MM        6
DAYS >= .50         7                MM      MM        3
DAYS >= 1.00        0                MM      MM        2
GREATEST
 24 HR. TOTAL    1.16   05/24 TO 05/25              2.49

SNOWFALL (INCHES)
TOTALS            0.0
SINCE 7/1           T
DAYS >= TRACE       0
DAYS >= 1.0         0
GREATEST
 24 HR TOTAL      0.0   05/31 TO 05/31

DEGREE_DAYS
HEATING TOTAL       1                 7      -6       11
 SINCE 7/1       1912              1985     -73     2276
COOLING TOTAL     298               275      23      251
 SINCE 1/1        577               415     162      376
.................................................................

WIND (MPH)
AVERAGE WIND SPEED              4.1
HIGHEST WIND SPEED/DIRECTION    28/210    DATE  05/27
HIGHEST GUST SPEED/DIRECTION    40/210    DATE  05/24

SKY COVER
POSSIBLE SUNSHINE (PERCENT)   MM
AVERAGE SKY COVER           0.30
NUMBER OF DAYS FAIR           18
NUMBER OF DAYS PC             13
NUMBER OF DAYS CLOUDY          0

AVERAGE RH (PERCENT)     74

WEATHER CONDITIONS. NUMBER OF DAYS WITH
THUNDERSTORM             14     MIXED PRECIP               0
HEAVY RAIN               10     RAIN                       9
LIGHT RAIN               16     FREEZING RAIN              0
LT FREEZING RAIN          0     HAIL                       0
HEAVY SNOW                0     SNOW                       0
LIGHT SNOW                0     SLEET                      0
FOG                      20     FOG W/VIS <= 1/4 MILE      9
HAZE                      2

-  INDICATES NEGATIVE NUMBERS.
R  INDICATES RECORD WAS SET OR TIED.
MM INDICATES DATA IS MISSING.
T  INDICATES TRACE AMOUNT.

$$
