000
CXUS53 KGLD 052039 RRA
CLMHLC

CLIMATE REPORT
NATIONAL WEATHER SERVICE GOODLAND
136 PM MST TUE DEC 5 2017

...................................

...THE MCCOOK CLIMATE SUMMARY FOR THE MONTH OF NOVEMBER 2017...

CLIMATE NORMAL PERIOD 1981 TO 2010
CLIMATE RECORD PERIOD 1896 TO 2017

WEATHER         OBSERVED          NORMAL  DEPART  LAST YEAR`S
                 VALUE   DATE(S)  VALUE   FROM    VALUE  DATE(S)
                                          NORMAL
................................................................
TEMPERATURE (F)
RECORD
 HIGH              88   11/10/1912
 LOW              -11   11/14/1940
HIGHEST            79   11/27        76       3       79  11/10
LOWEST             17   11/08         9       8       11  11/19
AVG. MAXIMUM     56.9              52.3     4.6     61.0
AVG. MINIMUM     27.8              24.1     3.7     28.3
MEAN             42.4              38.2     4.2     44.7
DAYS MAX >= 90      0               0.0     0.0        0
DAYS MAX <= 32      0               2.5    -2.5        0
DAYS MIN <= 32     21              24.6    -3.6       19
DAYS MIN <= 0       0               0.3    -0.3        0

PRECIPITATION (INCHES)
RECORD
 MAXIMUM         3.73   1975
 MINIMUM            T   2014
TOTALS           0.16              0.95   -0.79     0.49
DAILY AVG.       0.01              0.03   -0.02     0.02
DAYS >= .01         2               4.4    -2.4        6
DAYS >= .10         1               2.0    -1.0        1
DAYS >= .50         0               0.7    -0.7        0
DAYS >= 1.00        0               0.0     0.0        0
GREATEST
 24 HR. TOTAL    0.12   11/18 TO 11/18              0.35


.................................................................



-  INDICATES NEGATIVE NUMBERS.
R  INDICATES RECORD WAS SET OR TIED.
MM INDICATES DATA IS MISSING.
T  INDICATES TRACE AMOUNT.

$$
