000
CXUS53 KGID 011416
CLMHSI


CLIMATE REPORT
NATIONAL WEATHER SERVICE HASTINGS NE
916 AM CDT MON MAY 1 2017

...................................

...THE HASTINGS NE CLIMATE SUMMARY FOR THE MONTH OF APRIL 2017...

CLIMATE NORMAL PERIOD 1981 TO 2010
CLIMATE RECORD PERIOD 1894 TO 2017

WEATHER         OBSERVED          NORMAL  DEPART  LAST YEAR`S
                 VALUE   DATE(S)  VALUE   FROM    VALUE  DATE(S)
                                          NORMAL
................................................................
TEMPERATURE (F)
RECORD
 HIGH              96   04/23/1989
 LOW                5   04/03/1936
HIGHEST            79   04/15        85      -6       82  04/03
                        04/14
LOWEST             23   04/11        23       0       26  04/08
AVG. MAXIMUM     63.4              62.9     0.5     64.6
AVG. MINIMUM     40.7              38.6     2.1     41.0
MEAN             52.1              50.7     1.4     52.8
DAYS MAX >= 90      0               0.0     0.0        0
DAYS MAX <= 32      0               0.3    -0.3        0
DAYS MIN <= 32      5               6.7    -1.7        5
DAYS MIN <= 0       0               0.0     0.0        0

PRECIPITATION (INCHES)
RECORD
 MAXIMUM         9.26   1896
 MINIMUM         0.03   1989
TOTALS           3.24              2.56    0.68     5.69
DAILY AVG.       0.11              0.09    0.02     0.19
DAYS >= .01         6                MM      MM       10
DAYS >= .10         6                MM      MM        8
DAYS >= .50         3                MM      MM        4
DAYS >= 1.00        1                MM      MM        2
GREATEST
 24 HR. TOTAL    1.57   04/29 TO 04/30

SNOWFALL (INCHES)
RECORDS
 TOTAL           13.0   1944
TOTALS            0.2               1.2    -1.0      0.0
SINCE 7/1        10.5              28.8   -18.3     32.4
SNOWDEPTH AVG.      0                MM      MM        0
DAYS >= 1.0         0                MM      MM        0
GREATEST
 SNOW DEPTH         0   MM                             0  MM

DEGREE_DAYS
HEATING TOTAL     387               432     -45      360
 SINCE 7/1       4980              5839    -859     4840
COOLING TOTAL       8                 5       3        0
 SINCE 1/1          8                 5       3        0
.................................................................

WIND (MPH)
AVERAGE WIND SPEED              12.4
HIGHEST WIND SPEED/DIRECTION    40/020    DATE  04/30
HIGHEST GUST SPEED/DIRECTION    49/030    DATE  04/30

SKY COVER
POSSIBLE SUNSHINE (PERCENT)   MM
AVERAGE SKY COVER           0.40
NUMBER OF DAYS FAIR           16
NUMBER OF DAYS PC              8
NUMBER OF DAYS CLOUDY          6

AVERAGE RH (PERCENT)     67

WEATHER CONDITIONS. NUMBER OF DAYS WITH
THUNDERSTORM              4     MIXED PRECIP               0
HEAVY RAIN                3     RAIN                       4
LIGHT RAIN                9     FREEZING RAIN              0
LT FREEZING RAIN          0     HAIL                       0
HEAVY SNOW                0     SNOW                       0
LIGHT SNOW                2     SLEET                      0
FOG                      11     FOG W/VIS <= 1/4 MILE      3
HAZE                      7

-  INDICATES NEGATIVE NUMBERS.
R  INDICATES RECORD WAS SET OR TIED.
MM INDICATES DATA IS MISSING.
T  INDICATES TRACE AMOUNT.

$$
