000
CXUS53 KGID 021341 CCA
CLMHSI

CLIMATE REPORT...CORRECTED
NATIONAL WEATHER SERVICE HASTINGS NE
525 PM CDT WED NOV 1 2017

...CORRECTED TO PREVIOUS VERSION 11/01/2017 10:29AM DATA...

...................................

...THE HASTINGS NE CLIMATE SUMMARY FOR THE MONTH OF OCTOBER 2017...

CLIMATE NORMAL PERIOD 1981 TO 2010
CLIMATE RECORD PERIOD 1894 TO 2017

WEATHER         OBSERVED          NORMAL  DEPART  LAST YEAR`S
                 VALUE   DATE(S)  VALUE   FROM    VALUE  DATE(S)
                                          NORMAL
................................................................
TEMPERATURE (F)
RECORD
 HIGH              97   10/05/1947
 LOW                4   10/27/1997
HIGHEST            81   10/19        88      -7       82  10/15
LOWEST             17   10/28        22      -5       28  10/13
AVG. MAXIMUM     64.9              64.4     0.5     71.3
AVG. MINIMUM     40.8              40.9    -0.1     44.0
MEAN             52.9              52.6     0.3     57.6
DAYS MAX >= 90      0               0.4    -0.4        0
DAYS MAX <= 32      1               0.1     0.9        0
DAYS MIN <= 32      5               4.9     0.1        2
DAYS MIN <= 0       0               0.0     0.0        0

PRECIPITATION (INCHES)
RECORD
 MAXIMUM         6.16   2008
 MINIMUM         0.00   1988
                        1958
                        1952
TOTALS           4.69              1.99    2.70     0.22
DAILY AVG.       0.15              0.06    0.09     0.01
DAYS >= .01        10                MM      MM        3
DAYS >= .10         7                MM      MM        0
DAYS >= .50         4                MM      MM        0
DAYS >= 1.00        1                MM      MM        0
GREATEST
 24 HR. TOTAL    1.41   10/02 TO 10/02

SNOWFALL (INCHES)
RECORDS
 TOTAL           17.4   1997
TOTALS            0.2               1.0    -0.8      0.0
SINCE 7/1         0.2               1.2    -1.0      0.0
SNOWDEPTH AVG.      0                MM      MM        0
DAYS >= 1.0         0                MM      MM        0
GREATEST
 SNOW DEPTH         0   MM                             0  MM

DEGREE_DAYS
HEATING TOTAL     373               397     -24      230
 SINCE 7/1        429               493     -64      297
COOLING TOTAL       6                14      -8        9
 SINCE 1/1       1129              1077      52     1195
.................................................................

WIND (MPH)
AVERAGE WIND SPEED              11.7
HIGHEST WIND SPEED/DIRECTION    43/350    DATE  10/26
HIGHEST GUST SPEED/DIRECTION    62/010    DATE  10/26

SKY COVER
POSSIBLE SUNSHINE (PERCENT)   MM
AVERAGE SKY COVER           0.40
NUMBER OF DAYS FAIR           17
NUMBER OF DAYS PC              7
NUMBER OF DAYS CLOUDY          7

AVERAGE RH (PERCENT)     62

WEATHER CONDITIONS. NUMBER OF DAYS WITH
THUNDERSTORM              7     MIXED PRECIP               0
HEAVY RAIN                5     RAIN                       5
LIGHT RAIN               10     FREEZING RAIN              0
LT FREEZING RAIN          0     HAIL                       1
HEAVY SNOW                0     SNOW                       0
LIGHT SNOW                1     SLEET                      1
FOG                       9     FOG W/VIS <= 1/4 MILE      2
HAZE                      2

-  INDICATES NEGATIVE NUMBERS.
R  INDICATES RECORD WAS SET OR TIED.
MM INDICATES DATA IS MISSING.
T  INDICATES TRACE AMOUNT.

$$
REED
