000
CXUS53 KGID 101846 AAB
CLMHSI

CLIMATE REPORT...UPDATED
NATIONAL WEATHER SERVICE HASTINGS NE
146 PM CDT WED JUN 10 2015

UPDATED TO INCLUDE MONTHLY/SPRING SEASONAL RECAPS AT BOTTOM

...................................

...THE HASTINGS NE CLIMATE SUMMARY FOR THE MONTH OF MAY 2015...

CLIMATE NORMAL PERIOD 1981 TO 2010
CLIMATE RECORD PERIOD 1894 TO 2015

WEATHER         OBSERVED          NORMAL  DEPART  LAST YEAR`S
                 VALUE   DATE(S)  VALUE   FROM    VALUE  DATE(S)
                                          NORMAL
................................................................
TEMPERATURE (F)
RECORD
 HIGH             105   05/29/1934
 LOW               24   05/02/1909
                        05/03/1907
HIGHEST            91   05/03        90       1       91  05/28
                                                          05/19
LOWEST             36   05/12        37      -1       32  05/17
AVG. MAXIMUM     69.3              72.0    -2.7     75.2
AVG. MINIMUM     50.0              50.6    -0.6     50.3
MEAN             59.6              61.3    -1.7     62.7
DAYS MAX >= 90      1               0.6     0.4        2
DAYS MAX <= 32      0               0.0     0.0        0
DAYS MIN <= 32      0               0.1    -0.1        1
DAYS MIN <= 0       0               0.0     0.0        0

PRECIPITATION (INCHES)
RECORD
 MAXIMUM        12.47   1965
 MINIMUM         0.47   1934
TOTALS           3.86              4.57   -0.71     2.15
DAILY AVG.       0.12              0.15   -0.03     0.07
DAYS >= .01        18                MM      MM        7
DAYS >= .10         9                MM      MM        6
DAYS >= .50         3                MM      MM        1
DAYS >= 1.00        0                MM      MM        1
GREATEST
 24 HR. TOTAL    0.80   05/05 TO 05/06

SNOWFALL (INCHES)
RECORDS
 TOTAL            4.5   1967
TOTALS            0.0               0.0     0.0      0.0
SINCE 7/1        17.0              28.8   -11.8     21.7
SNOWDEPTH AVG.      0                MM      MM        0
DAYS >= 1.0         0                MM      MM        0
GREATEST
 SNOW DEPTH         0   MM                             0  MM

DEGREE_DAYS
HEATING TOTAL     184               169      15      174
 SINCE 7/1       5798              6008    -210     6317
COOLING TOTAL      27                54     -27      110
 SINCE 1/1         31                59     -28      118
.................................................................

WIND (MPH)
AVERAGE WIND SPEED              11.0
HIGHEST WIND SPEED/DIRECTION    33/290    DATE  05/17
HIGHEST GUST SPEED/DIRECTION    41/280    DATE  05/17

SKY COVER
POSSIBLE SUNSHINE (PERCENT)   MM
AVERAGE SKY COVER           0.50
NUMBER OF DAYS FAIR            9
NUMBER OF DAYS PC             15
NUMBER OF DAYS CLOUDY          7

AVERAGE RH (PERCENT)     71

WEATHER CONDITIONS. NUMBER OF DAYS WITH
THUNDERSTORM              9     MIXED PRECIP               0
HEAVY RAIN                3     RAIN                       9
LIGHT RAIN               21     FREEZING RAIN              0
LT FREEZING RAIN          0     HAIL                       0
HEAVY SNOW                0     SNOW                       0
LIGHT SNOW                0     SLEET                      0
FOG                      14     FOG W/VIS <= 1/4 MILE      2
HAZE                      4

-  INDICATES NEGATIVE NUMBERS.
R  INDICATES RECORD WAS SET OR TIED.
MM INDICATES DATA IS MISSING.
T  INDICATES TRACE AMOUNT.

&&

..MAY 2015 TOTALS/EXTREMES FOR HASTINGS MUNICIPAL AIRPORT...

(NOTE: TEMPERATURE RECORDS AT HASTINGS ARE BASED ON NWS COOPERATIVE
OBSERVER REPORTS BETWEEN 1907 AND JUNE 1996...WITH RECORDS SINCE
JULY 1996 FROM THE AUTOMATED SENSOR (ASOS) AT HASTINGS MUNICIPAL
AIRPORT. PRECIPITATION RECORDS AT HASTINGS ARE BASED ON COOPERATIVE
OBSERVER REPORTS BETWEEN 1895 AND MARCH 1998...WITH RECORDS SINCE
APRIL 1998 PRIMARILY FROM THE AUTOMATED AIRPORT GAUGE.)

...TEMPERATURES

1 DAILY TEMPERATURE RECORD SET DURING MAY 2015:
- MAY 3: RECORD HIGH OF 91 DEGREES (PREVIOUS 89 IN 1959)

AVERAGE HIGH TEMPERATURE:     69.3 DEGREES (2.7 BELOW NORMAL)
AVERAGE LOW TEMPERATURE:      50.0 DEGREES (0.6 BELOW NORMAL)
AVERAGE MEAN TEMPERATURE:     59.6 DEGREES (1.7 BELOW NORMAL)

WARMEST HIGH TEMPERATURE:      91 DEGREES ON THE 3RD
COOLEST HIGH TEMPERATURE:      47 DEGREES ON THE 19TH

COLDEST LOW TEMPERATURE:       36 DEGREES ON THE 12TH
WARMEST LOW TEMPERATURE:       60 DEGREES ON THE 2ND AND 28TH

WARMEST 2-DAY STRETCH BASED
ON AVERAGE HIGH TEMPERATURE:   88.5 DEGREES FROM THE 2ND-3RD

COLDEST 2-DAY STRETCH BASED
ON AVERAGE HIGH TEMPERATURE:   49.0 DEGREES FROM THE 19TH-20TH

WARMEST WEEK BASED
ON AVERAGE HIGH TEMPERATURE:   76.3 DEGREES FROM THE 1ST-7TH

WARMEST WEEK BASED
ON AVERAGE MEAN TEMPERATURE:   65.9 DEGREES FROM THE 1ST-7TH

COLDEST WEEK BASED
ON AVERAGE HIGH TEMPERATURE:   58.7 DEGREES FROM THE 18TH-24TH

COLDEST WEEK BASED
ON AVERAGE MEAN TEMPERATURE:   52.0 DEGREES FROM THE 18TH-24TH

COLDEST WEEK BASED
ON AVERAGE LOW TEMPERATURE:    44.6 DEGREES FROM THE 17TH-23RD
                                                      7TH-13TH

...PRECIPITATION/SNOWFALL

NO DAILY PRECIPITATION OR SNOWFALL RECORDS WERE SET DURING MAY 2015

TOTAL MONTHLY PRECIPITATION: 3.86 INCHES (0.71 BELOW NORMAL)
TOTAL MONTHLY SNOWFALL:       0.0 INCHES (MATCHES NORMAL)

NUMBER OF DAYS WITH MEASURABLE PRECIPITATION (0.01 OR MORE): 18

HIGHEST CALENDAR DAY PRECIPITATION:  0.78 INCHES ON THE 6TH
HIGHEST 2-DAY PRECIPITATION TOTAL:   1.05 INCHES ON THE 16TH-17TH


PRECIPITATION TOTALS AND DEPARTURES
FROM NORMAL FOR THE PAST 12 MONTHS:

MONTH          PRECIP.  DEPARTURE

JUN  2014       8.69      +4.89
JUL  2014       1.48      -2.26
AUG  2014       7.79      +4.49
SEP  2014       1.78      -0.78
OCT  2014       1.76      -0.23
NOV  2014       0.23      -1.06
DEC  2014       0.54      -0.07
JAN  2015       0.77      +0.36
FEB  2015       0.34      -0.15
MAR  2015       0.20      -1.59
APR  2015       3.55      +0.99
MAY  2015       3.86      -0.71

12-MONTH TOTAL  30.99     +3.88


...OTHER WEATHER ELEMENTS

HIGHEST WIND GUST: 41 MPH FROM THE WEST ON THE 17TH
(OCCURRED AT 655 PM CDT)

HIGH SURFACE SEA LEVEL PRESSURE: (INCHES/MERCURY) 30.38 ON THE 19TH
LOW SURFACE SEA LEVEL PRESSURE (INCHES/MERCURY):  29.55 ON THE 16TH

&&

...MAY 2015 NARRATIVE FOR HASTINGS MUNICIPAL AIRPORT...

ALTHOUGH THE MONTH AS A WHOLE AVERAGED SLIGHTLY BELOW NORMAL IN BOTH
THE TEMPERATURE AND PRECIPITATION DEPARTMENT...NEITHER CATEGORY
BREACHED THE TOP-20 COOLEST OR DRIEST BASED ON 119 YEARS OF
PRECIPITATION RECORDS AND 107 YEARS OF TEMPERATURE RECORDS.

LIKELY THE MOST NOTABLE "WEATHER NEWS" OF THE MONTH WAS THE
UNUSUALLY COLD TWO-DAY STRETCH THAT OCCURRED FROM THE 19TH-20TH:

- WITH DAILY HIGH TEMPERATURES OF (47,51) AND LOW TEMPERATURES OF
(40,40)...THE OVERALL AVERAGE TEMPERATURE FOR MAY 19-20 AT HASTINGS
MUNICIPAL AIRPORT WAS A CHILLY 44.5 DEGREES. THIS ACTUALLY RANKED AS
THE 3RD-COLDEST STRETCH ON RECORD OF TWO CONSECUTIVE DAYS THIS LATE
INTO THE SPRING. HERE ARE THE TOP-5 COLDEST (BASED ON AVERAGE
TEMPERATURE):

1) 41.3 DEGREES...MAY 19-20, 1915 (PART OF A 3-DAY COLD STRETCH)
2) 43.5 DEGREES...MAY 28-29, 1915
3) 44.5 DEGREES...MAY 19-20, 2015 (JUST OCCURRED)
4) 45.5 DEGREES...MAY 26-27, 1992
5) 46.0 DEGREES...MAY 20-21, 1931
(NOTE: UNFORTUNATELY HASTINGS HAD MISSING DATA FOR MAY 28, 1947
AND THUS THE LATE-MAY 1947 COLD SNAP COULD NOT BE INCLUDED IN THE
RANKINGS)

- ON THE MORNING OF THURSDAY MAY 21...THE LOW TEMPERATURE AT
HASTINGS MUNICIPAL AIRPORT BOTTOMED OUT AT 37 DEGREES. ALTHOUGH THIS
STAYED THREE DEGREES ABOVE THE RECORD LOW FOR THE DATE (34 SET IN
1931)...THIS STILL MARKED THE COLDEST LOW TEMPERATURE THIS LATE INTO
THE SPRING IN 47 YEARS...SINCE A LOW OF 35 ON MAY 21, 1968.

THE HIGHEST WIND GUSTS OF THE MONTH AT HASTINGS MUNICIPAL AIRPORT
WAS ONLY 41 MPH FROM THE WEST...WHICH OCCURRED DURING THE EARLY
EVENING OF THE 17TH.

&&

...METEOROLOGICAL-SPRING 2015 SEASONAL RECAP COVERING MARCH-MAY...

- AVERAGE MEAN TEMPERATURE:  52.4 DEGREES (1.8 ABOVE NORMAL)
- SPRING PRECIPITATION:       7.61 INCHES (1.31 BELOW NORMAL)
- SPRING SNOWFALL:             0.8 INCHES (5.6 BELOW NORMAL)

FOR THE METEOROLOGICAL SPRING SEASON OF MARCH...APRIL AND MAY AS A
WHOLE...IT WAS SLIGHTLY WARMER THAN NORMAL AND SLIGHTLY DRIER THAN
NORMAL. PRECIPITATION-WISE...HASTINGS RECEIVED 86 PERCENT OF NORMAL
SPRING PRECIPITATION...WITH THE MAIN CULPRIT TOWARD THE DRIER SPRING
BEING A VERY DRY MARCH THAT ONLY TALLIED 0.20 INCHES.

SNOWFALL-WISE...THE ONLY MEASURABLE AMOUNTS OF THE SPRING SEASON
CONSISTED OF A MINOR EVENT ON MARCH 3RD-4TH THAT TOTALED MERELY 0.8
INCHES. AS A RESULT...THE TOTAL SEASONAL SNOWFALL FOR THE 2014-2015
SEASON ENDED UP AS 17.0 INCHES...A NOTABLE 11.8 INCHES BELOW THE 30-
YEAR NORMAL. THIS RESULTED IN THE LEAST-SNOWY WINTER IN EIGHT
YEARS...SINCE THE 2006-07 SEASON ONLY TOTALED 15.6 INCHES.

$$

PFANNKUCH
