000
CXUS53 KAPX 010755
CLMHTL


CLIMATE REPORT
NATIONAL WEATHER SERVICE GAYLORD MI
354 AM EDT MON JUN 1 2015

...................................

...THE HOUGHTON LAKE MI CLIMATE SUMMARY FOR THE MONTH OF MAY 2015...

CLIMATE NORMAL PERIOD 1981 TO 2010
CLIMATE RECORD PERIOD 1913 TO 2015

WEATHER         OBSERVED          NORMAL  DEPART  LAST YEAR`S
                 VALUE   DATE(S)  VALUE   FROM    VALUE  DATE(S)
                                          NORMAL
................................................................
TEMPERATURE (F)
RECORD
 HIGH              96   05/31/1939
                        05/20/1921
 LOW               12   05/04/1926
HIGHEST            84   05/07        MM      MM       86  05/30
LOWEST             29   05/20        MM      MM       28  05/17
AVG. MAXIMUM     69.8              66.3     3.5     66.1
AVG. MINIMUM     44.4              41.5     2.9     43.5
MEAN             57.1              53.9     3.2     54.8
DAYS MAX >= 90      0               0.0     0.0        0
DAYS MAX <= 32      0               0.0     0.0        0
DAYS MIN <= 32      3               4.7    -1.7        4
DAYS MIN <= 0       0               0.0     0.0        0

PRECIPITATION (INCHES)
RECORD
 MAXIMUM           MM   MM
 MINIMUM           MM   MM
TOTALS           4.08              2.82    1.26     2.87
DAILY AVG.       0.13              0.09    0.04     0.09
DAYS >= .01        10              11.0    -1.0       14
DAYS >= .10         9               6.4     2.6        7
DAYS >= .50         3               2.0     1.0        3
DAYS >= 1.00        1               0.4     0.6        0
GREATEST
 24 HR. TOTAL    1.04   05/26 TO 05/26
                        05/25 TO 05/26
                        05/26 TO 05/26
 STORM TOTAL       MM
 (MM/DD(HH))            MM

SNOWFALL (INCHES)
RECORDS
 TOTAL             MM   MM
 24 HR TOTAL       MM
 SNOW DEPTH        MM   MM
TOTALS              T               0.1    -0.1        T
SINCE 7/1        44.2              66.6   -22.4     61.9
SNOWDEPTH AVG.      0                MM      MM        0
DAYS >= TRACE       1               0.2     0.8        1
DAYS >= 1.0         0               0.0     0.0        0
GREATEST
 SNOW DEPTH         0   MM                             0  MM
 24 HR TOTAL        T   05/19 TO 05/19                 T

DEGREE_DAYS
HEATING TOTAL     261               358     -97      324
 SINCE 7/1       8482              8019     463     8894
COOLING TOTAL      25                14      11       15
 SINCE 1/1         25                16       9       15
.................................................................

WIND (MPH)
AVERAGE WIND SPEED              8.0
HIGHEST WIND SPEED/DIRECTION    29/200    DATE  05/25
HIGHEST GUST SPEED/DIRECTION    36/200    DATE  05/25

SKY COVER
POSSIBLE SUNSHINE (PERCENT)   MM
AVERAGE SKY COVER           0.40
NUMBER OF DAYS FAIR           15
NUMBER OF DAYS PC              9
NUMBER OF DAYS CLOUDY          7

AVERAGE RH (PERCENT)     68

WEATHER CONDITIONS. NUMBER OF DAYS WITH
THUNDERSTORM              0     MIXED PRECIP               0
HEAVY RAIN                5     RAIN                      10
LIGHT RAIN               13     FREEZING RAIN              0
LT FREEZING RAIN          0     HAIL                       0
HEAVY SNOW                0     SNOW                       0
LIGHT SNOW                1     SLEET                      0
FOG                      16     FOG W/VIS <= 1/4 MILE      1
HAZE                      3

-  INDICATES NEGATIVE NUMBERS.
R  INDICATES RECORD WAS SET OR TIED.
MM INDICATES DATA IS MISSING.
T  INDICATES TRACE AMOUNT.

$$
