000
CXUS51 KRLX 090147
CLMHTS


CLIMATE REPORT
NATIONAL WEATHER SERVICE CHARLESTON WV
946 PM EDT WED JUL 8 2015

...................................

...THE HUNTINGTON CLIMATE SUMMARY FOR THE MONTH OF JUNE 2015...

CLIMATE NORMAL PERIOD 1981 TO 2010
CLIMATE RECORD PERIOD 1897 TO 2015

WEATHER         OBSERVED          NORMAL  DEPART  LAST YEAR`S
                 VALUE   DATE(S)  VALUE   FROM    VALUE  DATE(S)
                                          NORMAL
................................................................
TEMPERATURE (F)
RECORD
 HIGH             105   06/24/1930
 LOW               39   06/06/1945
HIGHEST            92   06/14        MM      MM       91  06/18
LOWEST             53   06/02        MM      MM       50  06/15
                        06/01                             06/07
AVG. MAXIMUM     83.6              82.8     0.8     83.2
AVG. MINIMUM     63.2              61.4     1.8     62.5
MEAN             73.4              72.1     1.3     72.8
DAYS MAX >= 90      7               3.4     3.6        3
DAYS MAX <= 32      0               0.0     0.0        0
DAYS MIN <= 32      0               0.0     0.0        0
DAYS MIN <= 0       0               0.0     0.0        0

PRECIPITATION (INCHES)
RECORD
 MAXIMUM         8.88   1946
 MINIMUM         0.41   1966
TOTALS           5.20              3.88    1.32     4.52
DAILY AVG.       0.17              0.13    0.04     0.15
DAYS >= .01        15              12.1     2.9       12
DAYS >= .10        10               8.0     2.0        7
DAYS >= .50         6               2.9     3.1        4
DAYS >= 1.00        1               0.7     0.3        1
GREATEST
 24 HR. TOTAL    1.08   06/17 TO 06/17              1.26

SNOWFALL (INCHES)
RECORDS
 TOTAL             MM   MM
TOTALS            0.0               0.0     0.0      0.0
SINCE 7/1        36.6              23.6    13.0     36.8
DAYS >= 1.0         0               0.0     0.0        0
GREATEST
 SNOW DEPTH         0   MM                             0  MM
 24 HR TOTAL      0.0   06/30 TO 06/30           06/30 TO 06/30
                                                          06/30 TO 06/30
                                                          06/30 TO 06/30

DEGREE_DAYS
HEATING TOTAL      14                12       2        0
 SINCE 7/1       4996              4512     484     4817
COOLING TOTAL     273               225      48      245
 SINCE 1/1        439               338     101      359
.................................................

WIND (MPH)
AVERAGE WIND SPEED              5.2
HIGHEST WIND SPEED/DIRECTION    25/340    DATE  06/30
HIGHEST GUST SPEED/DIRECTION    36/350    DATE  06/30

SKY COVER
POSSIBLE SUNSHINE (PERCENT)   MM
AVERAGE SKY COVER           0.40
NUMBER OF DAYS FAIR           16
NUMBER OF DAYS PC              9
NUMBER OF DAYS CLOUDY          5

AVERAGE RH (PERCENT)     75

WEATHER CONDITIONS. NUMBER OF DAYS WITH
THUNDERSTORM              0     MIXED PRECIP               0
HEAVY RAIN                8     RAIN                       7
LIGHT RAIN               17     FREEZING RAIN              0
LT FREEZING RAIN          0     HAIL                       0
HEAVY SNOW                0     SNOW                       0
LIGHT SNOW                0     SLEET                      0
FOG                      23     FOG W/VIS <= 1/4 MILE      2
HAZE                      8

-  INDICATES NEGATIVE NUMBERS.
R  INDICATES RECORD WAS SET OR TIED.
MM INDICATES DATA IS MISSING.
T  INDICATES TRACE AMOUNT.

$$
