000
CXUS51 KCAR 010809
CLMHUL


CLIMATE REPORT
NATIONAL WEATHER SERVICE CARIBOU, ME
408 AM EDT TUE SEP 1 2015

...................................

...THE HOULTON ME CLIMATE SUMMARY FOR THE MONTH OF AUGUST 2015...

CLIMATE NORMAL PERIOD 1981 TO 2010
CLIMATE RECORD PERIOD 1948 TO 2015

WEATHER         OBSERVED          NORMAL  DEPART  LAST YEAR`S
                 VALUE   DATE(S)  VALUE   FROM    VALUE  DATE(S)
                                          NORMAL
................................................................
TEMPERATURE (F)
RECORD
 HIGH              99   08/02/1975
 LOW               30   08/28/1978
                        08/25/1978
HIGHEST            90   08/18        MM      MM       88  08/25
LOWEST             43   08/10        MM      MM       45  08/29
AVG. MAXIMUM     79.3              75.9     3.4     76.6
AVG. MINIMUM     56.0              51.6     4.4     53.0
MEAN             67.6              63.8     3.8     64.8
DAYS MAX >= 90      1               0.5     0.5        0
DAYS MAX <= 32      0               0.0     0.0        0
DAYS MIN <= 32      0               0.0     0.0        0
DAYS MIN <= 0       0               0.0     0.0        0

PRECIPITATION (INCHES)
RECORD
 MAXIMUM           MM   MM
 MINIMUM           MM   MM
TOTALS           3.79                      0.11
DAILY AVG.       0.12              0.12    0.00     0.07
DAYS >= .01        11              11.5    -0.5       11
DAYS >= .10         7               6.7     0.3        4
DAYS >= .50         4               2.8     1.2        1
DAYS >= 1.00        1               0.7     0.3        1
GREATEST
 24 HR. TOTAL    1.27   08/25 TO 08/26           08/13 TO 08/14
                                                          08/14 TO 08/14
                                                          08/14 TO 08/14

SNOWFALL (INCHES)
RECORDS
 TOTAL             MM   MM
TOTALS            0.0               0.0     0.0       MM
SINCE 7/1         0.0               0.0     0.0       MM
SNOWDEPTH AVG.      0                MM      MM        0
DAYS >= 1.0         0               0.0     0.0        0
GREATEST
 SNOW DEPTH         0   MM                             0  MM
 24 HR TOTAL      0.0   08/11 TO 08/11                MM

DEGREE_DAYS
HEATING TOTAL      24                96     -72
.....................................................

WIND (MPH)
AVERAGE WIND SPEED              5.2
HIGHEST WIND SPEED/DIRECTION    24/310    DATE  08/01
HIGHEST GUST SPEED/DIRECTION    33/190    DATE  08/03

SKY COVER
POSSIBLE SUNSHINE (PERCENT)   MM
AVERAGE SKY COVER           0.40
NUMBER OF DAYS FAIR           15
NUMBER OF DAYS PC             12
NUMBER OF DAYS CLOUDY          4

AVERAGE RH (PERCENT)     74

WEATHER CONDITIONS. NUMBER OF DAYS WITH
THUNDERSTORM              0     MIXED PRECIP               0
HEAVY RAIN                4     RAIN                       6
LIGHT RAIN               11     FREEZING RAIN              0
LT FREEZING RAIN          0     HAIL                       0
HEAVY SNOW                0     SNOW                       0
LIGHT SNOW                0     SLEET                      0
FOG                      24     FOG W/VIS <= 1/4 MILE      4
HAZE                      2

-  INDICATES NEGATIVE NUMBERS.
R  INDICATES RECORD WAS SET OR TIED.
MM INDICATES DATA IS MISSING.
T  INDICATES TRACE AMOUNT.

$$
