000
CXUS53 KUNR 011614
CLMICR


CLIMATE REPORT
NATIONAL WEATHER SERVICE RAPID CITY SD
1014 AM MDT TUE AUG 1 2017

...................................

...THE WINNER REGIONAL AIRPORT SD CLIMATE SUMMARY FOR THE MONTH OF JULY 2017...

CLIMATE NORMAL PERIOD 1981 TO 2010
CLIMATE RECORD PERIOD 9999 TO 9999

WEATHER         OBSERVED          NORMAL  DEPART  LAST YEAR`S
                 VALUE   DATE(S)  VALUE   FROM    VALUE  DATE(S)
                                          NORMAL
................................................................
TEMPERATURE (F)
HIGHEST           112   07/09                        106  07/20
LOWEST             50   07/01                         50  07/01
AVG. MAXIMUM     98.2              88.2    10.0     90.5
AVG. MINIMUM     66.4              62.8     3.6     63.9
MEAN             82.3              75.5     6.8     77.2
DAYS MAX >= 90     29                                 16
DAYS MAX <= 32      0                                  0
DAYS MIN <= 32      0                                  0
DAYS MIN <= 0       0                                  0

PRECIPITATION (INCHES)
TOTALS           0.25              2.96   -2.71     2.47
DAILY AVG.       0.01              0.10   -0.09     0.08
DAYS >= .01         7                                 12
DAYS >= .10         0                                  8
DAYS >= .50         0                                  0
DAYS >= 1.00        0                                  0
GREATEST
 24 HR. TOTAL    0.07   07/17 TO 07/17              0.44

DEGREE_DAYS
HEATING TOTAL       0                 5      -5        1
 SINCE 7/1          0                 5      -5        1
COOLING TOTAL     526               331     195      386
 SINCE 1/1        784               506     278      719
.................................................................

WIND (MPH)
AVERAGE WIND SPEED              10.5
HIGHEST WIND SPEED/DIRECTION    43/200    DATE  07/24
HIGHEST GUST SPEED/DIRECTION    52/200    DATE  07/24

AVERAGE RH (PERCENT)     53

WEATHER CONDITIONS. NUMBER OF DAYS WITH
THUNDERSTORM              0     MIXED PRECIP               0
HEAVY RAIN                0     RAIN                       2
LIGHT RAIN                9     FREEZING RAIN              0
LT FREEZING RAIN          0     HAIL                       0
HEAVY SNOW                0     SNOW                       0
LIGHT SNOW                0     SLEET                      0
FOG                       3     FOG W/VIS <= 1/4 MILE      0
HAZE                      5

-  INDICATES NEGATIVE NUMBERS.
R  INDICATES RECORD WAS SET OR TIED.
MM INDICATES DATA IS MISSING.
T  INDICATES TRACE AMOUNT.

$$
