000
CXUS53 KUNR 011612
CLMICR


CLIMATE REPORT
NATIONAL WEATHER SERVICE RAPID CITY SD
1011 AM MDT THU JUN 1 2017

...................................

...THE WINNER REGIONAL AIRPORT SD CLIMATE SUMMARY FOR THE MONTH OF MAY 2017...

CLIMATE NORMAL PERIOD 1981 TO 2010
CLIMATE RECORD PERIOD 9999 TO 9999

WEATHER         OBSERVED          NORMAL  DEPART  LAST YEAR`S
                 VALUE   DATE(S)  VALUE   FROM    VALUE  DATE(S)
                                          NORMAL
................................................................
TEMPERATURE (F)
HIGHEST            91   05/07                         89  05/06
LOWEST             31   05/01                         31  05/14
AVG. MAXIMUM     71.7              69.9     1.8     72.5
AVG. MINIMUM     46.3              46.4    -0.1     47.9
MEAN             59.0              58.1     0.9     60.2
DAYS MAX >= 90      1                                  0
DAYS MAX <= 32      0                                  0
DAYS MIN <= 32      1                                  2
DAYS MIN <= 0       0                                  0

PRECIPITATION (INCHES)
TOTALS           3.03              3.44   -0.41     2.82
DAILY AVG.       0.10              0.11   -0.01     0.09
DAYS >= .01        10                                 10
DAYS >= .10         7                                  6
DAYS >= .50         2                                  1
DAYS >= 1.00        1                                  0
GREATEST
 24 HR. TOTAL    1.30   05/17 TO 05/17              0.85

DEGREE_DAYS
HEATING TOTAL     202               241     -39      178
 SINCE 7/1       5545              6645   -1100     5570
COOLING TOTAL      26                28      -2       38
 SINCE 1/1         28                30      -2       47
.................................................................

WIND (MPH)
AVERAGE WIND SPEED              11.6
HIGHEST WIND SPEED/DIRECTION    33/310    DATE  05/08
HIGHEST GUST SPEED/DIRECTION    45/310    DATE  05/08

AVERAGE RH (PERCENT)     59

WEATHER CONDITIONS. NUMBER OF DAYS WITH
THUNDERSTORM              0     MIXED PRECIP               0
HEAVY RAIN                3     RAIN                       4
LIGHT RAIN               15     FREEZING RAIN              0
LT FREEZING RAIN          0     HAIL                       0
HEAVY SNOW                0     SNOW                       0
LIGHT SNOW                0     SLEET                      0
FOG                       6     FOG W/VIS <= 1/4 MILE      0
HAZE                      0

-  INDICATES NEGATIVE NUMBERS.
R  INDICATES RECORD WAS SET OR TIED.
MM INDICATES DATA IS MISSING.
T  INDICATES TRACE AMOUNT.

$$
