000
CXUS53 KICT 011558
CLMICT


CLIMATE REPORT
NATIONAL WEATHER SERVICE WICHITA KS
1038 AM CDT WED OCT 1 2014

...................................

...THE WICHITA MID CONTINENT KS CLIMATE SUMMARY FOR THE MONTH OF SEPTEMBER 2014...

CLIMATE NORMAL PERIOD 1981 TO 2010
CLIMATE RECORD PERIOD 1888 TO 2014

WEATHER         OBSERVED          NORMAL  DEPART  LAST YEAR`S
                 VALUE   DATE(S)  VALUE   FROM    VALUE  DATE(S)
                                          NORMAL
................................................................
TEMPERATURE (F)
RECORD
 HIGH             108   09/02/2000
                        09/03/1947
 LOW               31   09/30/1984
HIGHEST            99   09/09                        101  09/08
                        09/04                             09/07
LOWEST             42   09/13                         46  09/29
AVG. MAXIMUM     85.6              82.5     3.1     87.8
AVG. MINIMUM     60.9              59.5     1.4     62.3
MEAN             73.3              71.0     2.3     75.1
DAYS MAX >= 90      8               7.0     1.0       13
DAYS MAX <= 32      0               0.0     0.0        0
DAYS MIN <= 32      0               0.0     0.0        0
DAYS MIN <= 0       0               0.0     0.0        0

PRECIPITATION (INCHES)
RECORD
 MAXIMUM        12.96   2008
 MINIMUM         0.03   1956
TOTALS           0.47              3.14   -2.67     2.03
DAILY AVG.       0.02              0.10   -0.08     0.07
DAYS >= .01         7               7.0     0.0        7
DAYS >= .10         2               4.5    -2.5        3
DAYS >= .50         0               1.8    -1.8        1
DAYS >= 1.00        0               0.8    -0.8        1
GREATEST
 24 HR. TOTAL    0.30   09/23 TO 09/24

SNOWFALL (INCHES)
RECORDS
 TOTAL              T   2010
TOTALS            0.0               0.0     0.0      0.0
SINCE 7/1         0.0               0.0     0.0      0.0
SNOWDEPTH AVG.      0                MM      MM        0
DAYS >= 1.0         0               0.0     0.0        0
GREATEST
 SNOW DEPTH         0   MM                             0  MM
 24 HR TOTAL      0.0   09/30 TO 09/30               0.0

DEGREE_DAYS
HEATING TOTAL      20                42     -22        4
 SINCE 7/1         21                43     -22        5
COOLING TOTAL     275               222      53      314
 SINCE 1/1       1771              1649     122     1727
.................................................................

WIND (MPH)
AVERAGE WIND SPEED              11.9
HIGHEST WIND SPEED/DIRECTION    37/190    DATE  09/09
HIGHEST GUST SPEED/DIRECTION    47/190    DATE  09/09

SKY COVER
POSSIBLE SUNSHINE (PERCENT)   MM
AVERAGE SKY COVER           0.50
NUMBER OF DAYS FAIR            7
NUMBER OF DAYS PC             21
NUMBER OF DAYS CLOUDY          2

AVERAGE RH (PERCENT)     61

WEATHER CONDITIONS. NUMBER OF DAYS WITH
THUNDERSTORM              5     MIXED PRECIP               0
HEAVY RAIN                2     RAIN                       1
LIGHT RAIN                8     FREEZING RAIN              0
LT FREEZING RAIN          0     HAIL                       0
HEAVY SNOW                0     SNOW                       0
LIGHT SNOW                0     SLEET                      0
FOG                       8     FOG W/VIS <= 1/4 MILE      0
HAZE                      5

-  INDICATES NEGATIVE NUMBERS.
R  INDICATES RECORD WAS SET OR TIED.
MM INDICATES DATA IS MISSING.
T  INDICATES TRACE AMOUNT.

$$
