000
CXUS53 KUNR 011612
CLMIEN


CLIMATE REPORT
NATIONAL WEATHER SERVICE RAPID CITY SD
1011 AM MDT THU JUN 1 2017

...................................

...THE PINE RIDGE SD CLIMATE SUMMARY FOR THE MONTH OF MAY 2017...

CLIMATE NORMAL PERIOD 1981 TO 2010
CLIMATE RECORD PERIOD 9999 TO 9999

WEATHER         OBSERVED          NORMAL  DEPART  LAST YEAR`S
                 VALUE   DATE(S)  VALUE   FROM    VALUE  DATE(S)
                                          NORMAL
................................................................
TEMPERATURE (F)
HIGHEST            87   05/06                         86  05/05
LOWEST             28   05/04                         25  05/02
AVG. MAXIMUM     68.5              69.8    -1.3     69.0
AVG. MINIMUM     41.7              41.5     0.2     38.6
MEAN             55.1              55.7    -0.6     53.8
DAYS MAX >= 90      0                                  0
DAYS MAX <= 32      0                                  0
DAYS MIN <= 32      5                                 10
DAYS MIN <= 0       0                                  0

PRECIPITATION (INCHES)
TOTALS           4.06              2.67    1.39     0.73
DAILY AVG.       0.13              0.09    0.04     0.02
DAYS >= .01        17                                  9
DAYS >= .10        11                                  3
DAYS >= .50         4                                  0
DAYS >= 1.00        0                                  0
GREATEST
 24 HR. TOTAL    0.93   05/10 TO 05/10              0.37

DEGREE_DAYS
HEATING TOTAL     315               307       8      349
 SINCE 7/1       6684              7127    -443     6481
COOLING TOTAL      15                17      -2        7
 SINCE 1/1         16                17      -1        8
.................................................................

WIND (MPH)
AVERAGE WIND SPEED              8.8
HIGHEST WIND SPEED/DIRECTION    37/180    DATE  05/13
HIGHEST GUST SPEED/DIRECTION    49/180    DATE  05/13

AVERAGE RH (PERCENT)     66

WEATHER CONDITIONS. NUMBER OF DAYS WITH
THUNDERSTORM              0     MIXED PRECIP               0
HEAVY RAIN                5     RAIN                       9
LIGHT RAIN               18     FREEZING RAIN              0
LT FREEZING RAIN          0     HAIL                       0
HEAVY SNOW                0     SNOW                       0
LIGHT SNOW                0     SLEET                      0
FOG                      15     FOG W/VIS <= 1/4 MILE      0
HAZE                      2

-  INDICATES NEGATIVE NUMBERS.
R  INDICATES RECORD WAS SET OR TIED.
MM INDICATES DATA IS MISSING.
T  INDICATES TRACE AMOUNT.

$$
