985
CXUS53 KIND 011510
CLMIND


CLIMATE REPORT
NATIONAL WEATHER SERVICE INDIANAPOLIS IN
1110 AM EDT WED NOV 1 2017

...................................

...THE INDIANAPOLIS IN CLIMATE SUMMARY FOR THE MONTH OF OCTOBER 2017...

CLIMATE NORMAL PERIOD 1981 TO 2010
CLIMATE RECORD PERIOD 1871 TO 2017

WEATHER         OBSERVED          NORMAL  DEPART  LAST YEAR`S
                 VALUE   DATE(S)  VALUE   FROM    VALUE  DATE(S)
                                          NORMAL
................................................................
TEMPERATURE (F)
RECORD
 HIGH              91   10/08/2007
 LOW               20   10/24/1981
                        10/28/1976
                        10/26/1962
HIGHEST            85   10/07                         84  10/06
LOWEST             29   10/30                         38  10/22
AVG. MAXIMUM     67.1              65.3     1.8     70.1
AVG. MINIMUM     49.4              44.7     4.7     51.4
MEAN             58.2              55.0     3.2     60.7
DAYS MAX >= 90      0               0.1    -0.1        0
DAYS MAX <= 32      0               0.0     0.0        0
DAYS MIN <= 32      3               2.3     0.7        0
DAYS MIN <= 0       0               0.0     0.0        0

PRECIPITATION (INCHES)
RECORD
 MAXIMUM         8.98   1919
 MINIMUM         0.17   1963
TOTALS           2.95              3.12   -0.17     1.96
DAILY AVG.       0.10              0.10    0.00     0.06
DAYS >= .01        10               8.6     1.4        8
DAYS >= .10         8               5.3     2.7        3
DAYS >= .50         2               2.1    -0.1        2
DAYS >= 1.00        0               0.8    -0.8        1
GREATEST
 24 HR. TOTAL    0.73   10/05 TO 10/05

SNOWFALL (INCHES)
RECORDS
 TOTAL            9.3   1989
 SNOW DEPTH         2   10/19/1989
TOTALS              T               0.4    -0.4      0.0
SINCE 7/1           T               0.4    -0.4        T
SNOWDEPTH AVG.      0
DAYS >= 1.0         0               0.1    -0.1        0
DAYS >= 0.1         0                                  0
GREATEST
 SNOW DEPTH         0   MM                             0  MM
 24 HR TOTAL        T   10/27 TO 10/27               0.0  MM

DEGREE_DAYS
HEATING TOTAL     251               326     -75      170
 SINCE 7/1        280               401    -121      190
COOLING TOTAL      47                16      31       45
 SINCE 1/1       1164              1065      99     1438
.................................................

WIND (MPH)
AVERAGE WIND SPEED              9.0
HIGHEST WIND SPEED/DIRECTION    35/250    DATE  10/15
HIGHEST GUST SPEED/DIRECTION    43/290    DATE  10/07

SKY COVER
POSSIBLE SUNSHINE (PERCENT)   MM
AVERAGE SKY COVER           0.60
NUMBER OF DAYS FAIR            6
NUMBER OF DAYS PC             12
NUMBER OF DAYS CLOUDY         13

AVERAGE RH (PERCENT)     73

WEATHER CONDITIONS. NUMBER OF DAYS WITH
THUNDERSTORM              1     MIXED PRECIP               0
HEAVY RAIN                2     RAIN                       5
LIGHT RAIN               15     FREEZING RAIN              0
LT FREEZING RAIN          0     HAIL                       0
HEAVY SNOW                0     SNOW                       0
LIGHT SNOW                0     SLEET                      1
FOG                      13     FOG W/VIS <= 1/4 MILE      2
HAZE                      2

-  INDICATES NEGATIVE NUMBERS.
R  INDICATES RECORD WAS SET OR TIED.
MM INDICATES DATA IS MISSING.
T  INDICATES TRACE AMOUNT.

$$
