000
CXUS53 KIND 011517
CLMIND


CLIMATE REPORT
NATIONAL WEATHER SERVICE INDIANAPOLIS IN
1111 AM EDT FRI SEP 1 2017

...................................

...THE INDIANAPOLIS IN CLIMATE SUMMARY FOR THE MONTH OF AUGUST 2017...

CLIMATE NORMAL PERIOD 1981 TO 2010
CLIMATE RECORD PERIOD 1871 TO 2017

WEATHER         OBSERVED          NORMAL  DEPART  LAST YEAR`S
                 VALUE   DATE(S)  VALUE   FROM    VALUE  DATE(S)
                                          NORMAL
................................................................
TEMPERATURE (F)
RECORD
 HIGH             103   08/05/1918
 LOW               41   08/29/1965
HIGHEST            91   08/20                         93  08/11
LOWEST             54   08/05                         58  08/22
AVG. MAXIMUM     82.9              84.0    -1.1     86.2
AVG. MINIMUM     63.2              64.4    -1.2     70.1
MEAN             73.0              74.2    -1.2     78.2
DAYS MAX >= 90      2               5.0    -3.0       12
DAYS MAX <= 32      0               0.0     0.0        0
DAYS MIN <= 32      0               0.0     0.0        0
DAYS MIN <= 0       0               0.0     0.0        0

PRECIPITATION (INCHES)
RECORD
 MAXIMUM         8.34   1980
 MINIMUM         0.37   2010
TOTALS           1.77              3.13   -1.36     7.32
DAILY AVG.       0.06              0.10   -0.04     0.24
DAYS >= .01         9               8.5     0.5       10
DAYS >= .10         3               5.4    -2.4        9
DAYS >= .50         1               2.3    -1.3        7
DAYS >= 1.00        1               0.9     0.1        2
GREATEST
 24 HR. TOTAL    1.27   08/28 TO 08/28

SNOWFALL (INCHES)
RECORDS
 TOTAL              T   2000
                        1989
 SNOW DEPTH        MM   MM
TOTALS            0.0               0.0     0.0      0.0
SINCE 7/1         0.0               0.0     0.0      0.0
SNOWDEPTH AVG.      0
DAYS >= 1.0         0               0.0     0.0        0
DAYS >= 0.1         0                                  0
GREATEST
 SNOW DEPTH         0   MM                             0  MM
 24 HR TOTAL      0.0   MM                           0.0  MM

DEGREE_DAYS
HEATING TOTAL       0                 3      -3        0
 SINCE 7/1          0                 4      -4        2
COOLING TOTAL     257               288     -31      416
 SINCE 1/1        940               921      19     1180
........................................................

WIND (MPH)
AVERAGE WIND SPEED              7.3
HIGHEST WIND SPEED/DIRECTION    32/010    DATE  08/28
HIGHEST GUST SPEED/DIRECTION    54/310    DATE  08/28

SKY COVER
POSSIBLE SUNSHINE (PERCENT)   MM
AVERAGE SKY COVER           0.60
NUMBER OF DAYS FAIR            5
NUMBER OF DAYS PC             19
NUMBER OF DAYS CLOUDY          7

AVERAGE RH (PERCENT)     67

WEATHER CONDITIONS. NUMBER OF DAYS WITH
THUNDERSTORM              8     MIXED PRECIP               0
HEAVY RAIN                2     RAIN                       2
LIGHT RAIN               13     FREEZING RAIN              0
LT FREEZING RAIN          0     HAIL                       0
HEAVY SNOW                0     SNOW                       0
LIGHT SNOW                0     SLEET                      0
FOG                      10     FOG W/VIS <= 1/4 MILE      0
HAZE                      2

-  INDICATES NEGATIVE NUMBERS.
R  INDICATES RECORD WAS SET OR TIED.
MM INDICATES DATA IS MISSING.
T  INDICATES TRACE AMOUNT.

$$
