000
CXUS53 KIND 011513
CLMIND


CLIMATE REPORT
NATIONAL WEATHER SERVICE INDIANAPOLIS IN
1113 AM EDT FRI AUG 1 2014

...................................

...THE INDIANAPOLIS IN CLIMATE SUMMARY FOR THE MONTH OF JULY 2014...

CLIMATE NORMAL PERIOD 1981 TO 2010
CLIMATE RECORD PERIOD 1871 TO 2014

WEATHER         OBSERVED          NORMAL  DEPART  LAST YEAR`S
                 VALUE   DATE(S)  VALUE   FROM    VALUE  DATE(S)
                                          NORMAL
................................................................
TEMPERATURE (F)
RECORD
 HIGH             106   07/14/1936
                        07/21/1934
                        07/22/1901
 LOW               46   07/23/1947
                        07/21/1944
HIGHEST            88   07/22                         93  07/18
                                                          07/17
                                                          07/16
LOWEST             52   07/29                         51  07/28
AVG. MAXIMUM     79.3              85.0    -5.7     82.4
AVG. MINIMUM     60.9              65.8    -4.9     65.4
MEAN             70.1              75.4    -5.3     73.9
DAYS MAX >= 90      0               5.2    -5.2        5
DAYS MAX <= 32      0               0.0     0.0        0
DAYS MIN <= 32      0               0.0     0.0        0
DAYS MIN <= 0       0               0.0     0.0        0

PRECIPITATION (INCHES)
RECORD
 MAXIMUM        13.12   1875
 MINIMUM         0.47   2011
TOTALS           3.10              4.55   -1.45     3.29
DAILY AVG.       0.10              0.15   -0.05     0.11
DAYS >= .01        10              10.5    -0.5       12
DAYS >= .10         7               7.0     0.0        6
DAYS >= .50         1               3.0    -2.0        3
DAYS >= 1.00        1               1.4    -0.4        0
GREATEST
 24 HR. TOTAL    1.61   07/23 TO 07/23

SNOWFALL (INCHES)
RECORDS
 TOTAL             MM   MM
 SNOW DEPTH        MM   MM
TOTALS            0.0               0.0     0.0      0.0
SINCE 7/1         0.0               0.0     0.0      0.0
SNOWDEPTH AVG.      0
DAYS >= 1.0         0               0.0     0.0        0
DAYS >= 0.1         0                                  0
GREATEST
 SNOW DEPTH         0   MM                             0  MM
 24 HR TOTAL      0.0   MM                           0.0  MM

DEGREE_DAYS
HEATING TOTAL       4                 1       3        3
 SINCE 7/1          4                 1       3        3
COOLING TOTAL     172               323    -151      285
 SINCE 1/1        514               633    -119      640
.................................................

WIND (MPH)
AVERAGE WIND SPEED              8.1
HIGHEST WIND SPEED/DIRECTION    49/330    DATE  07/01
HIGHEST GUST SPEED/DIRECTION    71/310    DATE  07/01

SKY COVER
POSSIBLE SUNSHINE (PERCENT)   MM
AVERAGE SKY COVER           0.50
NUMBER OF DAYS FAIR            9
NUMBER OF DAYS PC             15
NUMBER OF DAYS CLOUDY          6

AVERAGE RH (PERCENT)     71

WEATHER CONDITIONS. NUMBER OF DAYS WITH
THUNDERSTORM              9     MIXED PRECIP               0
HEAVY RAIN                2     RAIN                       5
LIGHT RAIN               13     FREEZING RAIN              0
LT FREEZING RAIN          0     HAIL                       0
HEAVY SNOW                0     SNOW                       0
LIGHT SNOW                0     SLEET                      0
FOG                      13     FOG W/VIS <= 1/4 MILE      0
HAZE                      6

-  INDICATES NEGATIVE NUMBERS.
R  INDICATES RECORD WAS SET OR TIED.
MM INDICATES DATA IS MISSING.
T  INDICATES TRACE AMOUNT.

&&

RECORD COLDEST JULY

$$
