391
CXUS55 KFGZ 012046
CLMINW


CLIMATE REPORT
NATIONAL WEATHER SERVICE FLAGSTAFF, AZ
146 PM MST THU DEC 1 2016

...................................

...THE WINSLOW AZ AIRPORT CLIMATE SUMMARY FOR THE MONTH OF NOVEMBER 2016...

CLIMATE NORMAL PERIOD 1981 TO 2010
CLIMATE RECORD PERIOD 1915 TO 2016

WEATHER         OBSERVED          NORMAL  DEPART  LAST YEAR`S
                 VALUE   DATE(S)  VALUE   FROM    VALUE  DATE(S)
                                          NORMAL
................................................................
TEMPERATURE (F)
RECORD
 HIGH              82   11/05/2009
 LOW               -9   11/29/1919
HIGHEST            75                                 77  11/02
LOWEST             15                                 13  11/30
AVG. MAXIMUM     61.4              60.1     1.3     57.7
AVG. MINIMUM     31.3              27.9     3.4     26.3
MEAN             46.3              44.0     2.3     42.0
DAYS MAX >= 90      0               0.0     0.0        0
DAYS MAX <= 32      0               0.0     0.0        0
DAYS MIN <= 32     17              21.4    -4.4       23
DAYS MIN <= 0       0               0.0     0.0        0

PRECIPITATION (INCHES)
RECORD
 MAXIMUM         2.54   2013
 MINIMUM         0.00   1999
TOTALS           1.04              0.51    0.53     0.39
DAILY AVG.       0.03              0.02    0.01     0.01
DAYS >= .01         4               3.4     0.6        4
DAYS >= .10         3               1.5     1.5        1
DAYS >= .50         1               0.2     0.8        0
DAYS >= 1.00        0               0.0     0.0        0
GREATEST
 24 HR. TOTAL    0.80   11/03 TO 11/04              0.30

DEGREE_DAYS
HEATING TOTAL     552               630     -78      682
 SINCE 7/1        691               936    -245      863
COOLING TOTAL       0                 0       0        0
 SINCE 1/1       1278              1208      70     1316
.................................................................

WIND (MPH)
AVERAGE WIND SPEED              5.9
HIGHEST WIND SPEED/DIRECTION    40/210    DATE  11/21
HIGHEST GUST SPEED/DIRECTION    52/220    DATE  11/21

SKY COVER
POSSIBLE SUNSHINE (PERCENT)   MM
AVERAGE SKY COVER           0.10
NUMBER OF DAYS FAIR           24
NUMBER OF DAYS PC              5
NUMBER OF DAYS CLOUDY          1

AVERAGE RH (PERCENT)     59

WEATHER CONDITIONS. NUMBER OF DAYS WITH
THUNDERSTORM              0     MIXED PRECIP               0
HEAVY RAIN                2     RAIN                       3
LIGHT RAIN                4     FREEZING RAIN              0
LT FREEZING RAIN          0     HAIL                       0
HEAVY SNOW                0     SNOW                       0
LIGHT SNOW                1     SLEET                      0
FOG                       5     FOG W/VIS <= 1/4 MILE      0
HAZE                      3

-  INDICATES NEGATIVE NUMBERS.
R  INDICATES RECORD WAS SET OR TIED.
MM INDICATES DATA IS MISSING.
T  INDICATES TRACE AMOUNT.

$$
