000
CXUS55 KFGZ 011409
CLMINW


CLIMATE REPORT
NATIONAL WEATHER SERVICE FLAGSTAFF, AZ
708 AM MST FRI JUL 1 2016

...................................

...THE WINSLOW AZ AIRPORT CLIMATE SUMMARY FOR THE MONTH OF JUNE 2016...

CLIMATE NORMAL PERIOD 1981 TO 2010
CLIMATE RECORD PERIOD 1915 TO 2016

WEATHER         OBSERVED          NORMAL  DEPART  LAST YEAR`S
                 VALUE   DATE(S)  VALUE   FROM    VALUE  DATE(S)
                                          NORMAL
................................................................
TEMPERATURE (F)
RECORD
 HIGH             108   06/20/2016
 LOW               29   06/01/1919
HIGHEST           108R                               104  06/27
                                                          06/26
LOWEST             47                                 43  06/04
                                                          06/03
AVG. MAXIMUM     97.0              91.6     5.4     94.4
AVG. MINIMUM     58.4              53.8     4.6     57.3
MEAN             77.7              72.7     5.0     75.8
DAYS MAX >= 90     28              18.9     9.1       22
DAYS MAX <= 32      0               0.0     0.0        0
DAYS MIN <= 32      0               0.0     0.0        0
DAYS MIN <= 0       0               0.0     0.0        0

PRECIPITATION (INCHES)
RECORD
 MAXIMUM         3.70   1927
 MINIMUM         0.00   2014
                        1993
TOTALS           0.01              0.18   -0.17     0.90
DAILY AVG.       0.00              0.01   -0.01     0.03
DAYS >= .01         1               1.9    -0.9        5
DAYS >= .10         0               0.6    -0.6        3
DAYS >= .50         0               0.0     0.0        0
DAYS >= 1.00        0               0.0     0.0        0
GREATEST
 24 HR. TOTAL    0.01   06/30 TO 06/30              0.43

DEGREE_DAYS
HEATING TOTAL       0                10     -10        1
 SINCE 7/1       4253              4497    -244     3829
COOLING TOTAL     389               241     148      334
 SINCE 1/1        406               308      98      353
.................................................................

WIND (MPH)
AVERAGE WIND SPEED              9.2
HIGHEST WIND SPEED/DIRECTION    43/170    DATE  06/10
HIGHEST GUST SPEED/DIRECTION    51/170    DATE  06/10

SKY COVER
POSSIBLE SUNSHINE (PERCENT)   MM
AVERAGE SKY COVER           0.00
NUMBER OF DAYS FAIR           29
NUMBER OF DAYS PC              1
NUMBER OF DAYS CLOUDY          0

AVERAGE RH (PERCENT)     23

WEATHER CONDITIONS. NUMBER OF DAYS WITH
THUNDERSTORM              0     MIXED PRECIP               0
HEAVY RAIN                0     RAIN                       0
LIGHT RAIN                2     FREEZING RAIN              0
LT FREEZING RAIN          0     HAIL                       0
HEAVY SNOW                0     SNOW                       0
LIGHT SNOW                0     SLEET                      0
FOG                       0     FOG W/VIS <= 1/4 MILE      0
HAZE                     13

-  INDICATES NEGATIVE NUMBERS.
R  INDICATES RECORD WAS SET OR TIED.
MM INDICATES DATA IS MISSING.
T  INDICATES TRACE AMOUNT.

$$
