000
CXUS53 KBIS 021327
CLMISN


CLIMATE REPORT
NATIONAL WEATHER SERVICE BISMARCK ND
817 AM CDT WED SEP 2 2015

...................................

...THE WILLISTON ND CLIMATE SUMMARY FOR THE MONTH OF AUGUST 2015...

CLIMATE NORMAL PERIOD 1981 TO 2010
CLIMATE RECORD PERIOD 1894 TO 2015

WEATHER         OBSERVED          NORMAL  DEPART  LAST YEAR`S
                 VALUE   DATE(S)  VALUE   FROM    VALUE  DATE(S)
                                          NORMAL
................................................................
TEMPERATURE (F)
RECORD
 HIGH             108   10/07/5881
                        10/07/5881
                        10/07/5881
 LOW               32   10/07/5881
                        10/07/5881
                        10/07/5881
HIGHEST           104   08/14                         95  08/12
LOWEST             38   08/24                         39  08/26
AVG. MAXIMUM     86.8              83.8     3.0     81.1
AVG. MINIMUM     54.4              53.9     0.5     57.3
MEAN             70.6              68.9     1.7     69.2
DAYS MAX >= 90     13               8.6     4.4        6
DAYS MAX <= 32      0               0.0     0.0        0
DAYS MIN <= 32      0               0.0     0.0        0
DAYS MIN <= 0       0               0.0     0.0        0

PRECIPITATION (INCHES)
RECORD
 MAXIMUM         5.06   1947
 MINIMUM         0.03   2001
TOTALS           0.89              1.45   -0.56     2.24
DAILY AVG.       0.03              0.05   -0.02     0.07
DAYS >= .01         4               8.2    -4.2       13
DAYS >= .10         3               3.2    -0.2        7
DAYS >= .50         1               0.7     0.3        1
DAYS >= 1.00        0               0.2    -0.2        1
GREATEST
 24 HR. TOTAL    0.55   08/22 TO 08/22              1.16

DEGREE_DAYS
COOLING TOTAL     211               166      45
 SINCE 1/1        562               429     133
.................................................................

WIND (MPH)
HIGHEST WIND SPEED/DIRECTION    38/330    DATE  08/22
HIGHEST GUST SPEED/DIRECTION    51/320    DATE  08/22

SKY COVER
POSSIBLE SUNSHINE (PERCENT)    0
NUMBER OF DAYS FAIR           29
NUMBER OF DAYS PC              1
NUMBER OF DAYS CLOUDY          1


WEATHER CONDITIONS. NUMBER OF DAYS WITH
THUNDERSTORM              0     MIXED PRECIP               0
HEAVY RAIN                1     RAIN                       1
LIGHT RAIN                8     FREEZING RAIN              0
LT FREEZING RAIN          0     HAIL                       0
HEAVY SNOW                0     SNOW                       0
LIGHT SNOW                0     SLEET                      0
FOG                       5     FOG W/VIS <= 1/4 MILE      1
HAZE                      6

-  INDICATES NEGATIVE NUMBERS.
R  INDICATES RECORD WAS SET OR TIED.
MM INDICATES DATA IS MISSING.
T  INDICATES TRACE AMOUNT.

$$
