474
CXUS53 KBIS 011700
CLMISN

CLIMATE REPORT
NATIONAL WEATHER SERVICE BISMARCK ND
1036 AM CST THU DEC 1 2016

...................................

...THE WILLISTON ND CLIMATE SUMMARY FOR THE MONTH OF NOVEMBER 2016...

CLIMATE NORMAL PERIOD 1981 TO 2010
CLIMATE RECORD PERIOD 1894 TO 2016

WEATHER         OBSERVED          NORMAL  DEPART  LAST YEAR`S
                 VALUE   DATE(S)  VALUE   FROM    VALUE  DATE(S)
                                          NORMAL
................................................................
TEMPERATURE (F)
RECORD
 HIGH              76   11/07/1999
 LOW              -27   11/24/1996
HIGHEST            70   11/04                         64  11/15
                                                          11/01
LOWEST              9   11/19                         -5  11/26
AVG. MAXIMUM     50.0              37.9    12.1     41.9
AVG. MINIMUM     26.6              16.4    10.2     19.7
MEAN             38.3              27.1    11.2     30.8
DAYS MAX >= 90      0               0.0     0.0        0
DAYS MAX <= 32      4               9.4    -5.4        7
DAYS MIN <= 32     28              28.1    -0.1       26
DAYS MIN <= 0       0               2.9    -2.9        3

PRECIPITATION (INCHES)
RECORD
 MAXIMUM         3.31   2000
 MINIMUM            T   1928
                        1949
TOTALS           0.24              0.65   -0.41     0.36
DAILY AVG.       0.01              0.02   -0.01     0.01
DAYS >= .01         4               6.7    -2.7        5
DAYS >= .10         1               1.6    -0.6        1
DAYS >= .50         0               0.1    -0.1        0
DAYS >= 1.00        0               0.1    -0.1        0
GREATEST
 24 HR. TOTAL    0.57   10/31 TO 11/01              0.23

DEGREE_DAYS
HEATING TOTAL     796              1135    -339
 SINCE 7/1       1579              2162    -583
.................................................................

WIND (MPH)
HIGHEST WIND SPEED/DIRECTION    35/330    DATE  11/29
HIGHEST GUST SPEED/DIRECTION    42/330    DATE  11/29

SKY COVER
POSSIBLE SUNSHINE (PERCENT)   MM
NUMBER OF DAYS FAIR           19
NUMBER OF DAYS PC              6
NUMBER OF DAYS CLOUDY          5


WEATHER CONDITIONS. NUMBER OF DAYS WITH
THUNDERSTORM              0     MIXED PRECIP               0
HEAVY RAIN                0     RAIN                       0
LIGHT RAIN                1     FREEZING RAIN              0
LT FREEZING RAIN          0     HAIL                       0
HEAVY SNOW                0     SNOW                       1
LIGHT SNOW                4     SLEET                      0
FOG                       9     FOG W/VIS <= 1/4 MILE      1
HAZE                      3

-  INDICATES NEGATIVE NUMBERS.
R  INDICATES RECORD WAS SET OR TIED.
MM INDICATES DATA IS MISSING.
T  INDICATES TRACE AMOUNT.

$$
